60.240.195.129 - - [31/Aug/2009:22:04:27 -0700] "GET / HTTP/1.1" 200 916 "-" "Mozilla/4.0 (compatible; MSIE 7.0; Windows NT 5.1; Embedded Web Browser from: http://bsalsa.com/; .NET CLR 1.1.4322; .NET CLR 2.0.50727)" "www.peaceyoga.com"
60.240.195.129 - - [31/Aug/2009:22:04:28 -0700] "GET /favicon.ico HTTP/1.1" 404 275 "-" "Mozilla/4.0 (compatible; MSIE 7.0; Windows NT 5.1; Embedded Web Browser from: http://bsalsa.com/; .NET CLR 1.1.4322; .NET CLR 2.0.50727)" "www.peaceyoga.com"
93.158.145.27 - - [01/Sep/2009:06:17:16 -0700] "GET / HTTP/1.1" 200 916 "-" "Yandex/1.01.001 (compatible; Win16; I)" "www.peaceyoga.com"
174.129.154.173 - - [01/Sep/2009:19:09:07 -0700] "GET / HTTP/1.1" 200 916 "-" "Mozilla/4.0 (compatible; MSIE 6.0; Windows NT 5.0; .NET CLR 1.0.3705)" "peaceyoga.com"
137.53.241.9 - - [02/Sep/2009:07:33:15 -0700] "GET / HTTP/1.1" 200 916 "http://www.google.com/search?source=ig&hl=en&rlz=1G1GGLQ_ENUS271&=&q=peaceyoga.com&aq=f&oq=&aqi=" "Mozilla/5.0 (Windows; U; Windows NT 5.1; en-US; rv:1.9.0.13) Gecko/2009073022 Firefox/3.0.13 (.NET CLR 3.5.30729)" "peaceyoga.com"
137.53.241.9 - - [02/Sep/2009:07:33:15 -0700] "GET /favicon.ico HTTP/1.1" 404 275 "-" "Mozilla/5.0 (Windows; U; Windows NT 5.1; en-US; rv:1.9.0.13) Gecko/2009073022 Firefox/3.0.13 (.NET CLR 3.5.30729)" "peaceyoga.com"
137.53.241.9 - - [02/Sep/2009:07:33:20 -0700] "GET /logs/access_081002.log HTTP/1.1" 200 3570 "http://www.google.com/search?source=ig&hl=en&rlz=1G1GGLQ_ENUS271&=&q=peaceyoga.com&aq=f&oq=&aqi=" "Mozilla/5.0 (Windows; U; Windows NT 5.1; en-US; rv:1.9.0.13) Gecko/2009073022 Firefox/3.0.13 (.NET CLR 3.5.30729)" "www.peaceyoga.com"
137.53.241.9 - - [02/Sep/2009:07:33:20 -0700] "GET /favicon.ico HTTP/1.1" 404 275 "-" "Mozilla/5.0 (Windows; U; Windows NT 5.1; en-US; rv:1.9.0.13) Gecko/2009073022 Firefox/3.0.13 (.NET CLR 3.5.30729)" "www.peaceyoga.com"
74.6.8.115 - - [02/Sep/2009:15:00:34 -0700] "GET /logs/?S=A HTTP/1.0" 200 4360 "-" "Mozilla/5.0 (compatible; Yahoo! Slurp/3.0; http://help.yahoo.com/help/us/ysearch/slurp)" "www.peaceyoga.com"
76.127.155.115 - - [02/Sep/2009:17:10:52 -0700] "GET / HTTP/1.1" 200 916 "-" "Mozilla/4.0 (compatible; MSIE 8.0; Windows NT 5.1; Trident/4.0)" "www.peaceyoga.com"
76.127.155.115 - - [02/Sep/2009:17:10:53 -0700] "GET /favicon.ico HTTP/1.1" 404 275 "-" "Mozilla/4.0 (compatible; MSIE 8.0; Windows NT 5.1; Trident/4.0)" "www.peaceyoga.com"
76.127.155.115 - - [02/Sep/2009:17:11:18 -0700] "GET /favicon.ico HTTP/1.1" 404 275 "-" "Mozilla/4.0 (compatible; MSIE 8.0; Windows NT 5.1; Trident/4.0)" "www.peaceyoga.com"
74.6.8.115 - - [02/Sep/2009:23:35:31 -0700] "GET / HTTP/1.0" 200 900 "-" "Mozilla/5.0 (compatible; Yahoo! Slurp/3.0; http://help.yahoo.com/help/us/ysearch/slurp)" "www.peaceyoga.com"
121.121.69.105 - - [03/Sep/2009:07:34:23 -0700] "GET / HTTP/1.1" 200 916 "-" "Mozilla/5.0 (Windows; U; Windows NT 5.1; en-US; rv:1.9.1.2) Gecko/20090729 Firefox/3.5.2" "peaceyoga.com"
121.121.69.105 - - [03/Sep/2009:07:34:30 -0700] "GET /favicon.ico HTTP/1.1" 404 275 "-" "Mozilla/5.0 (Windows; U; Windows NT 5.1; en-US; rv:1.9.1.2) Gecko/20090729 Firefox/3.5.2" "peaceyoga.com"
121.121.69.105 - - [03/Sep/2009:07:34:35 -0700] "GET /favicon.ico HTTP/1.1" 404 275 "-" "Mozilla/5.0 (Windows; U; Windows NT 5.1; en-US; rv:1.9.1.2) Gecko/20090729 Firefox/3.5.2" "peaceyoga.com"
64.178.149.253 - - [03/Sep/2009:09:45:20 -0700] "GET / HTTP/1.1" 200 916 "-" "Mozilla/4.0 (compatible; MSIE 7.0; Windows NT 5.1; .NET CLR 1.1.4322; .NET CLR 2.0.50727; .NET CLR 3.0.4506.2152; .NET CLR 3.5.30729)" "www.peaceyoga.com"
64.178.149.253 - - [03/Sep/2009:09:45:21 -0700] "GET /favicon.ico HTTP/1.1" 404 275 "-" "Mozilla/4.0 (compatible; MSIE 7.0; Windows NT 5.1; .NET CLR 1.1.4322; .NET CLR 2.0.50727; .NET CLR 3.0.4506.2152; .NET CLR 3.5.30729)" "www.peaceyoga.com"
69.58.178.27 - - [03/Sep/2009:09:52:32 -0700] "GET /robots.txt HTTP/1.1" 404 275 "-" "Mozilla/5.0 (X11; U; Linux i686; en-US; rv:1.7.12; ips-agent) Gecko/20050922 Fedora/1.0.7-1.1.fc4 Firefox/1.0.7" "www.peaceyoga.com"
69.58.178.27 - - [03/Sep/2009:09:52:34 -0700] "GET / HTTP/1.1" 200 916 "-" "Mozilla/5.0 (X11; U; Linux i686; en-US; rv:1.7.12; ips-agent) Gecko/20050922 Fedora/1.0.7-1.1.fc4 Firefox/1.0.7" "www.peaceyoga.com"
69.58.178.27 - - [03/Sep/2009:09:52:36 -0700] "GET /?M=A HTTP/1.1" 200 916 "-" "Mozilla/5.0 (X11; U; Linux i686; en-US; rv:1.7.12; ips-agent) Gecko/20050922 Fedora/1.0.7-1.1.fc4 Firefox/1.0.7" "www.peaceyoga.com"
69.58.178.27 - - [03/Sep/2009:09:52:43 -0700] "GET /logs/ HTTP/1.1" 200 4376 "-" "Mozilla/5.0 (X11; U; Linux i686; en-US; rv:1.7.12; ips-agent) Gecko/20050922 Fedora/1.0.7-1.1.fc4 Firefox/1.0.7" "www.peaceyoga.com"
69.58.178.27 - - [03/Sep/2009:09:52:44 -0700] "GET /tmp/ HTTP/1.1" 200 520 "-" "Mozilla/5.0 (X11; U; Linux i686; en-US; rv:1.7.12; ips-agent) Gecko/20050922 Fedora/1.0.7-1.1.fc4 Firefox/1.0.7" "www.peaceyoga.com"
69.58.178.27 - - [03/Sep/2009:09:52:45 -0700] "GET /?N=A HTTP/1.1" 200 916 "-" "Mozilla/5.0 (X11; U; Linux i686; en-US; rv:1.7.12; ips-agent) Gecko/20050922 Fedora/1.0.7-1.1.fc4 Firefox/1.0.7" "www.peaceyoga.com"
69.58.178.27 - - [03/Sep/2009:09:52:46 -0700] "GET /?M=D HTTP/1.1" 200 916 "-" "Mozilla/5.0 (X11; U; Linux i686; en-US; rv:1.7.12; ips-agent) Gecko/20050922 Fedora/1.0.7-1.1.fc4 Firefox/1.0.7" "www.peaceyoga.com"
69.58.178.27 - - [03/Sep/2009:09:52:47 -0700] "GET /?S=D HTTP/1.1" 200 916 "-" "Mozilla/5.0 (X11; U; Linux i686; en-US; rv:1.7.12; ips-agent) Gecko/20050922 Fedora/1.0.7-1.1.fc4 Firefox/1.0.7" "www.peaceyoga.com"
64.178.149.253 - - [03/Sep/2009:10:06:03 -0700] "GET / HTTP/1.1" 200 916 "-" "Mozilla/4.0 (compatible; MSIE 7.0; Windows NT 5.1; .NET CLR 1.1.4322; .NET CLR 2.0.50727; .NET CLR 3.0.4506.2152; .NET CLR 3.5.30729)" "www.peaceyoga.com"
74.6.8.115 - - [03/Sep/2009:13:11:36 -0700] "GET /?N=D HTTP/1.0" 200 900 "-" "Mozilla/5.0 (compatible; Yahoo! Slurp/3.0; http://help.yahoo.com/help/us/ysearch/slurp)" "www.peaceyoga.com"
72.44.63.130 - - [03/Sep/2009:13:51:23 -0700] "GET / HTTP/1.0" 200 900 "-" "Mozilla/5.0 (iPhone; U; CPU like Mac OS X; en) AppleWebKit/420+ (KHTML, like Gecko) Version/3.0 Mobile/1A543a Safari/419.3" "www.peaceyoga.com"
72.44.63.130 - - [03/Sep/2009:13:52:01 -0700] "GET /apple-touch-icon.png HTTP/1.0" 404 275 "-" "Mozilla/5.0 (iPhone; U; CPU like Mac OS X; en) AppleWebKit/420+ (KHTML, like Gecko) Version/3.0 Mobile/1A543a Safari/419.3" "www.peaceyoga.com"
72.44.63.130 - - [03/Sep/2009:13:52:23 -0700] "GET / HTTP/1.0" 200 900 "-" "Mozilla/5.0 (iPhone; U; CPU like Mac OS X; en) AppleWebKit/420+ (KHTML, like Gecko) Version/3.0 Mobile/1A543a Safari/419.3" "peaceyoga.com"
72.44.63.130 - - [03/Sep/2009:13:53:24 -0700] "GET /m/ HTTP/1.0" 404 275 "-" "Mozilla/5.0 (iPhone; U; CPU like Mac OS X; en) AppleWebKit/420+ (KHTML, like Gecko) Version/3.0 Mobile/1A543a Safari/419.3" "peaceyoga.com"
72.44.63.130 - - [03/Sep/2009:13:53:24 -0700] "GET /mobile/ HTTP/1.0" 404 275 "-" "Mozilla/5.0 (iPhone; U; CPU like Mac OS X; en) AppleWebKit/420+ (KHTML, like Gecko) Version/3.0 Mobile/1A543a Safari/419.3" "peaceyoga.com"
72.44.63.130 - - [03/Sep/2009:13:53:27 -0700] "GET /mobi/ HTTP/1.0" 404 275 "-" "Mozilla/5.0 (iPhone; U; CPU like Mac OS X; en) AppleWebKit/420+ (KHTML, like Gecko) Version/3.0 Mobile/1A543a Safari/419.3" "peaceyoga.com"
72.44.63.130 - - [03/Sep/2009:13:53:27 -0700] "GET /iphone/ HTTP/1.0" 404 275 "-" "Mozilla/5.0 (iPhone; U; CPU like Mac OS X; en) AppleWebKit/420+ (KHTML, like Gecko) Version/3.0 Mobile/1A543a Safari/419.3" "peaceyoga.com"
72.44.63.130 - - [03/Sep/2009:13:53:28 -0700] "GET /pda/ HTTP/1.0" 404 275 "-" "Mozilla/5.0 (iPhone; U; CPU like Mac OS X; en) AppleWebKit/420+ (KHTML, like Gecko) Version/3.0 Mobile/1A543a Safari/419.3" "peaceyoga.com"
72.44.63.130 - - [03/Sep/2009:13:53:28 -0700] "GET /m/ HTTP/1.0" 404 275 "-" "Mozilla/5.0 (iPhone; U; CPU like Mac OS X; en) AppleWebKit/420+ (KHTML, like Gecko) Version/3.0 Mobile/1A543a Safari/419.3" "www.peaceyoga.com"
72.44.63.130 - - [03/Sep/2009:13:53:28 -0700] "GET /mobile/ HTTP/1.0" 404 275 "-" "Mozilla/5.0 (iPhone; U; CPU like Mac OS X; en) AppleWebKit/420+ (KHTML, like Gecko) Version/3.0 Mobile/1A543a Safari/419.3" "www.peaceyoga.com"
72.44.63.130 - - [03/Sep/2009:13:53:34 -0700] "GET /mobi/ HTTP/1.0" 404 275 "-" "Mozilla/5.0 (iPhone; U; CPU like Mac OS X; en) AppleWebKit/420+ (KHTML, like Gecko) Version/3.0 Mobile/1A543a Safari/419.3" "www.peaceyoga.com"
72.44.63.130 - - [03/Sep/2009:13:53:35 -0700] "GET /iphone/ HTTP/1.0" 404 275 "-" "Mozilla/5.0 (iPhone; U; CPU like Mac OS X; en) AppleWebKit/420+ (KHTML, like Gecko) Version/3.0 Mobile/1A543a Safari/419.3" "www.peaceyoga.com"
72.44.63.130 - - [03/Sep/2009:13:53:36 -0700] "GET /pda/ HTTP/1.0" 404 275 "-" "Mozilla/5.0 (iPhone; U; CPU like Mac OS X; en) AppleWebKit/420+ (KHTML, like Gecko) Version/3.0 Mobile/1A543a Safari/419.3" "www.peaceyoga.com"
72.44.63.130 - - [03/Sep/2009:13:53:38 -0700] "GET / HTTP/1.0" 200 900 "-" "Mozilla/5.0 (Windows; U; Windows NT 5.1; en-GB; rv:1.8.1.6; taptu-downloader) Gecko/20070725 Firefox/2.0.0.6" "www.peaceyoga.com"
93.158.145.27 - - [03/Sep/2009:15:20:27 -0700] "GET /robots.txt HTTP/1.1" 404 275 "-" "Yandex/1.01.001 (compatible; Win16; I)" "www.peaceyoga.com"
72.30.161.233 - - [04/Sep/2009:01:44:05 -0700] "GET /?D=A HTTP/1.0" 200 900 "-" "Mozilla/5.0 (compatible; Yahoo! Slurp/3.0; http://help.yahoo.com/help/us/ysearch/slurp)" "peaceyoga.com"
65.55.106.182 - - [04/Sep/2009:06:41:55 -0700] "GET /robots.txt HTTP/1.0" 404 275 "-" "msnbot/2.0b (+http://search.msn.com/msnbot.htm)" "peaceyoga.com"
93.158.145.27 - - [04/Sep/2009:09:32:49 -0700] "GET / HTTP/1.1" 200 916 "-" "Yandex/1.01.001 (compatible; Win16; I)" "www.peaceyoga.com"
65.55.106.182 - - [04/Sep/2009:14:03:50 -0700] "GET / HTTP/1.0" 200 900 "-" "msnbot/2.0b (+http://search.msn.com/msnbot.htm)" "peaceyoga.com"
74.52.43.10 - - [04/Sep/2009:15:41:58 -0700] "GET /robots.txt HTTP/1.0" 404 275 "-" "GeoHasher/Nutch-1.0 (GeoHasher Web Search Engine; geohasher.gotdns.org; geo_hasher at yahoo * com)" "peaceyoga.com"
74.52.43.10 - - [04/Sep/2009:15:41:59 -0700] "GET / HTTP/1.0" 200 900 "-" "GeoHasher/Nutch-1.0 (GeoHasher Web Search Engine; geohasher.gotdns.org; geo_hasher at yahoo * com)" "peaceyoga.com"
76.172.31.114 - - [04/Sep/2009:17:58:46 -0700] "GET / HTTP/1.1" 200 916 "-" "Mozilla/4.0 (compatible; MSIE 8.0; Windows NT 6.0; Trident/4.0; SLCC1; .NET CLR 2.0.50727; .NET CLR 3.5.30729; .NET CLR 3.0.30618; Media Center PC 5.1)" "peaceyoga.com"
76.172.31.114 - - [04/Sep/2009:17:58:47 -0700] "GET /favicon.ico HTTP/1.1" 404 275 "-" "Mozilla/4.0 (compatible; MSIE 8.0; Windows NT 6.0; Trident/4.0; SLCC1; .NET CLR 2.0.50727; .NET CLR 3.5.30729; .NET CLR 3.0.30618; Media Center PC 5.1)" "peaceyoga.com"
93.158.145.27 - - [04/Sep/2009:19:22:46 -0700] "GET /robots.txt HTTP/1.1" 404 275 "-" "Yandex/1.01.001 (compatible; Win16; I)" "www.peaceyoga.com"
72.30.161.233 - - [04/Sep/2009:23:49:23 -0700] "GET /logs/?S=A HTTP/1.0" 200 4360 "-" "Mozilla/5.0 (compatible; Yahoo! Slurp/3.0; http://help.yahoo.com/help/us/ysearch/slurp)" "peaceyoga.com"
72.30.81.179 - - [04/Sep/2009:23:58:54 -0700] "GET /logs/ HTTP/1.0" 200 4360 "-" "Mozilla/5.0 (compatible; Yahoo! Slurp/3.0; http://help.yahoo.com/help/us/ysearch/slurp)" "www.peaceyoga.com"
72.30.81.179 - - [05/Sep/2009:06:45:15 -0700] "GET /logs/access_090330.log HTTP/1.0" 200 3322 "-" "Mozilla/5.0 (compatible; Yahoo! Slurp/3.0; http://help.yahoo.com/help/us/ysearch/slurp)" "www.peaceyoga.com"
66.228.161.111 - - [05/Sep/2009:08:49:18 -0700] "GET / HTTP/1.1" 200 916 "-" "Mozilla/4.0 (compatible; MSIE 6.0; Windows NT 5.1)" "peaceyoga.com"
93.158.145.27 - - [05/Sep/2009:09:02:39 -0700] "GET / HTTP/1.1" 200 916 "-" "Yandex/1.01.001 (compatible; Win16; I)" "www.peaceyoga.com"
72.30.81.179 - - [05/Sep/2009:12:04:54 -0700] "GET /tmp/?D=D HTTP/1.0" 200 504 "-" "Mozilla/5.0 (compatible; Yahoo! Slurp/3.0; http://help.yahoo.com/help/us/ysearch/slurp)" "www.peaceyoga.com"
72.30.81.179 - - [05/Sep/2009:23:56:49 -0700] "GET /?S=A HTTP/1.0" 200 900 "-" "Mozilla/5.0 (compatible; Yahoo! Slurp/3.0; http://help.yahoo.com/help/us/ysearch/slurp)" "www.peaceyoga.com"
194.110.162.224 - - [06/Sep/2009:06:50:25 -0700] "GET /logs/access_081101.log HTTP/1.1" 200 4529 "-" "Mozilla/4.0 (compatible; MSIE 6.0; Windows NT 5.1; SV1)" "www.peaceyoga.com"
74.6.18.233 - - [06/Sep/2009:16:36:49 -0700] "GET /?S=A HTTP/1.0" 200 900 "-" "Mozilla/5.0 (compatible; Yahoo! Slurp/3.0; http://help.yahoo.com/help/us/ysearch/slurp)" "peaceyoga.com"
67.202.59.141 - - [06/Sep/2009:19:58:23 -0700] "GET /robots.txt HTTP/1.0" 404 275 "-" "ia_archiver (+http://www.alexa.com/site/help/webmasters; crawler@alexa.com)" "www.peaceyoga.com"
67.202.59.141 - - [06/Sep/2009:19:58:23 -0700] "GET /logs/access_080702.log HTTP/1.0" 200 2758 "-" "ia_archiver (+http://www.alexa.com/site/help/webmasters; crawler@alexa.com)" "www.peaceyoga.com"
69.118.171.50 - - [07/Sep/2009:08:58:08 -0700] "GET / HTTP/1.1" 200 916 "-" "Mozilla/4.0 (compatible; MSIE 7.0; Windows NT 6.0; GTB6; SLCC1; .NET CLR 2.0.50727; Media Center PC 5.0; eSobiSubscriber 2.0.4.16; .NET CLR 3.5.30729; .NET CLR 3.0.30618)" "www.peaceyoga.com"
69.118.171.50 - - [07/Sep/2009:08:58:10 -0700] "GET /favicon.ico HTTP/1.1" 404 275 "-" "Mozilla/4.0 (compatible; MSIE 7.0; Windows NT 6.0; GTB6; SLCC1; .NET CLR 2.0.50727; Media Center PC 5.0; eSobiSubscriber 2.0.4.16; .NET CLR 3.5.30729; .NET CLR 3.0.30618)" "www.peaceyoga.com"
74.6.22.185 - - [07/Sep/2009:11:28:08 -0700] "GET /logs/access_071101.log HTTP/1.0" 404 275 "-" "Mozilla/5.0 (compatible; Yahoo! Slurp/3.0; http://help.yahoo.com/help/us/ysearch/slurp)" "peaceyoga.com"
72.30.81.179 - - [07/Sep/2009:18:17:55 -0700] "GET /?D=A HTTP/1.0" 200 900 "-" "Mozilla/5.0 (compatible; Yahoo! Slurp/3.0; http://help.yahoo.com/help/us/ysearch/slurp)" "www.peaceyoga.com"
24.111.108.186 - - [08/Sep/2009:10:07:01 -0700] "GET /logs/access_080905.log HTTP/1.1" 200 3838 "http://www.google.com/search?q=http%3A%2F%2Fhelp.naver.com%2Fdelete_main.asp&ie=utf-8&oe=utf-8&aq=t&rls=org.mozilla:en-US:official&client=firefox-a" "Mozilla/5.0 (Macintosh; U; Intel Mac OS X 10.5; en-US; rv:1.9.1.2) Gecko/20090729 Firefox/3.5.2" "www.peaceyoga.com"
24.111.108.186 - - [08/Sep/2009:10:07:01 -0700] "GET /favicon.ico HTTP/1.0" 404 275 "-" "Mozilla/5.0 (Macintosh; U; Intel Mac OS X 10.5; en-US; rv:1.9.1.2) Gecko/20090729 Firefox/3.5.2" "www.peaceyoga.com"
24.111.108.186 - - [08/Sep/2009:10:07:04 -0700] "GET /favicon.ico HTTP/1.1" 404 275 "-" "Mozilla/5.0 (Macintosh; U; Intel Mac OS X 10.5; en-US; rv:1.9.1.2) Gecko/20090729 Firefox/3.5.2" "www.peaceyoga.com"
74.52.43.10 - - [08/Sep/2009:17:07:25 -0700] "GET /robots.txt HTTP/1.0" 404 275 "-" "GeoHasher/Nutch-1.0 (GeoHasher Web Search Engine; geohasher.gotdns.org; geo_hasher at yahoo * com)" "peaceyoga.com"
74.52.43.10 - - [08/Sep/2009:17:07:25 -0700] "GET / HTTP/1.0" 200 900 "-" "GeoHasher/Nutch-1.0 (GeoHasher Web Search Engine; geohasher.gotdns.org; geo_hasher at yahoo * com)" "peaceyoga.com"
74.6.22.186 - - [08/Sep/2009:20:36:35 -0700] "GET /logs/access_070531.log HTTP/1.0" 404 275 "-" "Mozilla/5.0 (compatible; Yahoo! Slurp/3.0; http://help.yahoo.com/help/us/ysearch/slurp)" "peaceyoga.com"
124.185.170.173 - - [09/Sep/2009:00:01:21 -0700] "GET / HTTP/1.1" 200 916 "-" "Mozilla/4.0 (compatible; MSIE 7.0; Windows NT 6.0; SLCC1; .NET CLR 2.0.50727; InfoPath.2; .NET CLR 1.1.4322; .NET CLR 3.5.30729; .NET CLR 3.0.30618)" "www.peaceyoga.com"
124.185.170.173 - - [09/Sep/2009:00:01:23 -0700] "GET /favicon.ico HTTP/1.1" 404 275 "-" "Mozilla/4.0 (compatible; MSIE 7.0; Windows NT 6.0; SLCC1; .NET CLR 2.0.50727; InfoPath.2; .NET CLR 1.1.4322; .NET CLR 3.5.30729; .NET CLR 3.0.30618)" "www.peaceyoga.com"
72.94.249.38 - - [09/Sep/2009:04:16:23 -0700] "GET / HTTP/1.1" 200 916 "-" "Mozilla/4.0 (compatible; MSIE 6.0; Windows NT 5.1; SV1; .NET CLR 1.1.4322)" "www.peaceyoga.com"
75.83.214.33 - - [09/Sep/2009:07:09:10 -0700] "GET / HTTP/1.1" 200 916 "-" ".NET Framework Test Client" "www.peaceyoga.com"
75.83.214.33 - - [09/Sep/2009:07:09:10 -0700] "GET / HTTP/1.1" 200 916 "-" ".NET Framework Test Client" "www.peaceyoga.com"
130.132.166.229 - - [09/Sep/2009:13:26:06 -0700] "GET / HTTP/1.1" 200 916 "-" "Mozilla/5.0 (Windows; U; Windows NT 6.0; en-US; rv:1.9.0.11) Gecko/2009060215 Firefox/3.0.11 GTB5" "peaceyoga.com"
130.132.166.229 - - [09/Sep/2009:13:26:06 -0700] "GET /favicon.ico HTTP/1.1" 404 275 "-" "Mozilla/5.0 (Windows; U; Windows NT 6.0; en-US; rv:1.9.0.11) Gecko/2009060215 Firefox/3.0.11 GTB5" "peaceyoga.com"
130.132.166.229 - - [09/Sep/2009:13:26:08 -0700] "GET / HTTP/1.1" 200 916 "-" "Mozilla/5.0 (Windows; U; Windows NT 6.0; en-US; rv:1.9.0.11) Gecko/2009060215 Firefox/3.0.11 GTB5" "peaceyoga.com"
130.132.166.229 - - [09/Sep/2009:13:26:09 -0700] "GET /favicon.ico HTTP/1.1" 404 275 "-" "Mozilla/5.0 (Windows; U; Windows NT 6.0; en-US; rv:1.9.0.11) Gecko/2009060215 Firefox/3.0.11 GTB5" "peaceyoga.com"
130.132.166.229 - - [09/Sep/2009:13:26:09 -0700] "GET /favicon.ico HTTP/1.1" 404 275 "-" "Mozilla/5.0 (Windows; U; Windows NT 6.0; en-US; rv:1.9.0.11) Gecko/2009060215 Firefox/3.0.11 GTB5" "peaceyoga.com"
74.6.22.186 - - [09/Sep/2009:14:10:42 -0700] "GET /logs/ HTTP/1.0" 200 4217 "-" "Mozilla/5.0 (compatible; Yahoo! Slurp/3.0; http://help.yahoo.com/help/us/ysearch/slurp)" "peaceyoga.com"
93.158.145.27 - - [09/Sep/2009:19:24:48 -0700] "GET /robots.txt HTTP/1.1" 404 275 "-" "Yandex/1.01.001 (compatible; Win16; I)" "www.peaceyoga.com"
74.52.245.146 - - [09/Sep/2009:20:18:37 -0700] "GET / HTTP/1.0" 200 900 "-" "Mozilla/5.0 (X11; U; Linux i686; en-US; rv:1.7.5) Gecko/20041107 Firefox/1.0" "www.peaceyoga.com"
72.30.81.179 - - [09/Sep/2009:23:43:52 -0700] "GET / HTTP/1.0" 200 900 "-" "Mozilla/5.0 (compatible; Yahoo! Slurp/3.0; http://help.yahoo.com/help/us/ysearch/slurp)" "www.peaceyoga.com"
72.30.81.179 - - [10/Sep/2009:03:02:42 -0700] "GET /tmp/ HTTP/1.0" 200 504 "-" "Mozilla/5.0 (compatible; Yahoo! Slurp/3.0; http://help.yahoo.com/help/us/ysearch/slurp)" "www.peaceyoga.com"
86.70.11.219 - - [10/Sep/2009:09:08:56 -0700] "GET /logs/access_080401.log HTTP/1.1" 404 275 "http://www.bloglines.com/myblogs_display?sub=67350846&site=16153680" "Mozilla/5.0 (X11; U; Linux i686; fr; rv:1.9.0.13) Gecko/2009080315 Ubuntu/9.04 (jaunty) Firefox/3.0.13" "www.peaceyoga.com"
86.70.11.219 - - [10/Sep/2009:09:08:56 -0700] "GET /favicon.ico HTTP/1.1" 404 275 "-" "Mozilla/5.0 (X11; U; Linux i686; fr; rv:1.9.0.13) Gecko/2009080315 Ubuntu/9.04 (jaunty) Firefox/3.0.13" "www.peaceyoga.com"
86.70.11.219 - - [10/Sep/2009:09:09:00 -0700] "GET /favicon.ico HTTP/1.1" 404 275 "-" "Mozilla/5.0 (X11; U; Linux i686; fr; rv:1.9.0.13) Gecko/2009080315 Ubuntu/9.04 (jaunty) Firefox/3.0.13" "www.peaceyoga.com"
86.70.11.219 - - [10/Sep/2009:09:09:31 -0700] "GET /logs/ HTTP/1.1" 200 4090 "-" "Mozilla/5.0 (X11; U; Linux i686; fr; rv:1.9.0.13) Gecko/2009080315 Ubuntu/9.04 (jaunty) Firefox/3.0.13" "www.peaceyoga.com"
71.196.109.195 - - [10/Sep/2009:18:07:54 -0700] "GET / HTTP/1.1" 200 916 "-" "Mozilla/4.0 (compatible; MSIE 7.0; Windows NT 5.1; FunWebProducts; GTB6; .NET CLR 1.1.4322)" "www.peaceyoga.com"
71.196.109.195 - - [10/Sep/2009:18:07:55 -0700] "GET /favicon.ico HTTP/1.1" 404 275 "-" "Mozilla/4.0 (compatible; MSIE 7.0; Windows NT 5.1; FunWebProducts; GTB6; .NET CLR 1.1.4322)" "www.peaceyoga.com"
114.111.36.31 - - [10/Sep/2009:23:37:45 -0700] "GET /robots.txt HTTP/1.1" 404 275 "-" "Mozilla/4.0 (compatible; NaverBot/1.0; http://help.naver.com/customer_webtxt_02.jsp)" "www.peaceyoga.com"
114.111.36.31 - - [10/Sep/2009:23:37:45 -0700] "GET / HTTP/1.1" 200 916 "-" "Mozilla/4.0 (compatible; NaverBot/1.0; http://help.naver.com/customer_webtxt_02.jsp)" "www.peaceyoga.com"
72.30.81.179 - - [11/Sep/2009:04:10:27 -0700] "GET /logs/access_080401.log HTTP/1.0" 404 275 "-" "Mozilla/5.0 (compatible; Yahoo! Slurp/3.0; http://help.yahoo.com/help/us/ysearch/slurp)" "www.peaceyoga.com"
93.158.145.27 - - [11/Sep/2009:16:11:25 -0700] "GET /robots.txt HTTP/1.1" 404 275 "-" "Yandex/1.01.001 (compatible; Win16; I)" "www.peaceyoga.com"
69.197.183.242 - - [11/Sep/2009:17:04:47 -0700] "GET / HTTP/1.1" 200 916 "-" "Mozilla/5.0 (Windows; U; Windows NT 5.1; en-US; rv:x.x.x) Gecko/20041107 Firefox/x.x" "peaceyoga.com"
78.140.138.39 - - [11/Sep/2009:22:28:14 -0700] "GET / HTTP/1.1" 200 916 "-" "Mozilla/5.0 (Windows; U; Windows NT 5.1; en-US; rv:1.9.0.5) Gecko/2008120122 Firefox/3.0.5" "www.peaceyoga.com"
93.158.145.27 - - [12/Sep/2009:10:12:00 -0700] "GET / HTTP/1.1" 200 916 "-" "Yandex/1.01.001 (compatible; Win16; I)" "www.peaceyoga.com"
66.235.124.19 - - [12/Sep/2009:19:36:52 -0700] "GET /robots.txt HTTP/1.1" 404 275 "-" "Mozilla/5.0 (compatible; Ask Jeeves/Teoma; +http://about.ask.com/en/docs/about/webmasters.shtml)" "www.peaceyoga.com"
66.235.124.19 - - [12/Sep/2009:19:36:52 -0700] "GET /logs/access_080401.log HTTP/1.1" 404 275 "-" "Mozilla/5.0 (compatible; Ask Jeeves/Teoma; +http://about.ask.com/en/docs/about/webmasters.shtml)" "www.peaceyoga.com"
72.30.81.179 - - [13/Sep/2009:11:13:05 -0700] "GET /logs/access_080201.log HTTP/1.0" 404 275 "-" "Mozilla/5.0 (compatible; Yahoo! Slurp/3.0; http://help.yahoo.com/help/us/ysearch/slurp)" "www.peaceyoga.com"
74.6.8.95 - - [13/Sep/2009:17:49:32 -0700] "GET /?N=D HTTP/1.0" 200 900 "-" "Mozilla/5.0 (compatible; Yahoo! Slurp/3.0; http://help.yahoo.com/help/us/ysearch/slurp)" "peaceyoga.com"
38.108.180.50 - - [13/Sep/2009:18:27:00 -0700] "GET /robots.txt HTTP/1.1" 404 275 "-" "Mozilla/5.0 (compatible; ScoutJet; +http://www.scoutjet.com/)" "peaceyoga.com"
38.108.180.50 - - [13/Sep/2009:18:27:05 -0700] "GET / HTTP/1.1" 200 916 "-" "Mozilla/5.0 (compatible; ScoutJet; +http://www.scoutjet.com/)" "peaceyoga.com"
72.30.81.179 - - [13/Sep/2009:19:58:25 -0700] "GET /logs/access_071031.log HTTP/1.0" 404 275 "-" "Mozilla/5.0 (compatible; Yahoo! Slurp/3.0; http://help.yahoo.com/help/us/ysearch/slurp)" "www.peaceyoga.com"
74.6.8.95 - - [13/Sep/2009:22:14:18 -0700] "GET / HTTP/1.0" 200 900 "-" "Mozilla/5.0 (compatible; Yahoo! Slurp/3.0; http://help.yahoo.com/help/us/ysearch/slurp)" "peaceyoga.com"
72.30.81.179 - - [13/Sep/2009:22:20:57 -0700] "GET /logs/?D=D HTTP/1.0" 200 4074 "-" "Mozilla/5.0 (compatible; Yahoo! Slurp/3.0; http://help.yahoo.com/help/us/ysearch/slurp)" "www.peaceyoga.com"
74.6.8.95 - - [14/Sep/2009:12:06:51 -0700] "GET /_private/ HTTP/1.0" 403 163 "-" "Mozilla/5.0 (compatible; Yahoo! Slurp/3.0; http://help.yahoo.com/help/us/ysearch/slurp)" "peaceyoga.com"
124.187.106.69 - - [15/Sep/2009:00:18:08 -0700] "GET / HTTP/1.1" 200 916 "-" "Mozilla/5.0 (Windows; U; Windows NT 6.0; en-US; rv:1.9.1.3) Gecko/20090824 Firefox/3.5.3 (.NET CLR 3.5.30729)" "www.peaceyoga.com"
124.187.106.69 - - [15/Sep/2009:00:18:09 -0700] "GET /favicon.ico HTTP/1.1" 404 275 "-" "Mozilla/5.0 (Windows; U; Windows NT 6.0; en-US; rv:1.9.1.3) Gecko/20090824 Firefox/3.5.3 (.NET CLR 3.5.30729)" "www.peaceyoga.com"
124.187.106.69 - - [15/Sep/2009:00:18:12 -0700] "GET /favicon.ico HTTP/1.1" 404 275 "-" "Mozilla/5.0 (Windows; U; Windows NT 6.0; en-US; rv:1.9.1.3) Gecko/20090824 Firefox/3.5.3 (.NET CLR 3.5.30729)" "www.peaceyoga.com"
93.158.145.27 - - [15/Sep/2009:10:41:06 -0700] "GET /robots.txt HTTP/1.1" 404 275 "-" "Yandex/1.01.001 (compatible; Win16; I)" "www.peaceyoga.com"
72.30.81.179 - - [15/Sep/2009:18:57:53 -0700] "GET / HTTP/1.0" 200 900 "-" "Mozilla/5.0 (compatible; Yahoo! Slurp/3.0; http://help.yahoo.com/help/us/ysearch/slurp)" "www.peaceyoga.com"
72.30.81.179 - - [15/Sep/2009:19:07:05 -0700] "GET /?N=D HTTP/1.0" 200 900 "-" "Mozilla/5.0 (compatible; Yahoo! Slurp/3.0; http://help.yahoo.com/help/us/ysearch/slurp)" "www.peaceyoga.com"
72.30.142.98 - - [15/Sep/2009:19:46:22 -0700] "GET /?S=A HTTP/1.0" 200 900 "-" "Mozilla/5.0 (compatible; Yahoo! Slurp/3.0; http://help.yahoo.com/help/us/ysearch/slurp)" "www.peaceyoga.com"
174.129.121.101 - - [15/Sep/2009:20:28:59 -0700] "GET /robots.txt HTTP/1.0" 404 275 "-" "ia_archiver (+http://www.alexa.com/site/help/webmasters; crawler@alexa.com)" "www.peaceyoga.com"
174.129.121.101 - - [15/Sep/2009:20:28:59 -0700] "GET / HTTP/1.0" 200 900 "-" "ia_archiver (+http://www.alexa.com/site/help/webmasters; crawler@alexa.com)" "www.peaceyoga.com"
75.50.118.21 - - [15/Sep/2009:23:03:55 -0700] "GET / HTTP/1.1" 200 916 "-" "Mozilla/5.0 (Macintosh; U; Intel Mac OS X 10_4_11; en) AppleWebKit/525.18 (KHTML, like Gecko) Version/3.1.2 Safari/525.22" "peaceyoga.com"
75.50.118.21 - - [15/Sep/2009:23:03:55 -0700] "GET /favicon.ico HTTP/1.1" 404 275 "http://peaceyoga.com/" "Mozilla/5.0 (Macintosh; U; Intel Mac OS X 10_4_11; en) AppleWebKit/525.18 (KHTML, like Gecko) Version/3.1.2 Safari/525.22" "peaceyoga.com"
75.50.118.21 - - [15/Sep/2009:23:04:02 -0700] "GET /?N=D HTTP/1.1" 200 916 "http://peaceyoga.com/" "Mozilla/5.0 (Macintosh; U; Intel Mac OS X 10_4_11; en) AppleWebKit/525.18 (KHTML, like Gecko) Version/3.1.2 Safari/525.22" "peaceyoga.com"
75.50.118.21 - - [15/Sep/2009:23:04:05 -0700] "GET /logs/ HTTP/1.1" 200 4090 "http://peaceyoga.com/?N=D" "Mozilla/5.0 (Macintosh; U; Intel Mac OS X 10_4_11; en) AppleWebKit/525.18 (KHTML, like Gecko) Version/3.1.2 Safari/525.22" "peaceyoga.com"
75.50.118.21 - - [15/Sep/2009:23:04:13 -0700] "GET /logs/ HTTP/1.1" 200 4090 "-" "Mozilla/5.0 (Macintosh; U; Intel Mac OS X 10_4_11; en) AppleWebKit/525.18 (KHTML, like Gecko) Version/3.1.2 Safari/525.22" "www.peaceyoga.com"
75.50.118.21 - - [15/Sep/2009:23:04:13 -0700] "GET /favicon.ico HTTP/1.1" 404 275 "http://www.peaceyoga.com/logs/" "Mozilla/5.0 (Macintosh; U; Intel Mac OS X 10_4_11; en) AppleWebKit/525.18 (KHTML, like Gecko) Version/3.1.2 Safari/525.22" "www.peaceyoga.com"
67.72.98.45 - - [16/Sep/2009:00:51:50 -0700] "GET /logs/access.log HTTP/1.1" 200 25562 "http://www.alltheweb.com/search?advanced=1&cat=web&jsact=&_stype=norm&type=all&itag=crv&l=en&ics=utf-8&cs=utf8&wf[n]=3&wf[0][r]=-&wf[0][q]=webmaster&wf[0][w]=&wf[1][r]=-&wf[1][q]=info&wf[1][w]=&wf[2][r]=-&wf[2][q]=&wf[2][w]=&dincl=&dexcl=&geo=ai&doctype=text&dfr[u]=on&dfr[d]=1&dfr[m]=1&dfr[y]=2008&dto[d]=15&dto[m]=9&dto[y]=2009&hits=10&q=++%40yahoo.com&o=30" "Mozilla/4.0 (compatible; MSIE 6.0; Windows NT 5.1; SV1; GTB6; .NET CLR 2.0.50727; Crazy Browser 2.0.1)" "www.peaceyoga.com"
74.6.8.95 - - [16/Sep/2009:03:48:09 -0700] "GET /logs/access_070301.log HTTP/1.0" 404 275 "-" "Mozilla/5.0 (compatible; Yahoo! Slurp/3.0; http://help.yahoo.com/help/us/ysearch/slurp)" "peaceyoga.com"
93.158.145.27 - - [16/Sep/2009:07:02:57 -0700] "GET / HTTP/1.1" 200 916 "-" "Yandex/1.01.001 (compatible; Win16; I)" "www.peaceyoga.com"
66.235.124.19 - - [16/Sep/2009:14:48:12 -0700] "GET /robots.txt HTTP/1.1" 404 275 "-" "Mozilla/5.0 (compatible; Ask Jeeves/Teoma; +http://about.ask.com/en/docs/about/webmasters.shtml)" "peaceyoga.com"
66.235.124.19 - - [16/Sep/2009:14:48:12 -0700] "GET / HTTP/1.1" 200 916 "-" "Mozilla/5.0 (compatible; Ask Jeeves/Teoma; +http://about.ask.com/en/docs/about/webmasters.shtml)" "peaceyoga.com"
38.108.180.10 - - [16/Sep/2009:17:25:36 -0700] "GET /robots.txt HTTP/1.1" 404 275 "-" "Mozilla/5.0 (compatible; ScoutJet; +http://www.scoutjet.com/)" "peaceyoga.com"
38.108.180.10 - - [16/Sep/2009:17:25:47 -0700] "GET /?D=A HTTP/1.1" 200 916 "-" "Mozilla/5.0 (compatible; ScoutJet; +http://www.scoutjet.com/)" "peaceyoga.com"
72.30.142.98 - - [16/Sep/2009:17:37:39 -0700] "GET /logs/access_070301.log HTTP/1.0" 404 275 "-" "Mozilla/5.0 (compatible; Yahoo! Slurp/3.0; http://help.yahoo.com/help/us/ysearch/slurp)" "www.peaceyoga.com"
98.148.146.65 - - [16/Sep/2009:21:49:43 -0700] "GET /tmp/ HTTP/1.1" 200 520 "http://us.yhs.search.yahoo.com/avg/search?p=index+of+tmp&type=yahoo_avg_hs2-tb-web_us&fr=yhs-avgb&YST_b=201" "Mozilla/5.0 (Windows; U; Windows NT 5.1; en-US; rv:1.9.0.14) Gecko/2009082707 Firefox/3.0.14 (.NET CLR 3.5.30729)" "www.peaceyoga.com"
98.148.146.65 - - [16/Sep/2009:21:49:44 -0700] "GET /favicon.ico HTTP/1.1" 404 275 "-" "Mozilla/5.0 (Windows; U; Windows NT 5.1; en-US; rv:1.9.0.14) Gecko/2009082707 Firefox/3.0.14 (.NET CLR 3.5.30729)" "www.peaceyoga.com"
98.148.146.65 - - [16/Sep/2009:21:49:47 -0700] "GET /favicon.ico HTTP/1.1" 404 275 "-" "Mozilla/5.0 (Windows; U; Windows NT 5.1; en-US; rv:1.9.0.14) Gecko/2009082707 Firefox/3.0.14 (.NET CLR 3.5.30729)" "www.peaceyoga.com"
72.30.142.98 - - [16/Sep/2009:23:53:18 -0700] "GET /logs/access_070329.log HTTP/1.0" 404 275 "-" "Mozilla/5.0 (compatible; Yahoo! Slurp/3.0; http://help.yahoo.com/help/us/ysearch/slurp)" "www.peaceyoga.com"
38.105.83.11 - - [17/Sep/2009:00:33:45 -0700] "GET / HTTP/1.1" 200 916 "-" "Mozilla/4.0 (compatible; MSIE 7.0; Windows NT 5.2)" "www.peaceyoga.com"
38.105.83.11 - - [17/Sep/2009:00:34:29 -0700] "GET /tmp/ HTTP/1.1" 200 520 "http://www.peaceyoga.com/" "Mozilla/4.0 (compatible; MSIE 7.0; Windows NT 5.2)" "www.peaceyoga.com"
38.105.83.11 - - [17/Sep/2009:00:34:32 -0700] "GET /_private/ HTTP/1.1" 403 163 "http://www.peaceyoga.com/" "Mozilla/4.0 (compatible; MSIE 7.0; Windows NT 5.2)" "www.peaceyoga.com"
38.105.83.11 - - [17/Sep/2009:00:34:34 -0700] "GET /logs/ HTTP/1.1" 200 4090 "http://www.peaceyoga.com/" "Mozilla/4.0 (compatible; MSIE 7.0; Windows NT 5.2)" "www.peaceyoga.com"
38.105.83.11 - - [17/Sep/2009:00:35:24 -0700] "GET /logs/access_090601.log HTTP/1.1" 200 1166 "http://www.peaceyoga.com/logs/" "Mozilla/4.0 (compatible; MSIE 7.0; Windows NT 5.2)" "www.peaceyoga.com"
38.105.83.11 - - [17/Sep/2009:00:35:25 -0700] "GET /logs/access_080901.log HTTP/1.1" 200 49938 "http://www.peaceyoga.com/logs/" "Mozilla/4.0 (compatible; MSIE 7.0; Windows NT 5.2)" "www.peaceyoga.com"
38.105.83.11 - - [17/Sep/2009:00:35:27 -0700] "GET /logs/access_080731.log HTTP/1.1" 200 63241 "http://www.peaceyoga.com/logs/" "Mozilla/4.0 (compatible; MSIE 7.0; Windows NT 5.2)" "www.peaceyoga.com"
38.105.83.11 - - [17/Sep/2009:00:35:28 -0700] "GET /logs/access_081231.log HTTP/1.1" 200 85700 "http://www.peaceyoga.com/logs/" "Mozilla/4.0 (compatible; MSIE 7.0; Windows NT 5.2)" "www.peaceyoga.com"
38.105.83.11 - - [17/Sep/2009:00:35:30 -0700] "GET /logs/access_080905.log HTTP/1.1" 200 3838 "http://www.peaceyoga.com/logs/" "Mozilla/4.0 (compatible; MSIE 7.0; Windows NT 5.2)" "www.peaceyoga.com"
38.105.83.11 - - [17/Sep/2009:00:35:32 -0700] "GET /logs/access_081031.log HTTP/1.1" 200 84619 "http://www.peaceyoga.com/logs/" "Mozilla/4.0 (compatible; MSIE 7.0; Windows NT 5.2)" "www.peaceyoga.com"
38.105.83.11 - - [17/Sep/2009:00:35:33 -0700] "GET /logs/access_090329.log HTTP/1.1" 200 57439 "http://www.peaceyoga.com/logs/" "Mozilla/4.0 (compatible; MSIE 7.0; Windows NT 5.2)" "www.peaceyoga.com"
38.105.83.11 - - [17/Sep/2009:00:35:35 -0700] "GET /logs/access_090331.log HTTP/1.1" 200 1128 "http://www.peaceyoga.com/logs/" "Mozilla/4.0 (compatible; MSIE 7.0; Windows NT 5.2)" "www.peaceyoga.com"
38.105.83.11 - - [17/Sep/2009:00:35:36 -0700] "GET /logs/access_090201.log HTTP/1.0" 200 117565 "http://www.peaceyoga.com/logs/" "Mozilla/4.0 (compatible; MSIE 7.0; Windows NT 5.2)" "www.peaceyoga.com"
38.105.83.11 - - [17/Sep/2009:00:35:38 -0700] "GET /logs/access_090501.log HTTP/1.1" 200 66905 "http://www.peaceyoga.com/logs/" "Mozilla/4.0 (compatible; MSIE 7.0; Windows NT 5.2)" "www.peaceyoga.com"
38.105.83.11 - - [17/Sep/2009:00:35:39 -0700] "GET /logs/access_081001.log HTTP/1.1" 200 71599 "http://www.peaceyoga.com/logs/" "Mozilla/4.0 (compatible; MSIE 7.0; Windows NT 5.2)" "www.peaceyoga.com"
38.105.83.11 - - [17/Sep/2009:00:35:40 -0700] "GET /logs/access_090731.log HTTP/1.1" 200 64906 "http://www.peaceyoga.com/logs/" "Mozilla/4.0 (compatible; MSIE 7.0; Windows NT 5.2)" "www.peaceyoga.com"
38.105.83.11 - - [17/Sep/2009:00:35:41 -0700] "GET /logs/access_090330.log HTTP/1.1" 200 3322 "http://www.peaceyoga.com/logs/" "Mozilla/4.0 (compatible; MSIE 7.0; Windows NT 5.2)" "www.peaceyoga.com"
38.105.83.11 - - [17/Sep/2009:00:35:43 -0700] "GET /logs/access_090301.log HTTP/1.1" 200 73030 "http://www.peaceyoga.com/logs/" "Mozilla/4.0 (compatible; MSIE 7.0; Windows NT 5.2)" "www.peaceyoga.com"
38.105.83.11 - - [17/Sep/2009:00:35:43 -0700] "GET /logs/access_090531.log HTTP/1.1" 200 63535 "http://www.peaceyoga.com/logs/" "Mozilla/4.0 (compatible; MSIE 7.0; Windows NT 5.2)" "www.peaceyoga.com"
38.105.83.11 - - [17/Sep/2009:00:35:44 -0700] "GET /logs/access_081101.log HTTP/1.1" 200 4529 "http://www.peaceyoga.com/logs/" "Mozilla/4.0 (compatible; MSIE 7.0; Windows NT 5.2)" "www.peaceyoga.com"
38.105.83.11 - - [17/Sep/2009:00:35:45 -0700] "GET /logs/access_081002.log HTTP/1.1" 200 3570 "http://www.peaceyoga.com/logs/" "Mozilla/4.0 (compatible; MSIE 7.0; Windows NT 5.2)" "www.peaceyoga.com"
38.105.83.11 - - [17/Sep/2009:00:35:46 -0700] "GET /logs/access_081201.log HTTP/1.1" 200 100743 "http://www.peaceyoga.com/logs/" "Mozilla/4.0 (compatible; MSIE 7.0; Windows NT 5.2)" "www.peaceyoga.com"
38.105.83.11 - - [17/Sep/2009:00:35:46 -0700] "GET /logs/access_090701.log HTTP/1.1" 200 45555 "http://www.peaceyoga.com/logs/" "Mozilla/4.0 (compatible; MSIE 7.0; Windows NT 5.2)" "www.peaceyoga.com"
38.105.83.11 - - [17/Sep/2009:00:35:47 -0700] "GET /logs/access_090101.log HTTP/1.1" 200 3048 "http://www.peaceyoga.com/logs/" "Mozilla/4.0 (compatible; MSIE 7.0; Windows NT 5.2)" "www.peaceyoga.com"
38.105.83.11 - - [17/Sep/2009:00:35:48 -0700] "GET /logs/access_090801.log HTTP/1.1" 200 5021 "http://www.peaceyoga.com/logs/" "Mozilla/4.0 (compatible; MSIE 7.0; Windows NT 5.2)" "www.peaceyoga.com"
38.105.83.11 - - [17/Sep/2009:00:35:48 -0700] "GET /logs/access_090401.log HTTP/1.1" 200 929 "http://www.peaceyoga.com/logs/" "Mozilla/4.0 (compatible; MSIE 7.0; Windows NT 5.2)" "www.peaceyoga.com"
38.105.83.11 - - [17/Sep/2009:00:35:49 -0700] "GET /logs/access.log HTTP/1.1" 200 32894 "http://www.peaceyoga.com/logs/" "Mozilla/4.0 (compatible; MSIE 7.0; Windows NT 5.2)" "www.peaceyoga.com"
38.105.83.11 - - [17/Sep/2009:00:35:49 -0700] "GET /logs/access_080801.log HTTP/1.1" 200 1963 "http://www.peaceyoga.com/logs/" "Mozilla/4.0 (compatible; MSIE 7.0; Windows NT 5.2)" "www.peaceyoga.com"
38.105.83.11 - - [17/Sep/2009:00:35:50 -0700] "GET /logs/access_090901.log HTTP/1.1" 200 42289 "http://www.peaceyoga.com/logs/" "Mozilla/4.0 (compatible; MSIE 7.0; Windows NT 5.2)" "www.peaceyoga.com"
72.30.142.87 - - [18/Sep/2009:17:17:30 -0700] "GET /logs/access_080401.log HTTP/1.0" 404 275 "-" "Mozilla/5.0 (compatible; Yahoo! Slurp/3.0; http://help.yahoo.com/help/us/ysearch/slurp)" "www.peaceyoga.com"
72.30.142.87 - - [19/Sep/2009:02:28:57 -0700] "GET /logs/ HTTP/1.0" 200 4074 "-" "Mozilla/5.0 (compatible; Yahoo! Slurp/3.0; http://help.yahoo.com/help/us/ysearch/slurp)" "www.peaceyoga.com"
72.30.142.87 - - [19/Sep/2009:03:43:08 -0700] "GET /logs/access_080501.log HTTP/1.0" 404 275 "-" "Mozilla/5.0 (compatible; Yahoo! Slurp/3.0; http://help.yahoo.com/help/us/ysearch/slurp)" "www.peaceyoga.com"
38.108.180.163 - - [19/Sep/2009:04:16:30 -0700] "GET /robots.txt HTTP/1.1" 404 275 "-" "Mozilla/5.0 (compatible; ScoutJet; +http://www.scoutjet.com/)" "peaceyoga.com"
38.108.180.163 - - [19/Sep/2009:04:16:31 -0700] "GET /?M=A HTTP/1.1" 200 916 "-" "Mozilla/5.0 (compatible; ScoutJet; +http://www.scoutjet.com/)" "peaceyoga.com"
38.108.180.163 - - [19/Sep/2009:04:16:41 -0700] "GET /?S=A HTTP/1.1" 200 916 "-" "Mozilla/5.0 (compatible; ScoutJet; +http://www.scoutjet.com/)" "peaceyoga.com"
38.108.180.163 - - [19/Sep/2009:04:16:52 -0700] "GET /?N=D HTTP/1.1" 200 916 "-" "Mozilla/5.0 (compatible; ScoutJet; +http://www.scoutjet.com/)" "peaceyoga.com"
38.108.180.163 - - [19/Sep/2009:04:17:02 -0700] "GET /tmp/ HTTP/1.0" 200 504 "-" "Mozilla/5.0 (compatible; ScoutJet; +http://www.scoutjet.com/)" "peaceyoga.com"
38.108.180.163 - - [19/Sep/2009:04:17:13 -0700] "GET /?N=A HTTP/1.1" 200 916 "-" "Mozilla/5.0 (compatible; ScoutJet; +http://www.scoutjet.com/)" "peaceyoga.com"
38.108.180.163 - - [19/Sep/2009:04:17:24 -0700] "GET /?D=D HTTP/1.1" 200 916 "-" "Mozilla/5.0 (compatible; ScoutJet; +http://www.scoutjet.com/)" "peaceyoga.com"
72.30.142.217 - - [19/Sep/2009:07:52:09 -0700] "GET / HTTP/1.0" 200 900 "-" "Mozilla/5.0 (compatible; Yahoo! Slurp/3.0; http://help.yahoo.com/help/us/ysearch/slurp)" "peaceyoga.com"
74.6.22.110 - - [19/Sep/2009:09:35:35 -0700] "GET / HTTP/1.0" 200 900 "-" "Mozilla/5.0 (compatible; Yahoo! Slurp/3.0; http://help.yahoo.com/help/us/ysearch/slurp)" "peaceyoga.com"
72.30.142.87 - - [19/Sep/2009:11:10:59 -0700] "GET /logs/access_061231.log HTTP/1.0" 404 275 "-" "Mozilla/5.0 (compatible; Yahoo! Slurp/3.0; http://help.yahoo.com/help/us/ysearch/slurp)" "www.peaceyoga.com"
72.30.142.87 - - [19/Sep/2009:13:48:59 -0700] "GET /logs/access_061201.log HTTP/1.0" 404 275 "-" "Mozilla/5.0 (compatible; Yahoo! Slurp/3.0; http://help.yahoo.com/help/us/ysearch/slurp)" "www.peaceyoga.com"
74.6.22.110 - - [19/Sep/2009:17:34:26 -0700] "GET /?M=A HTTP/1.0" 200 900 "-" "Mozilla/5.0 (compatible; Yahoo! Slurp/3.0; http://help.yahoo.com/help/us/ysearch/slurp)" "peaceyoga.com"
202.134.227.89 - - [20/Sep/2009:00:21:13 -0700] "GET / HTTP/1.1" 200 916 "-" "Mozilla/4.0 (compatible; MSIE 8.0; Windows NT 5.1; Trident/4.0; InfoPath.2)" "www.peaceyoga.com"
202.134.227.89 - - [20/Sep/2009:00:21:15 -0700] "GET /favicon.ico HTTP/1.1" 404 275 "-" "Mozilla/4.0 (compatible; MSIE 8.0; Windows NT 5.1; Trident/4.0; InfoPath.2)" "www.peaceyoga.com"
74.6.22.110 - - [20/Sep/2009:00:38:41 -0700] "GET /logs/ HTTP/1.0" 200 4074 "-" "Mozilla/5.0 (compatible; Yahoo! Slurp/3.0; http://help.yahoo.com/help/us/ysearch/slurp)" "peaceyoga.com"
74.12.192.88 - - [20/Sep/2009:05:16:19 -0700] "GET / HTTP/1.1" 200 916 "-" "Mozilla/4.0 (compatible; MSIE 6.0; Windows NT 5.1; .NET CLR 1.1.4322)" "www.peaceyoga.com"
74.12.192.88 - - [20/Sep/2009:05:16:19 -0700] "GET / HTTP/1.1" 200 916 "-" "Mozilla/4.0 (compatible; MSIE 5.0; Windows XP) Opera 6.05 [en]" "www.peaceyoga.com"
74.12.192.88 - - [20/Sep/2009:05:16:24 -0700] "GET / HTTP/1.1" 200 916 "-" "Mozilla/4.0 (compatible; MSIE 6.0; Windows NT 5.1; .NET CLR 1.1.4322)" "www.peaceyoga.com"
74.12.192.88 - - [20/Sep/2009:05:16:25 -0700] "GET / HTTP/1.1" 200 916 "-" "Mozilla/4.0 (compatible; MSIE 5.0; Windows XP) Opera 6.05 [en]" "www.peaceyoga.com"
74.12.192.88 - - [20/Sep/2009:05:16:29 -0700] "GET / HTTP/1.1" 200 916 "-" "Mozilla/4.0 (compatible; MSIE 6.0; Windows NT 5.1; .NET CLR 1.1.4322)" "www.peaceyoga.com"
74.12.192.88 - - [20/Sep/2009:05:16:30 -0700] "GET / HTTP/1.1" 200 916 "-" "Mozilla/4.0 (compatible; MSIE 5.0; Windows XP) Opera 6.05 [en]" "www.peaceyoga.com"
74.12.192.88 - - [20/Sep/2009:05:16:35 -0700] "GET / HTTP/1.1" 200 916 "-" "Mozilla/4.0 (compatible; MSIE 6.0; Windows NT 5.1; .NET CLR 1.1.4322)" "www.peaceyoga.com"
74.12.192.88 - - [20/Sep/2009:05:16:35 -0700] "GET / HTTP/1.1" 200 916 "-" "Mozilla/4.0 (compatible; MSIE 5.0; Windows XP) Opera 6.05 [en]" "www.peaceyoga.com"
70.53.115.2 - - [20/Sep/2009:05:27:56 -0700] "GET / HTTP/1.1" 200 916 "-" "Mozilla/4.0 (compatible; MSIE 6.0; Windows NT 5.1; .NET CLR 1.1.4322)" "www.peaceyoga.com"
70.53.115.2 - - [20/Sep/2009:05:28:03 -0700] "GET / HTTP/1.1" 200 916 "-" "Mozilla/4.0 (compatible; MSIE 6.0; Windows NT 5.1; .NET CLR 1.1.4322)" "www.peaceyoga.com"
70.53.115.2 - - [20/Sep/2009:05:28:09 -0700] "GET / HTTP/1.1" 200 916 "-" "Mozilla/4.0 (compatible; MSIE 6.0; Windows NT 5.1; .NET CLR 1.1.4322)" "www.peaceyoga.com"
70.53.115.2 - - [20/Sep/2009:05:28:16 -0700] "GET / HTTP/1.1" 200 916 "-" "Mozilla/4.0 (compatible; MSIE 6.0; Windows NT 5.1; .NET CLR 1.1.4322)" "www.peaceyoga.com"
119.63.193.63 - - [20/Sep/2009:09:53:26 -0700] "GET /robots.txt HTTP/1.1" 404 275 "-" "Baiduspider+(+http://www.baidu.jp/spider/)" "www.peaceyoga.com"
97.74.94.159 - - [20/Sep/2009:10:09:29 -0700] "GET / HTTP/1.0" 200 900 "-" "Python-urllib/1.17" "peaceyoga.com"
74.6.8.93 - - [20/Sep/2009:13:07:41 -0700] "GET /?S=A HTTP/1.0" 200 900 "-" "Mozilla/5.0 (compatible; Yahoo! Slurp/3.0; http://help.yahoo.com/help/us/ysearch/slurp)" "peaceyoga.com"
74.6.8.93 - - [20/Sep/2009:16:03:54 -0700] "GET /logs/access_080801.log HTTP/1.0" 200 1963 "-" "Mozilla/5.0 (compatible; Yahoo! Slurp/3.0; http://help.yahoo.com/help/us/ysearch/slurp)" "peaceyoga.com"
93.158.145.27 - - [20/Sep/2009:18:19:50 -0700] "GET /robots.txt HTTP/1.1" 404 275 "-" "Yandex/1.01.001 (compatible; Win16; I)" "www.peaceyoga.com"
174.129.121.101 - - [20/Sep/2009:19:58:45 -0700] "GET /robots.txt HTTP/1.0" 404 275 "-" "ia_archiver (+http://www.alexa.com/site/help/webmasters; crawler@alexa.com)" "www.peaceyoga.com"
174.129.121.101 - - [20/Sep/2009:19:58:45 -0700] "GET /logs/access_090101.log HTTP/1.0" 200 3048 "-" "ia_archiver (+http://www.alexa.com/site/help/webmasters; crawler@alexa.com)" "www.peaceyoga.com"
74.6.18.241 - - [20/Sep/2009:21:20:47 -0700] "GET /tmp/ HTTP/1.0" 200 504 "-" "Mozilla/5.0 (compatible; Yahoo! Slurp/3.0; http://help.yahoo.com/help/us/ysearch/slurp)" "peaceyoga.com"
72.30.142.87 - - [21/Sep/2009:09:25:41 -0700] "GET /logs/access_070801.log HTTP/1.0" 404 275 "-" "Mozilla/5.0 (compatible; Yahoo! Slurp/3.0; http://help.yahoo.com/help/us/ysearch/slurp)" "www.peaceyoga.com"
65.55.211.110 - - [21/Sep/2009:10:24:38 -0700] "GET /robots.txt HTTP/1.1" 404 275 "-" "msnbot/1.1 (+http://search.msn.com/msnbot.htm)" "peaceyoga.com"
65.55.211.110 - - [21/Sep/2009:10:24:38 -0700] "GET / HTTP/1.1" 200 916 "-" "msnbot/1.1 (+http://search.msn.com/msnbot.htm)" "peaceyoga.com"
74.6.18.241 - - [21/Sep/2009:11:03:27 -0700] "GET /?N=D HTTP/1.0" 200 900 "-" "Mozilla/5.0 (compatible; Yahoo! Slurp/3.0; http://help.yahoo.com/help/us/ysearch/slurp)" "peaceyoga.com"
173.51.251.224 - - [21/Sep/2009:12:17:58 -0700] "GET / HTTP/1.0" 200 900 "-" "Mozilla/5.0 (Windows; U; Windows NT 5.1; en-US; rv:1.9.0.12) Gecko/2009070611 Firefox/3.0.12" "www.peaceyoga.com"
72.30.142.87 - - [21/Sep/2009:19:57:12 -0700] "GET /logs/access_080401.log HTTP/1.0" 404 275 "-" "Mozilla/5.0 (compatible; Yahoo! Slurp/3.0; http://help.yahoo.com/help/us/ysearch/slurp)" "www.peaceyoga.com"
74.6.18.241 - - [21/Sep/2009:20:47:10 -0700] "GET /logs/access_080329.log HTTP/1.0" 404 275 "-" "Mozilla/5.0 (compatible; Yahoo! Slurp/3.0; http://help.yahoo.com/help/us/ysearch/slurp)" "peaceyoga.com"
72.30.78.231 - - [22/Sep/2009:11:48:34 -0700] "GET /tmp/?N=D HTTP/1.0" 200 504 "-" "Mozilla/5.0 (compatible; Yahoo! Slurp/3.0; http://help.yahoo.com/help/us/ysearch/slurp)" "www.peaceyoga.com"
93.158.145.27 - - [22/Sep/2009:13:59:31 -0700] "GET /robots.txt HTTP/1.1" 404 275 "-" "Yandex/1.01.001 (compatible; Win16; I)" "www.peaceyoga.com"
77.88.51.26 - - [22/Sep/2009:17:11:10 -0700] "GET / HTTP/1.1" 200 916 "-" "Yandex/1.01.001 (compatible; Win16; H)" "www.peaceyoga.com"
77.88.51.26 - - [22/Sep/2009:17:11:11 -0700] "GET /robots.txt HTTP/1.1" 404 275 "-" "Yandex/1.01.001 (compatible; Win16; H)" "www.peaceyoga.com"
77.88.51.26 - - [22/Sep/2009:17:11:11 -0700] "GET / HTTP/1.1" 200 916 "-" "Yandex/1.01.001 (compatible; Win16; H)" "www.peaceyoga.com"
72.30.78.231 - - [22/Sep/2009:19:35:34 -0700] "GET / HTTP/1.0" 200 900 "-" "Mozilla/5.0 (compatible; Yahoo! Slurp/3.0; http://help.yahoo.com/help/us/ysearch/slurp)" "www.peaceyoga.com"
72.30.78.231 - - [22/Sep/2009:20:12:59 -0700] "GET /?M=A HTTP/1.0" 200 900 "-" "Mozilla/5.0 (compatible; Yahoo! Slurp/3.0; http://help.yahoo.com/help/us/ysearch/slurp)" "www.peaceyoga.com"
38.108.180.50 - - [22/Sep/2009:23:00:39 -0700] "GET /robots.txt HTTP/1.1" 404 275 "-" "Mozilla/5.0 (compatible; ScoutJet; +http://www.scoutjet.com/)" "peaceyoga.com"
38.108.180.50 - - [22/Sep/2009:23:00:40 -0700] "GET / HTTP/1.1" 200 916 "-" "Mozilla/5.0 (compatible; ScoutJet; +http://www.scoutjet.com/)" "peaceyoga.com"
72.30.78.231 - - [23/Sep/2009:08:36:51 -0700] "GET /logs/access_080301.log HTTP/1.0" 404 275 "-" "Mozilla/5.0 (compatible; Yahoo! Slurp/3.0; http://help.yahoo.com/help/us/ysearch/slurp)" "www.peaceyoga.com"
213.239.218.48 - - [23/Sep/2009:12:12:21 -0700] "GET / HTTP/1.0" 200 900 "-" "Wget/1.11.4" "www.peaceyoga.com"
74.6.18.241 - - [23/Sep/2009:15:55:16 -0700] "GET /_private/ HTTP/1.0" 403 163 "-" "Mozilla/5.0 (compatible; Yahoo! Slurp/3.0; http://help.yahoo.com/help/us/ysearch/slurp)" "peaceyoga.com"
72.30.78.231 - - [23/Sep/2009:17:55:09 -0700] "GET /logs/access_080331.log HTTP/1.0" 404 275 "-" "Mozilla/5.0 (compatible; Yahoo! Slurp/3.0; http://help.yahoo.com/help/us/ysearch/slurp)" "www.peaceyoga.com"
72.30.78.231 - - [23/Sep/2009:20:26:51 -0700] "GET /?N=A HTTP/1.0" 200 900 "-" "Mozilla/5.0 (compatible; Yahoo! Slurp/3.0; http://help.yahoo.com/help/us/ysearch/slurp)" "www.peaceyoga.com"
72.30.161.228 - - [24/Sep/2009:00:48:55 -0700] "GET /logs/access_070701.log HTTP/1.0" 404 275 "-" "Mozilla/5.0 (compatible; Yahoo! Slurp/3.0; http://help.yahoo.com/help/us/ysearch/slurp)" "www.peaceyoga.com"
74.6.18.241 - - [24/Sep/2009:05:10:50 -0700] "GET /logs/?D=A HTTP/1.0" 200 4074 "-" "Mozilla/5.0 (compatible; Yahoo! Slurp/3.0; http://help.yahoo.com/help/us/ysearch/slurp)" "peaceyoga.com"
71.196.109.195 - - [24/Sep/2009:06:49:48 -0700] "GET / HTTP/1.1" 200 916 "-" "Mozilla/4.0 (compatible; MSIE 7.0; Windows NT 5.1; FunWebProducts; GTB6; .NET CLR 1.1.4322)" "www.peaceyoga.com"
93.158.145.27 - - [24/Sep/2009:16:16:03 -0700] "GET /robots.txt HTTP/1.1" 404 275 "-" "Yandex/1.01.001 (compatible; Win16; I)" "www.peaceyoga.com"
24.90.187.236 - - [24/Sep/2009:19:47:05 -0700] "GET / HTTP/1.1" 200 916 "http://search.yahoo.com/search?fr=mcafee&p=peace+yoga+center+richmond+hill+ny" "Mozilla/4.0 (compatible; MSIE 8.0; Windows NT 5.1; Trident/4.0; .NET CLR 1.1.4322)" "peaceyoga.com"
24.90.187.236 - - [24/Sep/2009:19:47:06 -0700] "GET /favicon.ico HTTP/1.1" 404 275 "-" "Mozilla/4.0 (compatible; MSIE 8.0; Windows NT 5.1; Trident/4.0; .NET CLR 1.1.4322)" "peaceyoga.com"
24.90.187.236 - - [24/Sep/2009:19:49:42 -0700] "GET /favicon.ico HTTP/1.1" 404 275 "-" "Mozilla/4.0 (compatible; MSIE 8.0; Windows NT 5.1; Trident/4.0; .NET CLR 1.1.4322)" "peaceyoga.com"
24.90.187.236 - - [24/Sep/2009:19:49:45 -0700] "GET /?N=D HTTP/1.1" 200 916 "http://peaceyoga.com/" "Mozilla/4.0 (compatible; MSIE 8.0; Windows NT 5.1; Trident/4.0; .NET CLR 1.1.4322)" "peaceyoga.com"
24.90.187.236 - - [24/Sep/2009:20:01:40 -0700] "GET / HTTP/1.1" 200 916 "http://search.yahoo.com/search;_ylt=A0geu9V_MrxKTaMA10xXNyoA?p=peace+yoga+center+richmond+hill+ny&fr2=sb-top&fr=mcafee&sao=0" "Mozilla/4.0 (compatible; MSIE 8.0; Windows NT 5.1; Trident/4.0; .NET CLR 1.1.4322)" "peaceyoga.com"
24.90.187.236 - - [24/Sep/2009:20:02:22 -0700] "GET / HTTP/1.1" 200 916 "http://local.yahoo.com/results?p=yoga&fr=&sortby=aname&csz=New+York%2C+NY+10007&f=P" "Mozilla/4.0 (compatible; MSIE 8.0; Windows NT 5.1; Trident/4.0; .NET CLR 1.1.4322)" "peaceyoga.com"
72.30.161.228 - - [24/Sep/2009:21:17:47 -0700] "GET /logs/access_061231.log HTTP/1.0" 404 275 "-" "Mozilla/5.0 (compatible; Yahoo! Slurp/3.0; http://help.yahoo.com/help/us/ysearch/slurp)" "www.peaceyoga.com"
65.55.106.135 - - [25/Sep/2009:00:13:51 -0700] "GET /robots.txt HTTP/1.1" 404 275 "-" "msnbot/2.0b (+http://search.msn.com/msnbot.htm)" "peaceyoga.com"
65.55.106.135 - - [25/Sep/2009:00:41:40 -0700] "GET / HTTP/1.1" 200 916 "-" "msnbot/2.0b (+http://search.msn.com/msnbot.htm)" "peaceyoga.com"
93.158.145.27 - - [25/Sep/2009:10:20:24 -0700] "GET / HTTP/1.1" 200 916 "-" "Yandex/1.01.001 (compatible; Win16; I)" "www.peaceyoga.com"
93.158.145.27 - - [25/Sep/2009:18:05:41 -0700] "GET /robots.txt HTTP/1.1" 404 275 "-" "Yandex/1.01.001 (compatible; Win16; I)" "www.peaceyoga.com"
72.30.161.228 - - [26/Sep/2009:03:16:37 -0700] "GET /logs/access.log HTTP/1.0" 200 47222 "-" "Mozilla/5.0 (compatible; Yahoo! Slurp/3.0; http://help.yahoo.com/help/us/ysearch/slurp)" "www.peaceyoga.com"
74.6.18.241 - - [26/Sep/2009:09:52:47 -0700] "GET / HTTP/1.0" 200 900 "-" "Mozilla/5.0 (compatible; Yahoo! Slurp/3.0; http://help.yahoo.com/help/us/ysearch/slurp)" "peaceyoga.com"
72.30.79.54 - - [26/Sep/2009:10:49:00 -0700] "GET /?D=A HTTP/1.0" 200 900 "-" "Mozilla/5.0 (compatible; Yahoo! Slurp/3.0; http://help.yahoo.com/help/us/ysearch/slurp)" "peaceyoga.com"
93.158.145.27 - - [26/Sep/2009:12:44:05 -0700] "GET / HTTP/1.1" 200 916 "-" "Yandex/1.01.001 (compatible; Win16; I)" "www.peaceyoga.com"
72.30.79.95 - - [26/Sep/2009:23:36:53 -0700] "GET /?M=A HTTP/1.0" 200 900 "-" "Mozilla/5.0 (compatible; Yahoo! Slurp/3.0; http://help.yahoo.com/help/us/ysearch/slurp)" "peaceyoga.com"
38.108.180.50 - - [27/Sep/2009:07:01:32 -0700] "GET /?D=A HTTP/1.1" 200 916 "-" "Mozilla/5.0 (compatible; ScoutJet; +http://www.scoutjet.com/)" "peaceyoga.com"
72.30.79.95 - - [27/Sep/2009:13:27:27 -0700] "GET /?S=A HTTP/1.0" 200 900 "-" "Mozilla/5.0 (compatible; Yahoo! Slurp/3.0; http://help.yahoo.com/help/us/ysearch/slurp)" "peaceyoga.com"
74.6.22.158 - - [27/Sep/2009:15:16:29 -0700] "GET /logs/access_070330.log HTTP/1.0" 404 275 "-" "Mozilla/5.0 (compatible; Yahoo! Slurp/3.0; http://help.yahoo.com/help/us/ysearch/slurp)" "www.peaceyoga.com"
74.6.22.158 - - [27/Sep/2009:20:36:28 -0700] "GET /logs/access_070401.log HTTP/1.0" 404 275 "-" "Mozilla/5.0 (compatible; Yahoo! Slurp/3.0; http://help.yahoo.com/help/us/ysearch/slurp)" "www.peaceyoga.com"
72.30.79.95 - - [28/Sep/2009:10:09:08 -0700] "GET /tmp/ HTTP/1.0" 200 504 "-" "Mozilla/5.0 (compatible; Yahoo! Slurp/3.0; http://help.yahoo.com/help/us/ysearch/slurp)" "peaceyoga.com"
174.34.157.98 - - [28/Sep/2009:10:59:16 -0700] "GET /logs/access_081231.log HTTP/1.1" 206 85700 "-" "Mozilla/4.0 (compatible; MSIE 5.0; Windows 98; DigExt\\)" "www.peaceyoga.com"
174.34.157.98 - - [28/Sep/2009:10:59:16 -0700] "GET /logs/access_081231.log HTTP/1.1" 206 85700 "" "Mozilla/4.0 (compatible; MSIE 6.0; Windows NT 5.1; SV1)" "www.peaceyoga.com"
69.64.155.116 - - [28/Sep/2009:15:28:40 -0700] "GET / HTTP/1.1" 200 916 "-" "libwww-perl/5.814" "peaceyoga.com"
72.30.79.95 - - [28/Sep/2009:16:00:36 -0700] "GET /?N=D HTTP/1.0" 200 900 "-" "Mozilla/5.0 (compatible; Yahoo! Slurp/3.0; http://help.yahoo.com/help/us/ysearch/slurp)" "peaceyoga.com"
174.34.157.98 - - [29/Sep/2009:01:32:22 -0700] "GET /logs/access_090201.log HTTP/1.1" 206 117565 "-" "Mozilla/4.0 (compatible; MSIE 5.0; Windows 98; DigExt\\)" "www.peaceyoga.com"
