74.6.22.189 - - [30/Sep/2009:19:12:15 -0700] "GET /logs/ HTTP/1.0" 200 4074 "-" "Mozilla/5.0 (compatible; Yahoo! Slurp/3.0; http://help.yahoo.com/help/us/ysearch/slurp)" "peaceyoga.com"
174.34.157.98 - - [30/Sep/2009:20:48:57 -0700] "GET /logs/access_081231.log HTTP/1.1" 206 85700 "-" "Mozilla/4.0 (compatible; MSIE 5.0; Windows 98; DigExt\\)" "www.peaceyoga.com"
174.34.157.98 - - [30/Sep/2009:20:48:57 -0700] "GET /logs/access_081231.log HTTP/1.1" 206 85700 "-" "Mozilla/4.0 (compatible; MSIE 6.0; Windows NT 5.1; SV1)" "www.peaceyoga.com"
93.158.145.27 - - [30/Sep/2009:20:50:43 -0700] "GET /robots.txt HTTP/1.1" 404 275 "-" "Yandex/1.01.001 (compatible; Win16; I)" "www.peaceyoga.com"
76.91.115.204 - - [30/Sep/2009:23:54:49 -0700] "GET / HTTP/1.1" 200 916 "-" "Mozilla/4.0 (compatible; MSIE 8.0; Windows NT 6.0; WOW64; Trident/4.0; SLCC1; .NET CLR 2.0.50727; Media Center PC 5.0; InfoPath.2; .NET CLR 3.5.30729; .NET CLR 3.0.30729)" "peaceyoga.com"
76.91.115.204 - - [30/Sep/2009:23:54:49 -0700] "GET /favicon.ico HTTP/1.1" 404 275 "-" "Mozilla/4.0 (compatible; MSIE 8.0; Windows NT 6.0; WOW64; Trident/4.0; SLCC1; .NET CLR 2.0.50727; Media Center PC 5.0; InfoPath.2; .NET CLR 3.5.30729; .NET CLR 3.0.30729)" "peaceyoga.com"
93.158.145.27 - - [01/Oct/2009:06:05:59 -0700] "GET / HTTP/1.1" 200 916 "-" "Yandex/1.01.001 (compatible; Win16; I)" "www.peaceyoga.com"
115.133.224.130 - - [01/Oct/2009:06:33:22 -0700] "GET / HTTP/1.1" 200 916 "-" "Mozilla/4.0 (compatible; MSIE 8.0; Windows NT 6.1; Trident/4.0; SLCC2; .NET CLR 2.0.50727; .NET CLR 3.5.30729; .NET CLR 3.0.30729; Media Center PC 6.0; InfoPath.2)" "www.peaceyoga.com"
115.133.224.130 - - [01/Oct/2009:06:33:24 -0700] "GET /favicon.ico HTTP/1.1" 404 275 "-" "Mozilla/4.0 (compatible; MSIE 8.0; Windows NT 6.1; Trident/4.0; SLCC2; .NET CLR 2.0.50727; .NET CLR 3.5.30729; .NET CLR 3.0.30729; Media Center PC 6.0; InfoPath.2)" "www.peaceyoga.com"
174.34.157.98 - - [01/Oct/2009:06:56:48 -0700] "GET /logs/access_090201.log HTTP/1.1" 206 117565 "-" "Mozilla/4.0 (compatible; MSIE 5.0; Windows 98; DigExt\\)" "www.peaceyoga.com"
174.34.157.98 - - [01/Oct/2009:06:56:48 -0700] "GET /logs/access_090201.log HTTP/1.1" 206 117565 "-" "Mozilla/4.0 (compatible; MSIE 6.0; Windows NT 5.1; SV1)" "www.peaceyoga.com"
67.202.63.236 - - [01/Oct/2009:09:21:12 -0700] "GET /robots.txt HTTP/1.0" 404 275 "-" "taptubot *** please read http://www.taptu.com/corp/taptubot ***" "www.peaceyoga.com"
67.202.63.236 - - [01/Oct/2009:09:21:13 -0700] "GET /apple-touch-icon.png HTTP/1.0" 404 275 "-" "Mozilla/5.0 (iPhone; U; CPU like Mac OS X; en) AppleWebKit/420+ (KHTML, like Gecko) Version/3.0 Mobile/1A543a Safari/419.3" "www.peaceyoga.com"
67.202.63.236 - - [01/Oct/2009:09:21:13 -0700] "GET / HTTP/1.0" 200 900 "-" "Mozilla/5.0 (iPhone; U; CPU like Mac OS X; en) AppleWebKit/420+ (KHTML, like Gecko) Version/3.0 Mobile/1A543a Safari/419.3" "peaceyoga.com"
67.202.63.236 - - [01/Oct/2009:09:21:19 -0700] "GET /m/ HTTP/1.0" 404 275 "-" "Mozilla/5.0 (iPhone; U; CPU like Mac OS X; en) AppleWebKit/420+ (KHTML, like Gecko) Version/3.0 Mobile/1A543a Safari/419.3" "peaceyoga.com"
67.202.63.236 - - [01/Oct/2009:09:21:19 -0700] "GET /mobile/ HTTP/1.0" 404 275 "-" "Mozilla/5.0 (iPhone; U; CPU like Mac OS X; en) AppleWebKit/420+ (KHTML, like Gecko) Version/3.0 Mobile/1A543a Safari/419.3" "peaceyoga.com"
67.202.63.236 - - [01/Oct/2009:09:21:19 -0700] "GET /mobi/ HTTP/1.0" 404 275 "-" "Mozilla/5.0 (iPhone; U; CPU like Mac OS X; en) AppleWebKit/420+ (KHTML, like Gecko) Version/3.0 Mobile/1A543a Safari/419.3" "peaceyoga.com"
67.202.63.236 - - [01/Oct/2009:09:21:19 -0700] "GET /iphone/ HTTP/1.0" 404 275 "-" "Mozilla/5.0 (iPhone; U; CPU like Mac OS X; en) AppleWebKit/420+ (KHTML, like Gecko) Version/3.0 Mobile/1A543a Safari/419.3" "peaceyoga.com"
67.202.63.236 - - [01/Oct/2009:09:21:20 -0700] "GET /pda/ HTTP/1.0" 404 275 "-" "Mozilla/5.0 (iPhone; U; CPU like Mac OS X; en) AppleWebKit/420+ (KHTML, like Gecko) Version/3.0 Mobile/1A543a Safari/419.3" "peaceyoga.com"
67.202.63.236 - - [01/Oct/2009:09:21:20 -0700] "GET /m/ HTTP/1.0" 404 275 "-" "Mozilla/5.0 (iPhone; U; CPU like Mac OS X; en) AppleWebKit/420+ (KHTML, like Gecko) Version/3.0 Mobile/1A543a Safari/419.3" "www.peaceyoga.com"
67.202.63.236 - - [01/Oct/2009:09:21:20 -0700] "GET /mobile/ HTTP/1.0" 404 275 "-" "Mozilla/5.0 (iPhone; U; CPU like Mac OS X; en) AppleWebKit/420+ (KHTML, like Gecko) Version/3.0 Mobile/1A543a Safari/419.3" "www.peaceyoga.com"
67.202.63.236 - - [01/Oct/2009:09:21:22 -0700] "GET /mobi/ HTTP/1.0" 404 275 "-" "Mozilla/5.0 (iPhone; U; CPU like Mac OS X; en) AppleWebKit/420+ (KHTML, like Gecko) Version/3.0 Mobile/1A543a Safari/419.3" "www.peaceyoga.com"
67.202.63.236 - - [01/Oct/2009:09:21:22 -0700] "GET /iphone/ HTTP/1.0" 404 275 "-" "Mozilla/5.0 (iPhone; U; CPU like Mac OS X; en) AppleWebKit/420+ (KHTML, like Gecko) Version/3.0 Mobile/1A543a Safari/419.3" "www.peaceyoga.com"
67.202.63.236 - - [01/Oct/2009:09:21:22 -0700] "GET /pda/ HTTP/1.0" 404 275 "-" "Mozilla/5.0 (iPhone; U; CPU like Mac OS X; en) AppleWebKit/420+ (KHTML, like Gecko) Version/3.0 Mobile/1A543a Safari/419.3" "www.peaceyoga.com"
67.202.63.236 - - [01/Oct/2009:09:21:22 -0700] "GET / HTTP/1.0" 200 900 "-" "Mozilla/5.0 (Windows; U; Windows NT 5.1; en-GB; rv:1.8.1.6; taptu-downloader) Gecko/20070725 Firefox/2.0.0.6" "www.peaceyoga.com"
72.144.255.145 - - [01/Oct/2009:10:00:32 -0700] "GET / HTTP/1.1" 200 916 "-" "Mozilla/5.0 (Macintosh; U; Intel Mac OS X 10_5_8; en-us) AppleWebKit/531.9 (KHTML, like Gecko) Version/4.0.3 Safari/531.9" "www.peaceyoga.com"
72.144.255.145 - - [01/Oct/2009:10:00:32 -0700] "GET /favicon.ico HTTP/1.1" 404 275 "http://www.peaceyoga.com/" "Mozilla/5.0 (Macintosh; U; Intel Mac OS X 10_5_8; en-us) AppleWebKit/531.9 (KHTML, like Gecko) Version/4.0.3 Safari/531.9" "www.peaceyoga.com"
72.30.79.125 - - [01/Oct/2009:10:38:39 -0700] "GET /tmp/?M=A HTTP/1.0" 200 504 "-" "Mozilla/5.0 (compatible; Yahoo! Slurp/3.0; http://help.yahoo.com/help/us/ysearch/slurp)" "www.peaceyoga.com"
76.89.194.105 - - [01/Oct/2009:23:57:59 -0700] "GET / HTTP/1.1" 200 916 "-" "Mozilla/5.0 (Macintosh; U; Intel Mac OS X 10_5_8; en-us) AppleWebKit/530.19.2 (KHTML, like Gecko) Version/4.0.2 Safari/530.19" "peaceyoga.com"
76.89.194.105 - - [01/Oct/2009:23:58:00 -0700] "GET /favicon.ico HTTP/1.1" 404 275 "http://peaceyoga.com/" "Mozilla/5.0 (Macintosh; U; Intel Mac OS X 10_5_8; en-us) AppleWebKit/530.19.2 (KHTML, like Gecko) Version/4.0.2 Safari/530.19" "peaceyoga.com"
60.53.26.145 - - [02/Oct/2009:02:41:12 -0700] "GET / HTTP/1.1" 200 916 "-" "Mozilla/4.0 (compatible; MSIE 7.0; Windows NT 5.1; .NET CLR 2.0.50727; .NET CLR 3.0.4506.2152; .NET CLR 3.5.30729; OfficeLiveConnector.1.3; OfficeLivePatch.0.0)" "www.peaceyoga.com"
60.53.26.145 - - [02/Oct/2009:02:41:14 -0700] "GET /favicon.ico HTTP/1.1" 404 275 "-" "Mozilla/4.0 (compatible; MSIE 7.0; Windows NT 5.1; .NET CLR 2.0.50727; .NET CLR 3.0.4506.2152; .NET CLR 3.5.30729; OfficeLiveConnector.1.3; OfficeLivePatch.0.0)" "www.peaceyoga.com"
59.93.126.215 - - [02/Oct/2009:04:11:48 -0700] "GET / HTTP/1.1" 200 916 "-" "Mozilla/4.0 (compatible; MSIE 7.0; Windows NT 5.1; InfoPath.2)" "www.peaceyoga.com"
59.93.126.215 - - [02/Oct/2009:04:11:52 -0700] "GET /favicon.ico HTTP/1.1" 404 275 "-" "Mozilla/4.0 (compatible; MSIE 7.0; Windows NT 5.1; InfoPath.2)" "www.peaceyoga.com"
59.93.126.215 - - [02/Oct/2009:04:12:02 -0700] "GET / HTTP/1.1" 200 916 "-" "Mozilla/4.0 (compatible; MSIE 7.0; Windows NT 5.1; InfoPath.2)" "www.peaceyoga.com"
174.34.157.98 - - [02/Oct/2009:05:13:23 -0700] "GET /logs/access_090201.log HTTP/1.1" 206 117565 "-" "Mozilla/4.0 (compatible; MSIE 5.0; Windows 98; DigExt\\)" "www.peaceyoga.com"
174.34.157.98 - - [02/Oct/2009:05:13:23 -0700] "GET /logs/access_090201.log HTTP/1.1" 206 117565 "-" "Mozilla/4.0 (compatible; MSIE 6.0; Windows NT 5.1; SV1)" "www.peaceyoga.com"
76.94.64.84 - - [02/Oct/2009:16:07:26 -0700] "GET / HTTP/1.1" 200 916 "-" "Mozilla/5.0 (Macintosh; U; Intel Mac OS X 10_5_8; en-us) AppleWebKit/531.9 (KHTML, like Gecko) Version/4.0.3 Safari/531.9" "www.peaceyoga.com"
76.94.64.84 - - [02/Oct/2009:16:07:27 -0700] "GET /favicon.ico HTTP/1.1" 404 275 "http://www.peaceyoga.com/" "Mozilla/5.0 (Macintosh; U; Intel Mac OS X 10_5_8; en-us) AppleWebKit/531.9 (KHTML, like Gecko) Version/4.0.3 Safari/531.9" "www.peaceyoga.com"
174.34.157.98 - - [03/Oct/2009:06:00:23 -0700] "GET /logs/access_090201.log HTTP/1.1" 206 117565 "-" "Mozilla/4.0 (compatible; MSIE 5.0; Windows 98; DigExt\\)" "www.peaceyoga.com"
174.34.157.98 - - [03/Oct/2009:06:00:23 -0700] "GET /logs/access_090201.log HTTP/1.1" 206 117565 "-" "Mozilla/4.0 (compatible; MSIE 6.0; Windows NT 5.1; SV1)" "www.peaceyoga.com"
174.34.157.98 - - [03/Oct/2009:08:33:39 -0700] "GET /logs/access_090101.log HTTP/1.1" 206 3048 "-" "Mozilla/4.0 (compatible; MSIE 5.0; Windows 98; DigExt\\)" "www.peaceyoga.com"
174.34.157.98 - - [03/Oct/2009:08:33:39 -0700] "GET /logs/access_090101.log HTTP/1.1" 206 3048 "-" "Mozilla/4.0 (compatible; MSIE 6.0; Windows NT 5.1; SV1)" "www.peaceyoga.com"
174.129.121.101 - - [03/Oct/2009:10:44:21 -0700] "GET /robots.txt HTTP/1.0" 404 275 "-" "ia_archiver (+http://www.alexa.com/site/help/webmasters; crawler@alexa.com)" "www.peaceyoga.com"
174.129.121.101 - - [03/Oct/2009:10:44:21 -0700] "GET /?M=A HTTP/1.0" 200 900 "-" "ia_archiver (+http://www.alexa.com/site/help/webmasters; crawler@alexa.com)" "www.peaceyoga.com"
208.115.111.250 - - [03/Oct/2009:16:34:14 -0700] "GET /robots.txt HTTP/1.1" 404 275 "-" "Mozilla/5.0 (compatible; DotBot/1.1; http://www.dotnetdotcom.org/, crawler@dotnetdotcom.org)" "peaceyoga.com"
72.30.65.56 - - [04/Oct/2009:00:38:20 -0700] "GET /?M=A HTTP/1.0" 200 900 "-" "Mozilla/5.0 (compatible; Yahoo! Slurp/3.0; http://help.yahoo.com/help/us/ysearch/slurp)" "www.peaceyoga.com"
74.6.8.116 - - [04/Oct/2009:07:38:41 -0700] "GET /_private/ HTTP/1.0" 403 163 "-" "Mozilla/5.0 (compatible; Yahoo! Slurp/3.0; http://help.yahoo.com/help/us/ysearch/slurp)" "peaceyoga.com"
174.34.157.98 - - [04/Oct/2009:08:31:01 -0700] "GET /logs/access_081231.log HTTP/1.1" 206 85700 "-" "Mozilla/4.0 (compatible; MSIE 5.0; Windows 98; DigExt\\)" "www.peaceyoga.com"
174.34.157.98 - - [04/Oct/2009:08:31:01 -0700] "GET /logs/access_081231.log HTTP/1.1" 206 85700 "-" "Mozilla/4.0 (compatible; MSIE 6.0; Windows NT 5.1; SV1)" "www.peaceyoga.com"
69.58.178.26 - - [04/Oct/2009:10:06:02 -0700] "GET /robots.txt HTTP/1.1" 404 275 "-" "Mozilla/5.0 (X11; U; Linux i686; en-US; rv:1.7.12; ips-agent) Gecko/20050922 Fedora/1.0.7-1.1.fc4 Firefox/1.0.7" "www.peaceyoga.com"
69.58.178.26 - - [04/Oct/2009:10:06:03 -0700] "GET / HTTP/1.1" 200 916 "-" "Mozilla/5.0 (X11; U; Linux i686; en-US; rv:1.7.12; ips-agent) Gecko/20050922 Fedora/1.0.7-1.1.fc4 Firefox/1.0.7" "www.peaceyoga.com"
69.58.178.26 - - [04/Oct/2009:10:06:04 -0700] "GET /?N=D HTTP/1.1" 200 916 "-" "Mozilla/5.0 (X11; U; Linux i686; en-US; rv:1.7.12; ips-agent) Gecko/20050922 Fedora/1.0.7-1.1.fc4 Firefox/1.0.7" "www.peaceyoga.com"
69.58.178.26 - - [04/Oct/2009:10:06:05 -0700] "GET /?M=A HTTP/1.1" 200 916 "-" "Mozilla/5.0 (X11; U; Linux i686; en-US; rv:1.7.12; ips-agent) Gecko/20050922 Fedora/1.0.7-1.1.fc4 Firefox/1.0.7" "www.peaceyoga.com"
69.58.178.26 - - [04/Oct/2009:10:06:06 -0700] "GET /?S=A HTTP/1.1" 200 916 "-" "Mozilla/5.0 (X11; U; Linux i686; en-US; rv:1.7.12; ips-agent) Gecko/20050922 Fedora/1.0.7-1.1.fc4 Firefox/1.0.7" "www.peaceyoga.com"
69.58.178.26 - - [04/Oct/2009:10:06:07 -0700] "GET /?D=A HTTP/1.1" 200 916 "-" "Mozilla/5.0 (X11; U; Linux i686; en-US; rv:1.7.12; ips-agent) Gecko/20050922 Fedora/1.0.7-1.1.fc4 Firefox/1.0.7" "www.peaceyoga.com"
69.58.178.26 - - [04/Oct/2009:10:06:08 -0700] "GET /_private/ HTTP/1.1" 403 163 "-" "Mozilla/5.0 (X11; U; Linux i686; en-US; rv:1.7.12; ips-agent) Gecko/20050922 Fedora/1.0.7-1.1.fc4 Firefox/1.0.7" "www.peaceyoga.com"
69.58.178.26 - - [04/Oct/2009:10:06:09 -0700] "GET /logs/ HTTP/1.1" 200 4233 "-" "Mozilla/5.0 (X11; U; Linux i686; en-US; rv:1.7.12; ips-agent) Gecko/20050922 Fedora/1.0.7-1.1.fc4 Firefox/1.0.7" "www.peaceyoga.com"
69.58.178.26 - - [04/Oct/2009:10:06:11 -0700] "GET /tmp/ HTTP/1.1" 200 520 "-" "Mozilla/5.0 (X11; U; Linux i686; en-US; rv:1.7.12; ips-agent) Gecko/20050922 Fedora/1.0.7-1.1.fc4 Firefox/1.0.7" "www.peaceyoga.com"
69.58.178.26 - - [04/Oct/2009:10:06:12 -0700] "GET /?N=A HTTP/1.1" 200 916 "-" "Mozilla/5.0 (X11; U; Linux i686; en-US; rv:1.7.12; ips-agent) Gecko/20050922 Fedora/1.0.7-1.1.fc4 Firefox/1.0.7" "www.peaceyoga.com"
69.58.178.26 - - [04/Oct/2009:10:06:13 -0700] "GET /?M=D HTTP/1.1" 200 916 "-" "Mozilla/5.0 (X11; U; Linux i686; en-US; rv:1.7.12; ips-agent) Gecko/20050922 Fedora/1.0.7-1.1.fc4 Firefox/1.0.7" "www.peaceyoga.com"
69.58.178.26 - - [04/Oct/2009:10:06:14 -0700] "GET /?S=D HTTP/1.1" 200 916 "-" "Mozilla/5.0 (X11; U; Linux i686; en-US; rv:1.7.12; ips-agent) Gecko/20050922 Fedora/1.0.7-1.1.fc4 Firefox/1.0.7" "www.peaceyoga.com"
93.158.145.27 - - [04/Oct/2009:14:37:45 -0700] "GET /robots.txt HTTP/1.1" 404 275 "-" "Yandex/1.01.001 (compatible; Win16; I)" "www.peaceyoga.com"
72.30.87.114 - - [04/Oct/2009:18:19:12 -0700] "GET /?S=A HTTP/1.0" 200 900 "-" "Mozilla/5.0 (compatible; Yahoo! Slurp/3.0; http://help.yahoo.com/help/us/ysearch/slurp)" "peaceyoga.com"
208.115.111.250 - - [04/Oct/2009:19:18:58 -0700] "GET / HTTP/1.1" 200 916 "-" "Mozilla/5.0 (compatible; DotBot/1.1; http://www.dotnetdotcom.org/, crawler@dotnetdotcom.org)" "peaceyoga.com"
119.63.193.63 - - [04/Oct/2009:21:31:06 -0700] "GET /robots.txt HTTP/1.1" 404 275 "-" "Baiduspider+(+http://www.baidu.jp/spider/)" "www.peaceyoga.com"
174.34.157.98 - - [04/Oct/2009:22:04:01 -0700] "GET /logs/access_090201.log HTTP/1.1" 206 117565 "-" "Mozilla/4.0 (compatible; MSIE 5.0; Windows 98; DigExt\\)" "www.peaceyoga.com"
174.34.157.98 - - [04/Oct/2009:22:04:01 -0700] "GET /logs/access_090201.log HTTP/1.1" 206 117565 "-" "Mozilla/4.0 (compatible; MSIE 6.0; Windows NT 5.1; SV1)" "www.peaceyoga.com"
93.158.145.27 - - [05/Oct/2009:06:59:53 -0700] "GET / HTTP/1.1" 200 916 "-" "Yandex/1.01.001 (compatible; Win16; I)" "www.peaceyoga.com"
65.55.106.111 - - [05/Oct/2009:08:12:00 -0700] "GET /robots.txt HTTP/1.1" 404 275 "-" "msnbot/2.0b (+http://search.msn.com/msnbot.htm)" "peaceyoga.com"
65.55.106.111 - - [05/Oct/2009:08:13:25 -0700] "GET / HTTP/1.1" 200 916 "-" "msnbot/2.0b (+http://search.msn.com/msnbot.htm)" "peaceyoga.com"
216.145.54.196 - - [05/Oct/2009:10:05:02 -0700] "GET / HTTP/1.1" 200 916 "-" "Mozilla/4.0 (compatible; MSIE 6.0; Windows NT 5.1)" "peaceyoga.com"
173.51.251.224 - - [05/Oct/2009:15:30:03 -0700] "GET / HTTP/1.0" 200 900 "-" "Mozilla/5.0 (Windows; U; Windows NT 5.1; en-US; rv:1.9.0.12) Gecko/2009070611 Firefox/3.0.12" "www.peaceyoga.com"
174.34.157.98 - - [05/Oct/2009:19:26:29 -0700] "GET /logs/access_090201.log HTTP/1.1" 206 117565 "-" "Mozilla/4.0 (compatible; MSIE 5.0; Windows 98; DigExt\\)" "www.peaceyoga.com"
174.34.157.98 - - [05/Oct/2009:19:26:29 -0700] "GET /logs/access_090201.log HTTP/1.1" 206 117565 "-" "Mozilla/4.0 (compatible; MSIE 6.0; Windows NT 5.1; SV1)" "www.peaceyoga.com"
64.191.56.197 - - [06/Oct/2009:02:17:44 -0700] "GET / HTTP/1.1" 200 916 "-" "Mozilla/5.0 (Windows; U; Windows NT 5.1; en-US; rv:1.9.0.5) Gecko/2008120122 Firefox/3.0.5" "peaceyoga.com"
72.30.142.228 - - [06/Oct/2009:07:55:02 -0700] "GET /?S=A HTTP/1.0" 200 900 "-" "Mozilla/5.0 (compatible; Yahoo! Slurp/3.0; http://help.yahoo.com/help/us/ysearch/slurp)" "www.peaceyoga.com"
12.151.112.1 - - [06/Oct/2009:09:50:34 -0700] "GET / HTTP/1.1" 200 916 "http://local.yahoo.com/results;_ylt=AnujLuevEr4VLAgzFakCOACHNcIF;_ylv=3?p=Yoga&csz=Queens%2C+NY+11417&sortby=adistance" "Mozilla/5.0 (Windows; U; Windows NT 5.1; en-US; rv:1.9.1.3) Gecko/20090824 Firefox/3.5.3 (.NET CLR 3.5.30729)" "peaceyoga.com"
12.151.112.1 - - [06/Oct/2009:09:50:34 -0700] "GET /favicon.ico HTTP/1.1" 404 275 "-" "Mozilla/5.0 (Windows; U; Windows NT 5.1; en-US; rv:1.9.1.3) Gecko/20090824 Firefox/3.5.3 (.NET CLR 3.5.30729)" "peaceyoga.com"
12.151.112.1 - - [06/Oct/2009:09:50:37 -0700] "GET /favicon.ico HTTP/1.1" 404 275 "-" "Mozilla/5.0 (Windows; U; Windows NT 5.1; en-US; rv:1.9.1.3) Gecko/20090824 Firefox/3.5.3 (.NET CLR 3.5.30729)" "peaceyoga.com"
12.151.112.1 - - [06/Oct/2009:09:50:39 -0700] "GET /_private/ HTTP/1.1" 403 163 "http://peaceyoga.com/" "Mozilla/5.0 (Windows; U; Windows NT 5.1; en-US; rv:1.9.1.3) Gecko/20090824 Firefox/3.5.3 (.NET CLR 3.5.30729)" "peaceyoga.com"
12.151.112.1 - - [06/Oct/2009:09:50:41 -0700] "GET /logs/ HTTP/1.1" 200 4233 "http://peaceyoga.com/" "Mozilla/5.0 (Windows; U; Windows NT 5.1; en-US; rv:1.9.1.3) Gecko/20090824 Firefox/3.5.3 (.NET CLR 3.5.30729)" "peaceyoga.com"
12.151.112.1 - - [06/Oct/2009:09:50:44 -0700] "GET /tmp/ HTTP/1.1" 200 520 "http://peaceyoga.com/" "Mozilla/5.0 (Windows; U; Windows NT 5.1; en-US; rv:1.9.1.3) Gecko/20090824 Firefox/3.5.3 (.NET CLR 3.5.30729)" "peaceyoga.com"
72.30.142.228 - - [06/Oct/2009:20:22:46 -0700] "GET / HTTP/1.0" 200 900 "-" "Mozilla/5.0 (compatible; Yahoo! Slurp/3.0; http://help.yahoo.com/help/us/ysearch/slurp)" "www.peaceyoga.com"
72.30.142.228 - - [06/Oct/2009:23:17:01 -0700] "GET /tmp/ HTTP/1.0" 200 504 "-" "Mozilla/5.0 (compatible; Yahoo! Slurp/3.0; http://help.yahoo.com/help/us/ysearch/slurp)" "www.peaceyoga.com"
60.51.77.42 - - [07/Oct/2009:06:55:35 -0700] "GET / HTTP/1.1" 200 916 "-" "Mozilla/4.0 (compatible; MSIE 7.0; Windows NT 6.0; SLCC1; .NET CLR 2.0.50727; OfficeLiveConnector.1.3; OfficeLivePatch.0.0; .NET CLR 3.5.30729; .NET CLR 3.0.30618)" "peaceyoga.com"
60.51.77.42 - - [07/Oct/2009:06:55:36 -0700] "GET /favicon.ico HTTP/1.1" 404 275 "-" "Mozilla/4.0 (compatible; MSIE 7.0; Windows NT 6.0; SLCC1; .NET CLR 2.0.50727; OfficeLiveConnector.1.3; OfficeLivePatch.0.0; .NET CLR 3.5.30729; .NET CLR 3.0.30618)" "peaceyoga.com"
72.30.142.228 - - [07/Oct/2009:11:38:15 -0700] "GET /_private/ HTTP/1.0" 403 163 "-" "Mozilla/5.0 (compatible; Yahoo! Slurp/3.0; http://help.yahoo.com/help/us/ysearch/slurp)" "www.peaceyoga.com"
174.34.157.98 - - [08/Oct/2009:06:34:51 -0700] "GET /logs/access_080905.log HTTP/1.1" 206 3838 "-" "Mozilla/4.0 (compatible; MSIE 5.0; Windows 98; DigExt\\)" "www.peaceyoga.com"
174.34.157.98 - - [08/Oct/2009:06:34:51 -0700] "GET /logs/access_080905.log HTTP/1.1" 206 3838 "-" "Mozilla/4.0 (compatible; MSIE 6.0; Windows NT 5.1; SV1)" "www.peaceyoga.com"
96.232.154.192 - - [08/Oct/2009:09:04:32 -0700] "GET /sitemap.xml HTTP/1.1" 404 275 "-" "Mozilla/5.0 (Windows; U; Windows NT 6.0; en-US; rv:1.9.1.3) Gecko/20090824 Firefox/3.5.3 (.NET CLR 3.5.30729)" "www.peaceyoga.com"
207.241.227.58 - - [08/Oct/2009:09:04:34 -0700] "GET /robots.txt HTTP/1.1" 404 275 "-" "ia_archiver-web.archive.org" "www.peaceyoga.com"
96.232.154.214 - - [08/Oct/2009:10:11:27 -0700] "GET /favicon.ico HTTP/1.1" 404 275 "-" "Mozilla/4.0 (compatible; MSIE 7.0; Windows NT 5.1; InfoPath.1; .NET CLR 2.0.50727; .NET CLR 1.1.4322; .NET CLR 3.0.04506.30; .NET CLR 3.0.04506.648; .NET CLR 3.5.21022)" "peaceyoga.com"
96.232.154.214 - - [08/Oct/2009:10:11:41 -0700] "GET / HTTP/1.1" 200 916 "http://local.yahoo.com/results;_ylt=AnOoiSyChvkaXvfJ8Q8e2J2HNcIF;_ylv=3?p=yoga&csz=Queens%2C+NY+11419" "Mozilla/4.0 (compatible; MSIE 7.0; Windows NT 5.1; InfoPath.1; .NET CLR 2.0.50727; .NET CLR 1.1.4322; .NET CLR 3.0.04506.30; .NET CLR 3.0.04506.648; .NET CLR 3.5.21022)" "peaceyoga.com"
96.232.154.214 - - [08/Oct/2009:10:11:43 -0700] "GET / HTTP/1.1" 200 916 "http://peaceyoga.com/" "Mozilla/4.0 (compatible; MSIE 7.0; Windows NT 5.1; InfoPath.1; .NET CLR 2.0.50727; .NET CLR 1.1.4322; .NET CLR 3.0.04506.30; .NET CLR 3.0.04506.648; .NET CLR 3.5.21022)" "peaceyoga.com"
96.232.154.214 - - [08/Oct/2009:10:11:46 -0700] "GET /_private/ HTTP/1.1" 403 163 "http://peaceyoga.com/" "Mozilla/4.0 (compatible; MSIE 7.0; Windows NT 5.1; InfoPath.1; .NET CLR 2.0.50727; .NET CLR 1.1.4322; .NET CLR 3.0.04506.30; .NET CLR 3.0.04506.648; .NET CLR 3.5.21022)" "peaceyoga.com"
38.108.180.163 - - [08/Oct/2009:13:57:16 -0700] "GET /robots.txt HTTP/1.1" 404 275 "-" "Mozilla/5.0 (compatible; ScoutJet; +http://www.scoutjet.com/)" "peaceyoga.com"
38.108.180.163 - - [08/Oct/2009:13:57:16 -0700] "GET / HTTP/1.1" 200 916 "-" "Mozilla/5.0 (compatible; ScoutJet; +http://www.scoutjet.com/)" "peaceyoga.com"
38.108.180.163 - - [08/Oct/2009:19:58:39 -0700] "GET /robots.txt HTTP/1.1" 404 275 "-" "Mozilla/5.0 (compatible; ScoutJet; +http://www.scoutjet.com/)" "peaceyoga.com"
38.108.180.163 - - [08/Oct/2009:19:58:41 -0700] "GET /?N=D HTTP/1.1" 200 916 "-" "Mozilla/5.0 (compatible; ScoutJet; +http://www.scoutjet.com/)" "peaceyoga.com"
38.108.180.163 - - [08/Oct/2009:19:58:49 -0700] "GET /?S=A HTTP/1.1" 200 916 "-" "Mozilla/5.0 (compatible; ScoutJet; +http://www.scoutjet.com/)" "peaceyoga.com"
38.108.180.163 - - [09/Oct/2009:05:45:41 -0700] "GET /robots.txt HTTP/1.1" 404 275 "-" "Mozilla/5.0 (compatible; ScoutJet; +http://www.scoutjet.com/)" "peaceyoga.com"
38.108.180.163 - - [09/Oct/2009:05:45:42 -0700] "GET /?M=A HTTP/1.1" 200 916 "-" "Mozilla/5.0 (compatible; ScoutJet; +http://www.scoutjet.com/)" "peaceyoga.com"
38.108.180.163 - - [09/Oct/2009:05:45:49 -0700] "GET /?D=A HTTP/1.1" 200 916 "-" "Mozilla/5.0 (compatible; ScoutJet; +http://www.scoutjet.com/)" "peaceyoga.com"
38.108.180.163 - - [09/Oct/2009:05:45:57 -0700] "GET /tmp/ HTTP/1.1" 200 520 "-" "Mozilla/5.0 (compatible; ScoutJet; +http://www.scoutjet.com/)" "peaceyoga.com"
38.108.180.163 - - [09/Oct/2009:05:46:05 -0700] "GET /?N=A HTTP/1.1" 200 916 "-" "Mozilla/5.0 (compatible; ScoutJet; +http://www.scoutjet.com/)" "peaceyoga.com"
38.108.180.163 - - [09/Oct/2009:20:22:30 -0700] "GET /robots.txt HTTP/1.1" 404 275 "-" "Mozilla/5.0 (compatible; ScoutJet; +http://www.scoutjet.com/)" "peaceyoga.com"
38.108.180.163 - - [09/Oct/2009:20:22:32 -0700] "GET /?S=D HTTP/1.1" 200 916 "-" "Mozilla/5.0 (compatible; ScoutJet; +http://www.scoutjet.com/)" "peaceyoga.com"
38.108.180.163 - - [09/Oct/2009:20:22:54 -0700] "GET /?M=D HTTP/1.1" 200 916 "-" "Mozilla/5.0 (compatible; ScoutJet; +http://www.scoutjet.com/)" "peaceyoga.com"
38.108.180.163 - - [09/Oct/2009:20:23:03 -0700] "GET /?D=D HTTP/1.1" 200 916 "-" "Mozilla/5.0 (compatible; ScoutJet; +http://www.scoutjet.com/)" "peaceyoga.com"
38.108.180.163 - - [09/Oct/2009:20:23:12 -0700] "GET /tmp/?S=A HTTP/1.1" 200 520 "-" "Mozilla/5.0 (compatible; ScoutJet; +http://www.scoutjet.com/)" "peaceyoga.com"
38.108.180.163 - - [09/Oct/2009:20:23:20 -0700] "GET /tmp/?D=A HTTP/1.1" 200 520 "-" "Mozilla/5.0 (compatible; ScoutJet; +http://www.scoutjet.com/)" "peaceyoga.com"
38.108.180.163 - - [09/Oct/2009:20:23:28 -0700] "GET /tmp/?N=D HTTP/1.1" 200 520 "-" "Mozilla/5.0 (compatible; ScoutJet; +http://www.scoutjet.com/)" "peaceyoga.com"
38.108.180.163 - - [09/Oct/2009:20:23:37 -0700] "GET /tmp/?M=A HTTP/1.1" 200 520 "-" "Mozilla/5.0 (compatible; ScoutJet; +http://www.scoutjet.com/)" "peaceyoga.com"
74.6.18.220 - - [10/Oct/2009:04:51:49 -0700] "GET /logs/access_070501.log HTTP/1.0" 404 275 "-" "Mozilla/5.0 (compatible; Yahoo! Slurp/3.0; http://help.yahoo.com/help/us/ysearch/slurp)" "www.peaceyoga.com"
203.6.203.79 - - [10/Oct/2009:14:06:21 -0700] "GET / HTTP/1.0" 200 900 "-" "-" "www.peaceyoga.com"
93.158.145.27 - - [10/Oct/2009:14:09:11 -0700] "GET /robots.txt HTTP/1.1" 404 275 "-" "Yandex/1.01.001 (compatible; Win16; I)" "www.peaceyoga.com"
60.225.228.92 - - [10/Oct/2009:16:48:32 -0700] "GET / HTTP/1.1" 200 916 "-" "Mozilla/4.0 (compatible; MSIE 8.0; Windows NT 5.1; Trident/4.0; .NET CLR 1.1.4322; InfoPath.1)" "www.peaceyoga.com"
60.225.228.92 - - [10/Oct/2009:16:48:34 -0700] "GET /favicon.ico HTTP/1.1" 404 275 "-" "Mozilla/4.0 (compatible; MSIE 8.0; Windows NT 5.1; Trident/4.0; .NET CLR 1.1.4322; InfoPath.1)" "www.peaceyoga.com"
38.108.180.163 - - [10/Oct/2009:17:28:26 -0700] "GET /robots.txt HTTP/1.1" 404 275 "-" "Mozilla/5.0 (compatible; ScoutJet; +http://www.scoutjet.com/)" "peaceyoga.com"
38.108.180.163 - - [10/Oct/2009:17:28:29 -0700] "GET /tmp/?N=A HTTP/1.1" 200 520 "-" "Mozilla/5.0 (compatible; ScoutJet; +http://www.scoutjet.com/)" "peaceyoga.com"
38.108.180.163 - - [10/Oct/2009:17:28:39 -0700] "GET /tmp/?M=D HTTP/1.1" 200 520 "-" "Mozilla/5.0 (compatible; ScoutJet; +http://www.scoutjet.com/)" "peaceyoga.com"
38.108.180.163 - - [10/Oct/2009:17:28:48 -0700] "GET /tmp/?S=D HTTP/1.1" 200 520 "-" "Mozilla/5.0 (compatible; ScoutJet; +http://www.scoutjet.com/)" "peaceyoga.com"
38.108.180.163 - - [10/Oct/2009:17:28:58 -0700] "GET /tmp/?D=D HTTP/1.1" 200 520 "-" "Mozilla/5.0 (compatible; ScoutJet; +http://www.scoutjet.com/)" "peaceyoga.com"
74.6.22.174 - - [10/Oct/2009:21:12:56 -0700] "GET / HTTP/1.0" 200 900 "-" "Mozilla/5.0 (compatible; Yahoo! Slurp/3.0; http://help.yahoo.com/help/us/ysearch/slurp)" "peaceyoga.com"
74.6.18.220 - - [11/Oct/2009:04:17:01 -0700] "GET /logs/access_080401.log HTTP/1.0" 404 275 "-" "Mozilla/5.0 (compatible; Yahoo! Slurp/3.0; http://help.yahoo.com/help/us/ysearch/slurp)" "www.peaceyoga.com"
93.158.145.27 - - [11/Oct/2009:05:24:55 -0700] "GET / HTTP/1.1" 200 916 "-" "Yandex/1.01.001 (compatible; Win16; I)" "www.peaceyoga.com"
74.6.18.220 - - [11/Oct/2009:05:46:59 -0700] "GET /tmp/?D=A HTTP/1.0" 200 504 "-" "Mozilla/5.0 (compatible; Yahoo! Slurp/3.0; http://help.yahoo.com/help/us/ysearch/slurp)" "www.peaceyoga.com"
66.235.124.19 - - [11/Oct/2009:10:17:06 -0700] "GET /robots.txt HTTP/1.1" 404 275 "-" "Mozilla/5.0 (compatible; Ask Jeeves/Teoma; +http://about.ask.com/en/docs/about/webmasters.shtml)" "www.peaceyoga.com"
66.235.124.19 - - [11/Oct/2009:10:17:06 -0700] "GET /logs/access_081002.log HTTP/1.1" 200 3570 "-" "Mozilla/5.0 (compatible; Ask Jeeves/Teoma; +http://about.ask.com/en/docs/about/webmasters.shtml)" "www.peaceyoga.com"
74.6.18.220 - - [11/Oct/2009:11:31:05 -0700] "GET /logs/?M=A HTTP/1.0" 200 3931 "-" "Mozilla/5.0 (compatible; Yahoo! Slurp/3.0; http://help.yahoo.com/help/us/ysearch/slurp)" "www.peaceyoga.com"
216.9.247.83 - - [11/Oct/2009:18:32:21 -0700] "GET / HTTP/1.0" 200 900 "-" "BlackBerry9000/4.6.0.216 Profile/MIDP-2.0 Configuration/CLDC-1.1 VendorID/138" "www.peaceyoga.com"
216.9.247.83 - - [11/Oct/2009:18:32:21 -0700] "GET /favicon.ico HTTP/1.0" 404 275 "http://www.peaceyoga.com/" "BlackBerry9000/4.6.0.216 Profile/MIDP-2.0 Configuration/CLDC-1.1 VendorID/138" "www.peaceyoga.com"
74.6.22.174 - - [12/Oct/2009:02:31:23 -0700] "GET /?S=A HTTP/1.0" 200 900 "-" "Mozilla/5.0 (compatible; Yahoo! Slurp/3.0; http://help.yahoo.com/help/us/ysearch/slurp)" "peaceyoga.com"
74.6.18.220 - - [12/Oct/2009:03:08:40 -0700] "GET /?M=D HTTP/1.0" 200 900 "-" "Mozilla/5.0 (compatible; Yahoo! Slurp/3.0; http://help.yahoo.com/help/us/ysearch/slurp)" "www.peaceyoga.com"
63.251.194.10 - - [12/Oct/2009:14:11:53 -0700] "GET / HTTP/1.1" 200 916 "-" "Mozilla/4.0 (compatible; MSIE 8.0; Windows NT 5.1; Trident/4.0; InfoPath.1; .NET CLR 1.1.4322; .NET CLR 2.0.50727; .NET CLR 3.0.4506.2152; .NET CLR 3.5.30729)" "peaceyoga.com"
63.251.194.10 - - [12/Oct/2009:14:11:54 -0700] "GET /favicon.ico HTTP/1.1" 404 275 "-" "Mozilla/4.0 (compatible; MSIE 8.0; Windows NT 5.1; Trident/4.0; InfoPath.1; .NET CLR 1.1.4322; .NET CLR 2.0.50727; .NET CLR 3.0.4506.2152; .NET CLR 3.5.30729)" "peaceyoga.com"
76.221.173.243 - - [12/Oct/2009:23:11:22 -0700] "GET /logs/access_080905.log HTTP/1.1" 200 3838 "http://www.google.com/search?q=http%3A%2F%2Fhelp.naver.com%2Fdelete_main.asp&ie=utf-8&oe=utf-8&aq=t&rls=org.mozilla:en-US:official&client=firefox-a" "Mozilla/5.0 (Windows; U; Windows NT 5.1; en-US; rv:1.8.1.20) Gecko/20081217 Firefox/2.0.0.20" "www.peaceyoga.com"
76.221.173.243 - - [12/Oct/2009:23:11:22 -0700] "GET /favicon.ico HTTP/1.1" 404 275 "-" "Mozilla/5.0 (Windows; U; Windows NT 5.1; en-US; rv:1.8.1.20) Gecko/20081217 Firefox/2.0.0.20" "www.peaceyoga.com"
168.168.67.112 - - [13/Oct/2009:17:58:47 -0700] "GET / HTTP/1.1" 200 916 "-" "Mozilla/4.0 (compatible; MSIE 6.0; Windows NT 5.1; SV1; .NET CLR 1.0.3705; .NET CLR 1.1.4322; .NET CLR 2.0.50727; .NET CLR 3.0.4506.2152; .NET CLR 3.5.30729)" "peaceyoga.com"
168.168.67.112 - - [13/Oct/2009:17:59:00 -0700] "GET / HTTP/1.1" 200 916 "http://peaceyoga.com/" "Mozilla/4.0 (compatible; MSIE 6.0; Windows NT 5.1; SV1; .NET CLR 1.0.3705; .NET CLR 1.1.4322; .NET CLR 2.0.50727; .NET CLR 3.0.4506.2152; .NET CLR 3.5.30729)" "peaceyoga.com"
168.168.67.112 - - [13/Oct/2009:17:59:14 -0700] "GET /tmp/ HTTP/1.1" 200 520 "http://peaceyoga.com/" "Mozilla/4.0 (compatible; MSIE 6.0; Windows NT 5.1; SV1; .NET CLR 1.0.3705; .NET CLR 1.1.4322; .NET CLR 2.0.50727; .NET CLR 3.0.4506.2152; .NET CLR 3.5.30729)" "peaceyoga.com"
168.168.67.112 - - [13/Oct/2009:17:59:40 -0700] "GET /logs/ HTTP/1.1" 200 3947 "http://peaceyoga.com/" "Mozilla/4.0 (compatible; MSIE 6.0; Windows NT 5.1; SV1; .NET CLR 1.0.3705; .NET CLR 1.1.4322; .NET CLR 2.0.50727; .NET CLR 3.0.4506.2152; .NET CLR 3.5.30729)" "peaceyoga.com"
168.168.67.112 - - [13/Oct/2009:17:59:40 -0700] "GET /logs/ HTTP/1.1" 200 3947 "http://peaceyoga.com/" "Mozilla/4.0 (compatible; MSIE 6.0; Windows NT 5.1; SV1; .NET CLR 1.0.3705; .NET CLR 1.1.4322; .NET CLR 2.0.50727; .NET CLR 3.0.4506.2152; .NET CLR 3.5.30729)" "peaceyoga.com"
168.168.67.112 - - [13/Oct/2009:17:59:46 -0700] "GET /logs/access_091001.log HTTP/1.1" 200 54267 "http://peaceyoga.com/logs/" "Mozilla/4.0 (compatible; MSIE 6.0; Windows NT 5.1; SV1; .NET CLR 1.0.3705; .NET CLR 1.1.4322; .NET CLR 2.0.50727; .NET CLR 3.0.4506.2152; .NET CLR 3.5.30729)" "peaceyoga.com"
168.168.67.112 - - [13/Oct/2009:17:59:58 -0700] "GET / HTTP/1.1" 200 916 "http://peaceyoga.com/" "Mozilla/4.0 (compatible; MSIE 6.0; Windows NT 5.1; SV1; .NET CLR 1.0.3705; .NET CLR 1.1.4322; .NET CLR 2.0.50727; .NET CLR 3.0.4506.2152; .NET CLR 3.5.30729)" "peaceyoga.com"
168.168.67.112 - - [13/Oct/2009:18:00:00 -0700] "GET /_private/ HTTP/1.1" 403 163 "http://peaceyoga.com/" "Mozilla/4.0 (compatible; MSIE 6.0; Windows NT 5.1; SV1; .NET CLR 1.0.3705; .NET CLR 1.1.4322; .NET CLR 2.0.50727; .NET CLR 3.0.4506.2152; .NET CLR 3.5.30729)" "peaceyoga.com"
168.168.67.112 - - [13/Oct/2009:18:00:05 -0700] "GET / HTTP/1.1" 200 916 "http://peaceyoga.com/" "Mozilla/4.0 (compatible; MSIE 6.0; Windows NT 5.1; SV1; .NET CLR 1.0.3705; .NET CLR 1.1.4322; .NET CLR 2.0.50727; .NET CLR 3.0.4506.2152; .NET CLR 3.5.30729)" "peaceyoga.com"
168.168.67.112 - - [13/Oct/2009:18:00:11 -0700] "GET / HTTP/1.1" 200 916 "-" "Mozilla/4.0 (compatible; MSIE 6.0; Windows NT 5.1; SV1; .NET CLR 1.0.3705; .NET CLR 1.1.4322; .NET CLR 2.0.50727; .NET CLR 3.0.4506.2152; .NET CLR 3.5.30729)" "www.peaceyoga.com"
168.168.67.112 - - [13/Oct/2009:18:00:21 -0700] "GET / HTTP/1.1" 200 916 "http://www.peaceyoga.com/" "Mozilla/4.0 (compatible; MSIE 6.0; Windows NT 5.1; SV1; .NET CLR 1.0.3705; .NET CLR 1.1.4322; .NET CLR 2.0.50727; .NET CLR 3.0.4506.2152; .NET CLR 3.5.30729)" "www.peaceyoga.com"
168.168.67.112 - - [13/Oct/2009:18:00:26 -0700] "GET / HTTP/1.1" 200 916 "http://www.peaceyoga.com/" "Mozilla/4.0 (compatible; MSIE 6.0; Windows NT 5.1; SV1; .NET CLR 1.0.3705; .NET CLR 1.1.4322; .NET CLR 2.0.50727; .NET CLR 3.0.4506.2152; .NET CLR 3.5.30729)" "www.peaceyoga.com"
168.168.67.112 - - [13/Oct/2009:18:00:30 -0700] "GET /?D=A HTTP/1.1" 200 916 "http://www.peaceyoga.com/" "Mozilla/4.0 (compatible; MSIE 6.0; Windows NT 5.1; SV1; .NET CLR 1.0.3705; .NET CLR 1.1.4322; .NET CLR 2.0.50727; .NET CLR 3.0.4506.2152; .NET CLR 3.5.30729)" "www.peaceyoga.com"
168.168.67.112 - - [13/Oct/2009:18:00:33 -0700] "GET /?S=A HTTP/1.1" 200 916 "http://www.peaceyoga.com/?D=A" "Mozilla/4.0 (compatible; MSIE 6.0; Windows NT 5.1; SV1; .NET CLR 1.0.3705; .NET CLR 1.1.4322; .NET CLR 2.0.50727; .NET CLR 3.0.4506.2152; .NET CLR 3.5.30729)" "www.peaceyoga.com"
72.30.65.29 - - [14/Oct/2009:00:26:25 -0700] "GET / HTTP/1.0" 200 900 "-" "Mozilla/5.0 (compatible; Yahoo! Slurp/3.0; http://help.yahoo.com/help/us/ysearch/slurp)" "www.peaceyoga.com"
66.235.124.19 - - [14/Oct/2009:12:04:24 -0700] "GET /robots.txt HTTP/1.1" 404 275 "-" "Mozilla/5.0 (compatible; Ask Jeeves/Teoma; +http://about.ask.com/en/docs/about/webmasters.shtml)" "www.peaceyoga.com"
66.235.124.19 - - [14/Oct/2009:12:04:24 -0700] "GET /logs/access_080905.log HTTP/1.1" 200 3838 "-" "Mozilla/5.0 (compatible; Ask Jeeves/Teoma; +http://about.ask.com/en/docs/about/webmasters.shtml)" "www.peaceyoga.com"
38.105.83.6 - - [14/Oct/2009:19:14:29 -0700] "GET / HTTP/1.1" 200 916 "-" "Mozilla/4.0 (compatible; MSIE 7.0; Windows NT 5.2)" "www.peaceyoga.com"
38.105.83.6 - - [14/Oct/2009:19:15:32 -0700] "GET /_private/ HTTP/1.1" 403 163 "http://www.peaceyoga.com/" "Mozilla/4.0 (compatible; MSIE 7.0; Windows NT 5.2)" "www.peaceyoga.com"
38.105.83.6 - - [14/Oct/2009:19:15:32 -0700] "GET /tmp/ HTTP/1.1" 200 520 "http://www.peaceyoga.com/" "Mozilla/4.0 (compatible; MSIE 7.0; Windows NT 5.2)" "www.peaceyoga.com"
38.105.83.6 - - [14/Oct/2009:19:15:35 -0700] "GET /logs/ HTTP/1.1" 200 3947 "http://www.peaceyoga.com/" "Mozilla/4.0 (compatible; MSIE 7.0; Windows NT 5.2)" "www.peaceyoga.com"
38.105.83.6 - - [14/Oct/2009:19:16:49 -0700] "GET /logs/access_081001.log HTTP/1.1" 200 71599 "http://www.peaceyoga.com/logs/" "Mozilla/4.0 (compatible; MSIE 7.0; Windows NT 5.2)" "www.peaceyoga.com"
38.105.83.6 - - [14/Oct/2009:19:16:50 -0700] "GET /logs/access_081231.log HTTP/1.1" 200 85700 "http://www.peaceyoga.com/logs/" "Mozilla/4.0 (compatible; MSIE 7.0; Windows NT 5.2)" "www.peaceyoga.com"
38.105.83.6 - - [14/Oct/2009:19:16:53 -0700] "GET /logs/access_090901.log HTTP/1.1" 200 42289 "http://www.peaceyoga.com/logs/" "Mozilla/4.0 (compatible; MSIE 7.0; Windows NT 5.2)" "www.peaceyoga.com"
38.105.83.6 - - [14/Oct/2009:19:16:56 -0700] "GET /logs/access_081201.log HTTP/1.1" 200 100743 "http://www.peaceyoga.com/logs/" "Mozilla/4.0 (compatible; MSIE 7.0; Windows NT 5.2)" "www.peaceyoga.com"
38.105.83.6 - - [14/Oct/2009:19:16:59 -0700] "GET /logs/access_090801.log HTTP/1.1" 200 5021 "http://www.peaceyoga.com/logs/" "Mozilla/4.0 (compatible; MSIE 7.0; Windows NT 5.2)" "www.peaceyoga.com"
38.105.83.6 - - [14/Oct/2009:19:17:00 -0700] "GET /logs/access_090401.log HTTP/1.1" 200 929 "http://www.peaceyoga.com/logs/" "Mozilla/4.0 (compatible; MSIE 7.0; Windows NT 5.2)" "www.peaceyoga.com"
38.105.83.6 - - [14/Oct/2009:19:17:03 -0700] "GET /logs/access_081002.log HTTP/1.1" 200 3570 "http://www.peaceyoga.com/logs/" "Mozilla/4.0 (compatible; MSIE 7.0; Windows NT 5.2)" "www.peaceyoga.com"
38.105.83.6 - - [14/Oct/2009:19:17:05 -0700] "GET /logs/access.log HTTP/1.1" 200 34262 "http://www.peaceyoga.com/logs/" "Mozilla/4.0 (compatible; MSIE 7.0; Windows NT 5.2)" "www.peaceyoga.com"
38.105.83.6 - - [14/Oct/2009:19:17:05 -0700] "GET /logs/access_090301.log HTTP/1.1" 200 73030 "http://www.peaceyoga.com/logs/" "Mozilla/4.0 (compatible; MSIE 7.0; Windows NT 5.2)" "www.peaceyoga.com"
38.105.83.6 - - [14/Oct/2009:19:17:09 -0700] "GET /logs/access_081101.log HTTP/1.1" 200 4529 "http://www.peaceyoga.com/logs/" "Mozilla/4.0 (compatible; MSIE 7.0; Windows NT 5.2)" "www.peaceyoga.com"
38.105.83.6 - - [14/Oct/2009:19:17:12 -0700] "GET /logs/access_091001.log HTTP/1.1" 200 54267 "http://www.peaceyoga.com/logs/" "Mozilla/4.0 (compatible; MSIE 7.0; Windows NT 5.2)" "www.peaceyoga.com"
38.105.83.6 - - [14/Oct/2009:19:17:14 -0700] "GET /logs/access_090501.log HTTP/1.1" 200 66905 "http://www.peaceyoga.com/logs/" "Mozilla/4.0 (compatible; MSIE 7.0; Windows NT 5.2)" "www.peaceyoga.com"
38.105.83.6 - - [14/Oct/2009:19:17:16 -0700] "GET /logs/access_081031.log HTTP/1.0" 200 84619 "http://www.peaceyoga.com/logs/" "Mozilla/4.0 (compatible; MSIE 7.0; Windows NT 5.2)" "www.peaceyoga.com"
38.105.83.6 - - [14/Oct/2009:19:17:18 -0700] "GET /logs/access_090330.log HTTP/1.1" 200 3322 "http://www.peaceyoga.com/logs/" "Mozilla/4.0 (compatible; MSIE 7.0; Windows NT 5.2)" "www.peaceyoga.com"
38.105.83.6 - - [14/Oct/2009:19:17:20 -0700] "GET /logs/access_080901.log HTTP/1.1" 200 49938 "http://www.peaceyoga.com/logs/" "Mozilla/4.0 (compatible; MSIE 7.0; Windows NT 5.2)" "www.peaceyoga.com"
38.105.83.6 - - [14/Oct/2009:19:17:21 -0700] "GET /logs/access_080905.log HTTP/1.1" 200 3838 "http://www.peaceyoga.com/logs/" "Mozilla/4.0 (compatible; MSIE 7.0; Windows NT 5.2)" "www.peaceyoga.com"
38.105.83.6 - - [14/Oct/2009:19:17:22 -0700] "GET /logs/access_090601.log HTTP/1.1" 200 1166 "http://www.peaceyoga.com/logs/" "Mozilla/4.0 (compatible; MSIE 7.0; Windows NT 5.2)" "www.peaceyoga.com"
38.105.83.6 - - [14/Oct/2009:19:17:24 -0700] "GET /logs/access_090331.log HTTP/1.1" 200 1128 "http://www.peaceyoga.com/logs/" "Mozilla/4.0 (compatible; MSIE 7.0; Windows NT 5.2)" "www.peaceyoga.com"
38.105.83.6 - - [14/Oct/2009:19:17:27 -0700] "GET /logs/access_090329.log HTTP/1.1" 200 57439 "http://www.peaceyoga.com/logs/" "Mozilla/4.0 (compatible; MSIE 7.0; Windows NT 5.2)" "www.peaceyoga.com"
38.105.83.6 - - [14/Oct/2009:19:17:30 -0700] "GET /logs/access_090701.log HTTP/1.1" 200 45555 "http://www.peaceyoga.com/logs/" "Mozilla/4.0 (compatible; MSIE 7.0; Windows NT 5.2)" "www.peaceyoga.com"
38.105.83.6 - - [14/Oct/2009:19:17:32 -0700] "GET /logs/access_090101.log HTTP/1.1" 200 3048 "http://www.peaceyoga.com/logs/" "Mozilla/4.0 (compatible; MSIE 7.0; Windows NT 5.2)" "www.peaceyoga.com"
38.105.83.6 - - [14/Oct/2009:19:17:34 -0700] "GET /logs/access_090531.log HTTP/1.1" 200 63535 "http://www.peaceyoga.com/logs/" "Mozilla/4.0 (compatible; MSIE 7.0; Windows NT 5.2)" "www.peaceyoga.com"
38.105.83.6 - - [14/Oct/2009:19:17:36 -0700] "GET /logs/access_090731.log HTTP/1.1" 200 64906 "http://www.peaceyoga.com/logs/" "Mozilla/4.0 (compatible; MSIE 7.0; Windows NT 5.2)" "www.peaceyoga.com"
38.105.83.6 - - [14/Oct/2009:19:17:37 -0700] "GET /logs/access_090201.log HTTP/1.1" 200 117565 "http://www.peaceyoga.com/logs/" "Mozilla/4.0 (compatible; MSIE 7.0; Windows NT 5.2)" "www.peaceyoga.com"
72.30.65.29 - - [14/Oct/2009:23:18:25 -0700] "GET /?N=D HTTP/1.0" 200 900 "-" "Mozilla/5.0 (compatible; Yahoo! Slurp/3.0; http://help.yahoo.com/help/us/ysearch/slurp)" "www.peaceyoga.com"
72.30.81.182 - - [15/Oct/2009:10:25:05 -0700] "GET /?N=D HTTP/1.0" 200 900 "-" "Mozilla/5.0 (compatible; Yahoo! Slurp/3.0; http://help.yahoo.com/help/us/ysearch/slurp)" "peaceyoga.com"
65.55.207.122 - - [15/Oct/2009:22:32:58 -0700] "GET /robots.txt HTTP/1.1" 404 275 "-" "msnbot/2.0b (+http://search.msn.com/msnbot.htm)" "peaceyoga.com"
65.55.207.122 - - [15/Oct/2009:22:41:48 -0700] "GET / HTTP/1.1" 200 916 "-" "msnbot/2.0b (+http://search.msn.com/msnbot.htm)" "peaceyoga.com"
38.108.180.126 - - [16/Oct/2009:02:21:27 -0700] "GET /robots.txt HTTP/1.1" 404 275 "-" "Mozilla/5.0 (compatible; ScoutJet; +http://www.scoutjet.com/)" "peaceyoga.com"
38.108.180.126 - - [16/Oct/2009:02:21:29 -0700] "GET / HTTP/1.1" 200 916 "-" "Mozilla/5.0 (compatible; ScoutJet; +http://www.scoutjet.com/)" "peaceyoga.com"
72.30.65.29 - - [16/Oct/2009:08:34:22 -0700] "GET /logs/?M=A HTTP/1.0" 200 3931 "-" "Mozilla/5.0 (compatible; Yahoo! Slurp/3.0; http://help.yahoo.com/help/us/ysearch/slurp)" "www.peaceyoga.com"
93.158.145.27 - - [16/Oct/2009:13:17:35 -0700] "GET /robots.txt HTTP/1.1" 404 275 "-" "Yandex/1.01.001 (compatible; Win16; I)" "www.peaceyoga.com"
72.129.32.59 - - [16/Oct/2009:15:15:41 -0700] "GET / HTTP/1.1" 200 916 "-" "Mozilla/4.0 (compatible; MSIE 8.0; Windows NT 6.0; Trident/4.0; SLCC1; .NET CLR 2.0.50727; .NET CLR 3.5.30729; .NET CLR 3.0.30618)" "www.peaceyoga.com"
72.129.32.59 - - [16/Oct/2009:15:15:42 -0700] "GET /favicon.ico HTTP/1.1" 404 275 "-" "Mozilla/4.0 (compatible; MSIE 8.0; Windows NT 6.0; Trident/4.0; SLCC1; .NET CLR 2.0.50727; .NET CLR 3.5.30729; .NET CLR 3.0.30618)" "www.peaceyoga.com"
72.129.32.59 - - [16/Oct/2009:15:17:53 -0700] "GET /favicon.ico HTTP/1.1" 404 275 "-" "Mozilla/4.0 (compatible; MSIE 8.0; Windows NT 6.0; Trident/4.0; SLCC1; .NET CLR 2.0.50727; .NET CLR 3.5.30729; .NET CLR 3.0.30618)" "www.peaceyoga.com"
38.108.180.126 - - [16/Oct/2009:17:32:04 -0700] "GET /robots.txt HTTP/1.1" 404 275 "-" "Mozilla/5.0 (compatible; ScoutJet; +http://www.scoutjet.com/)" "peaceyoga.com"
38.108.180.126 - - [16/Oct/2009:17:32:04 -0700] "GET /?D=A HTTP/1.1" 200 916 "-" "Mozilla/5.0 (compatible; ScoutJet; +http://www.scoutjet.com/)" "peaceyoga.com"
93.158.145.27 - - [17/Oct/2009:09:33:45 -0700] "GET / HTTP/1.1" 200 916 "-" "Yandex/1.01.001 (compatible; Win16; I)" "www.peaceyoga.com"
38.108.180.126 - - [18/Oct/2009:16:31:36 -0700] "GET /robots.txt HTTP/1.0" 404 275 "-" "Mozilla/5.0 (compatible; ScoutJet; +http://www.scoutjet.com/)" "peaceyoga.com"
38.108.180.126 - - [18/Oct/2009:16:31:38 -0700] "GET /?M=A HTTP/1.1" 200 916 "-" "Mozilla/5.0 (compatible; ScoutJet; +http://www.scoutjet.com/)" "peaceyoga.com"
72.94.249.38 - - [18/Oct/2009:20:01:28 -0700] "GET / HTTP/1.1" 200 916 "-" "Mozilla/4.0 (compatible; MSIE 6.0; Windows NT 5.1; SV1; .NET CLR 1.1.4322)" "www.peaceyoga.com"
74.52.245.146 - - [19/Oct/2009:09:28:51 -0700] "GET / HTTP/1.0" 200 900 "-" "Mozilla/5.0 (X11; U; Linux i686; en-US; rv:1.7.5) Gecko/20041107 Firefox/1.0" "www.peaceyoga.com"
72.30.81.182 - - [19/Oct/2009:22:14:12 -0700] "GET /?D=A HTTP/1.0" 200 900 "-" "Mozilla/5.0 (compatible; Yahoo! Slurp/3.0; http://help.yahoo.com/help/us/ysearch/slurp)" "peaceyoga.com"
60.50.226.115 - - [19/Oct/2009:22:17:34 -0700] "GET / HTTP/1.1" 200 916 "-" "Mozilla/4.0 (compatible; MSIE 7.0; Windows NT 5.1; .NET CLR 1.1.4322; .NET CLR 2.0.50727; .NET CLR 3.0.4506.2152; .NET CLR 3.5.30729; OfficeLiveConnector.1.3; OfficeLivePatch.0.0)" "www.peaceyoga.com"
60.50.226.115 - - [19/Oct/2009:22:17:36 -0700] "GET /favicon.ico HTTP/1.1" 404 275 "-" "Mozilla/4.0 (compatible; MSIE 7.0; Windows NT 5.1; .NET CLR 1.1.4322; .NET CLR 2.0.50727; .NET CLR 3.0.4506.2152; .NET CLR 3.5.30729; OfficeLiveConnector.1.3; OfficeLivePatch.0.0)" "www.peaceyoga.com"
119.63.193.63 - - [20/Oct/2009:09:17:18 -0700] "GET /robots.txt HTTP/1.1" 404 275 "-" "Baiduspider+(+http://www.baidu.jp/spider/)" "www.peaceyoga.com"
216.240.133.197 - - [20/Oct/2009:23:17:29 -0700] "GET / HTTP/1.1" 200 916 "-" "Mozilla/4.0 (compatible; MSIE 6.0; Windows NT 5.1; .NET CLR 1.0.3705)" "www.peaceyoga.com"
220.255.7.187 - - [21/Oct/2009:00:42:29 -0700] "GET / HTTP/1.1" 200 916 "-" "Mozilla/4.0 (compatible; MSIE 6.0; Windows 98)" "www.peaceyoga.com"
72.30.65.29 - - [21/Oct/2009:02:16:44 -0700] "GET / HTTP/1.0" 200 900 "-" "Mozilla/5.0 (compatible; Yahoo! Slurp/3.0; http://help.yahoo.com/help/us/ysearch/slurp)" "www.peaceyoga.com"
72.30.81.182 - - [21/Oct/2009:03:01:52 -0700] "GET /?N=D HTTP/1.0" 200 900 "-" "Mozilla/5.0 (compatible; Yahoo! Slurp/3.0; http://help.yahoo.com/help/us/ysearch/slurp)" "peaceyoga.com"
194.242.115.49 - - [21/Oct/2009:05:55:37 -0700] "GET /logs/access_090101.log HTTP/1.1" 200 3048 "http://www.google.fr/search?q=(compatible%3B+Powermarks%2F3.5%3B+Windows+95%2F98%2F2000%2FNT)&ie=utf-8&oe=utf-8&aq=t&rls=com.ubuntu:fr:unofficial&client=firefox-a" "Mozilla/5.0 (X11; U; Linux i686; fr; rv:1.9.0.14) Gecko/2009090216 Ubuntu/9.04 (jaunty) Firefox" "www.peaceyoga.com"
194.242.115.49 - - [21/Oct/2009:05:55:37 -0700] "GET /favicon.ico HTTP/1.1" 404 275 "-" "Mozilla/5.0 (X11; U; Linux i686; fr; rv:1.9.0.14) Gecko/2009090216 Ubuntu/9.04 (jaunty) Firefox" "www.peaceyoga.com"
194.242.115.49 - - [21/Oct/2009:05:55:40 -0700] "GET /favicon.ico HTTP/1.1" 404 275 "-" "Mozilla/5.0 (X11; U; Linux i686; fr; rv:1.9.0.14) Gecko/2009090216 Ubuntu/9.04 (jaunty) Firefox" "www.peaceyoga.com"
80.230.61.122 - - [21/Oct/2009:18:08:26 -0700] "GET / HTTP/1.1" 200 916 "-" "Mozzila/4.0" "peaceyoga.com"
80.230.61.122 - - [21/Oct/2009:18:08:29 -0700] "GET / HTTP/1.1" 200 916 "-" "Mozilla/4.0 (compatible; MSIE 8.0; Windows NT 5.1; Trident/4.0; .NET CLR 2.0.50727; .NET CLR 1.1.4322; .NET CLR 3.0.04506.30; .NET CLR 3.0.04506.648)" "peaceyoga.com"
71.189.189.210 - - [22/Oct/2009:09:22:56 -0700] "GET / HTTP/1.1" 200 916 "-" "Mozilla/4.0 (compatible; MSIE 7.0; Windows NT 6.0; WOW64; SLCC1; .NET CLR 2.0.50727; Media Center PC 5.0; .NET CLR 3.5.30729; .NET CLR 3.0.30618)" "www.peaceyoga.com"
71.189.189.210 - - [22/Oct/2009:09:22:57 -0700] "GET /favicon.ico HTTP/1.1" 404 275 "-" "Mozilla/4.0 (compatible; MSIE 7.0; Windows NT 6.0; WOW64; SLCC1; .NET CLR 2.0.50727; Media Center PC 5.0; .NET CLR 3.5.30729; .NET CLR 3.0.30618)" "www.peaceyoga.com"
71.189.189.210 - - [22/Oct/2009:09:23:12 -0700] "GET /logs/ HTTP/1.1" 200 3947 "http://www.peaceyoga.com/" "Mozilla/4.0 (compatible; MSIE 7.0; Windows NT 6.0; WOW64; SLCC1; .NET CLR 2.0.50727; Media Center PC 5.0; .NET CLR 3.5.30729; .NET CLR 3.0.30618)" "www.peaceyoga.com"
71.189.189.210 - - [22/Oct/2009:09:23:21 -0700] "GET / HTTP/1.1" 200 916 "http://www.peaceyoga.com/logs/" "Mozilla/4.0 (compatible; MSIE 7.0; Windows NT 6.0; WOW64; SLCC1; .NET CLR 2.0.50727; Media Center PC 5.0; .NET CLR 3.5.30729; .NET CLR 3.0.30618)" "www.peaceyoga.com"
71.189.189.210 - - [22/Oct/2009:09:23:23 -0700] "GET /logs/ HTTP/1.1" 200 3947 "http://www.peaceyoga.com/" "Mozilla/4.0 (compatible; MSIE 7.0; Windows NT 6.0; WOW64; SLCC1; .NET CLR 2.0.50727; Media Center PC 5.0; .NET CLR 3.5.30729; .NET CLR 3.0.30618)" "www.peaceyoga.com"
71.189.189.210 - - [22/Oct/2009:09:23:25 -0700] "GET /logs/access.log HTTP/1.1" 200 44898 "http://www.peaceyoga.com/logs/" "Mozilla/4.0 (compatible; MSIE 7.0; Windows NT 6.0; WOW64; SLCC1; .NET CLR 2.0.50727; Media Center PC 5.0; .NET CLR 3.5.30729; .NET CLR 3.0.30618)" "www.peaceyoga.com"
93.158.145.27 - - [22/Oct/2009:22:31:04 -0700] "GET /robots.txt HTTP/1.1" 404 275 "-" "Yandex/1.01.001 (compatible; Win16; I)" "www.peaceyoga.com"
93.158.145.27 - - [23/Oct/2009:10:54:29 -0700] "GET / HTTP/1.1" 200 916 "-" "Yandex/1.01.001 (compatible; Win16; I)" "www.peaceyoga.com"
148.107.3.20 - - [23/Oct/2009:14:16:57 -0700] "GET / HTTP/1.1" 200 916 "-" "Mozilla/4.0 (compatible; MSIE 7.0; Windows NT 5.1; GTB6; .NET CLR 1.1.4322; .NET CLR 2.0.50727; InfoPath.1; .NET CLR 3.0.04506.648; .NET CLR 3.5.21022; MS-RTC LM 8; .NET CLR 3.0.4506.2152; .NET CLR 3.5.30729)" "peaceyoga.com"
148.107.3.20 - - [23/Oct/2009:14:16:58 -0700] "GET /favicon.ico HTTP/1.1" 404 275 "-" "Mozilla/4.0 (compatible; MSIE 7.0; Windows NT 5.1; GTB6; .NET CLR 1.1.4322; .NET CLR 2.0.50727; InfoPath.1; .NET CLR 3.0.04506.648; .NET CLR 3.5.21022; MS-RTC LM 8; .NET CLR 3.0.4506.2152; .NET CLR 3.5.30729)" "peaceyoga.com"
148.107.3.20 - - [23/Oct/2009:14:16:58 -0700] "GET /favicon.ico HTTP/1.1" 404 275 "-" "Mozilla/5.0 (compatible; Google Desktop)" "peaceyoga.com"
148.107.3.20 - - [23/Oct/2009:14:17:02 -0700] "GET /tmp/ HTTP/1.1" 200 520 "http://peaceyoga.com/" "Mozilla/4.0 (compatible; MSIE 7.0; Windows NT 5.1; GTB6; .NET CLR 1.1.4322; .NET CLR 2.0.50727; InfoPath.1; .NET CLR 3.0.04506.648; .NET CLR 3.5.21022; MS-RTC LM 8; .NET CLR 3.0.4506.2152; .NET CLR 3.5.30729)" "peaceyoga.com"
148.107.3.20 - - [23/Oct/2009:14:17:03 -0700] "GET / HTTP/1.1" 200 916 "http://peaceyoga.com/tmp/" "Mozilla/4.0 (compatible; MSIE 7.0; Windows NT 5.1; GTB6; .NET CLR 1.1.4322; .NET CLR 2.0.50727; InfoPath.1; .NET CLR 3.0.04506.648; .NET CLR 3.5.21022; MS-RTC LM 8; .NET CLR 3.0.4506.2152; .NET CLR 3.5.30729)" "peaceyoga.com"
148.107.3.20 - - [23/Oct/2009:14:17:05 -0700] "GET /_private/ HTTP/1.1" 403 163 "http://peaceyoga.com/" "Mozilla/4.0 (compatible; MSIE 7.0; Windows NT 5.1; GTB6; .NET CLR 1.1.4322; .NET CLR 2.0.50727; InfoPath.1; .NET CLR 3.0.04506.648; .NET CLR 3.5.21022; MS-RTC LM 8; .NET CLR 3.0.4506.2152; .NET CLR 3.5.30729)" "peaceyoga.com"
72.30.142.160 - - [23/Oct/2009:16:16:55 -0700] "GET /tmp/?M=A HTTP/1.0" 200 504 "-" "Mozilla/5.0 (compatible; Yahoo! Slurp/3.0; http://help.yahoo.com/help/us/ysearch/slurp)" "peaceyoga.com"
72.30.142.160 - - [23/Oct/2009:22:59:35 -0700] "GET /tmp/?S=A HTTP/1.0" 200 504 "-" "Mozilla/5.0 (compatible; Yahoo! Slurp/3.0; http://help.yahoo.com/help/us/ysearch/slurp)" "peaceyoga.com"
74.6.17.154 - - [24/Oct/2009:03:59:19 -0700] "GET /?N=D HTTP/1.0" 200 900 "-" "Mozilla/5.0 (compatible; Yahoo! Slurp/3.0; http://help.yahoo.com/help/us/ysearch/slurp)" "www.peaceyoga.com"
121.222.244.114 - - [24/Oct/2009:15:14:24 -0700] "GET / HTTP/1.1" 200 916 "-" "Mozilla/5.0 (Windows; U; Windows NT 6.0; en-US) AppleWebKit/532.0 (KHTML, like Gecko) Chrome/3.0.195.27 Safari/532.0" "www.peaceyoga.com"
121.222.244.114 - - [24/Oct/2009:15:14:26 -0700] "GET /favicon.ico HTTP/1.1" 404 275 "-" "Mozilla/5.0 (Windows; U; Windows NT 6.0; en-US) AppleWebKit/532.0 (KHTML, like Gecko) Chrome/3.0.195.27 Safari/532.0" "www.peaceyoga.com"
64.27.10.39 - - [24/Oct/2009:16:19:04 -0700] "GET / HTTP/1.1" 200 916 "-" "Mozilla/4.0 (compatible; MSIE 6.0; Windows NT 5.1; .NET CLR 1.0.3705)" "www.peaceyoga.com"
208.115.138.254 - - [24/Oct/2009:20:34:37 -0700] "GET / HTTP/1.1" 200 916 "-" "Mozilla/4.0 (compatible; MSIE 7.0; Windows NT 5.1; InfoPath.1; .NET CLR 2.0.50727; .NET CLR 1.1.4322; MS-RTC LM 8; .NET CLR 3.0.4506.2152; .NET CLR 3.5.30729)" "peaceyoga.com"
59.95.174.179 - - [25/Oct/2009:21:02:23 -0700] "GET / HTTP/1.1" 200 916 "-" "Mozilla/4.0 (compatible; MSIE 8.0; Windows NT 5.1; Trident/4.0; GTB6)" "www.peaceyoga.com"
59.95.174.179 - - [25/Oct/2009:21:02:26 -0700] "GET /favicon.ico HTTP/1.1" 404 275 "-" "Mozilla/4.0 (compatible; MSIE 8.0; Windows NT 5.1; Trident/4.0; GTB6)" "www.peaceyoga.com"
65.55.207.101 - - [26/Oct/2009:06:52:18 -0700] "GET /robots.txt HTTP/1.1" 404 275 "-" "msnbot/2.0b (+http://search.msn.com/msnbot.htm)" "peaceyoga.com"
72.30.87.119 - - [26/Oct/2009:06:52:46 -0700] "GET / HTTP/1.0" 200 900 "-" "Mozilla/5.0 (compatible; Yahoo! Slurp/3.0; http://help.yahoo.com/help/us/ysearch/slurp)" "peaceyoga.com"
65.55.207.101 - - [26/Oct/2009:06:54:36 -0700] "GET / HTTP/1.1" 200 916 "-" "msnbot/2.0b (+http://search.msn.com/msnbot.htm)" "peaceyoga.com"
24.90.187.236 - - [26/Oct/2009:19:24:51 -0700] "GET / HTTP/1.1" 200 916 "http://local.yahoo.com/results?p=yoga&fr=&sortby=aname&csz=New+York%2C+NY+10007&f=P" "Mozilla/4.0 (compatible; MSIE 8.0; Windows NT 5.1; Trident/4.0; .NET CLR 1.1.4322)" "peaceyoga.com"
24.90.187.236 - - [26/Oct/2009:19:24:51 -0700] "GET /favicon.ico HTTP/1.1" 404 275 "-" "Mozilla/4.0 (compatible; MSIE 8.0; Windows NT 5.1; Trident/4.0; .NET CLR 1.1.4322)" "peaceyoga.com"
