123.236.125.72 - - [14/Dec/2009:04:51:27 -0800] "GET / HTTP/1.1" 200 916 "http://www.peaceyoga.com/" "Mozilla/4.0 (compatible; MSIE 6.0; Windows NT 5.1; SV1; FunWebProducts; InfoPath.2; .NET CLR 1.1.4322)" "www.peaceyoga.com"
123.236.125.72 - - [14/Dec/2009:04:51:28 -0800] "GET /_private/ HTTP/1.1" 403 - "http://www.peaceyoga.com/" "Mozilla/4.0 (compatible; MSIE 6.0; Windows NT 5.1; SV1; FunWebProducts; InfoPath.2; .NET CLR 1.1.4322)" "www.peaceyoga.com"
77.88.29.247 - - [14/Dec/2009:05:37:20 -0800] "GET /logs/access_090101.log HTTP/1.1" 200 3048 "-" "Yandex/1.01.001 (compatible; Win16; I)" "www.peaceyoga.com"
77.88.29.247 - - [14/Dec/2009:06:27:03 -0800] "GET /logs/access_081231.log HTTP/1.1" 200 85700 "-" "Yandex/1.01.001 (compatible; Win16; I)" "www.peaceyoga.com"
77.88.29.247 - - [14/Dec/2009:08:05:36 -0800] "GET /logs/access_090801.log HTTP/1.1" 200 5021 "-" "Yandex/1.01.001 (compatible; Win16; I)" "www.peaceyoga.com"
77.88.29.247 - - [14/Dec/2009:08:54:29 -0800] "GET /logs/access_090331.log HTTP/1.1" 200 1128 "-" "Yandex/1.01.001 (compatible; Win16; I)" "www.peaceyoga.com"
77.88.29.247 - - [14/Dec/2009:09:43:18 -0800] "GET /logs/access_090329.log HTTP/1.1" 200 57439 "-" "Yandex/1.01.001 (compatible; Win16; I)" "www.peaceyoga.com"
77.88.29.247 - - [14/Dec/2009:11:33:06 -0800] "GET /logs/access_090501.log HTTP/1.1" 200 66905 "-" "Yandex/1.01.001 (compatible; Win16; I)" "www.peaceyoga.com"
71.249.137.61 - - [14/Dec/2009:12:58:46 -0800] "GET / HTTP/1.1" 200 916 "http://local.yahoo.com/results;_ylt=ApRDcS_ecrAvkr0Xw1j4EXqHNcIF;_ylv=3?p=yoga&csz=Queens%2C+NY&ppg_nm=15&pg_nm=16&xargs=&start=91" "Mozilla/4.0 (compatible; MSIE 8.0; Windows NT 5.1; Trident/4.0; .NET CLR 1.1.4322; .NET CLR 2.0.50727; .NET CLR 3.0.04506.30; MDDR; .NET CLR 3.0.4506.2152; .NET CLR 3.5.30729)" "peaceyoga.com"
71.249.137.61 - - [14/Dec/2009:12:58:46 -0800] "GET /favicon.ico HTTP/1.1" 404 - "-" "Mozilla/4.0 (compatible; MSIE 8.0; Windows NT 5.1; Trident/4.0; .NET CLR 1.1.4322; .NET CLR 2.0.50727; .NET CLR 3.0.04506.30; MDDR; .NET CLR 3.0.4506.2152; .NET CLR 3.5.30729)" "peaceyoga.com"
77.88.29.247 - - [14/Dec/2009:18:49:27 -0800] "GET /tmp/ HTTP/1.1" 200 520 "-" "Yandex/1.01.001 (compatible; Win16; I)" "www.peaceyoga.com"
204.15.39.12 - - [15/Dec/2009:05:13:40 -0800] "GET /logs/ HTTP/1.1" 200 3804 "-" "Botslist Botfinder (+http://www.botslist.ca)" "www.peaceyoga.com"
204.15.39.12 - - [15/Dec/2009:05:13:53 -0800] "GET /logs/access.log HTTP/1.1" 200 52339 "-" "Botslist Botfinder (+http://www.botslist.ca)" "www.peaceyoga.com"
204.15.39.12 - - [15/Dec/2009:05:13:53 -0800] "GET /logs/access_081031.log HTTP/1.1" 200 0 "-" "Botslist Botfinder (+http://www.botslist.ca)" "www.peaceyoga.com"
204.15.39.12 - - [15/Dec/2009:05:13:53 -0800] "GET /logs/access_081101.log HTTP/1.1" 200 4529 "-" "Botslist Botfinder (+http://www.botslist.ca)" "www.peaceyoga.com"
204.15.39.12 - - [15/Dec/2009:05:13:53 -0800] "GET /logs/access_081201.log HTTP/1.1" 200 0 "-" "Botslist Botfinder (+http://www.botslist.ca)" "www.peaceyoga.com"
204.15.39.12 - - [15/Dec/2009:05:13:53 -0800] "GET /logs/access_081231.log HTTP/1.1" 200 0 "-" "Botslist Botfinder (+http://www.botslist.ca)" "www.peaceyoga.com"
204.15.39.12 - - [15/Dec/2009:05:13:54 -0800] "GET /logs/access_090101.log HTTP/1.1" 200 3048 "-" "Botslist Botfinder (+http://www.botslist.ca)" "www.peaceyoga.com"
204.15.39.12 - - [15/Dec/2009:05:13:54 -0800] "GET /logs/access_090201.log HTTP/1.1" 200 0 "-" "Botslist Botfinder (+http://www.botslist.ca)" "www.peaceyoga.com"
204.15.39.12 - - [15/Dec/2009:05:13:54 -0800] "GET /logs/access_090301.log HTTP/1.1" 200 0 "-" "Botslist Botfinder (+http://www.botslist.ca)" "www.peaceyoga.com"
204.15.39.12 - - [15/Dec/2009:05:13:54 -0800] "GET /logs/access_090329.log HTTP/1.1" 200 57439 "-" "Botslist Botfinder (+http://www.botslist.ca)" "www.peaceyoga.com"
204.15.39.12 - - [15/Dec/2009:05:13:54 -0800] "GET /logs/access_090330.log HTTP/1.1" 200 3322 "-" "Botslist Botfinder (+http://www.botslist.ca)" "www.peaceyoga.com"
204.15.39.12 - - [15/Dec/2009:05:13:54 -0800] "GET /logs/access_090331.log HTTP/1.1" 200 1128 "-" "Botslist Botfinder (+http://www.botslist.ca)" "www.peaceyoga.com"
204.15.39.12 - - [15/Dec/2009:05:13:54 -0800] "GET /logs/access_090401.log HTTP/1.1" 200 929 "-" "Botslist Botfinder (+http://www.botslist.ca)" "www.peaceyoga.com"
204.15.39.12 - - [15/Dec/2009:05:13:55 -0800] "GET /logs/access_090501.log HTTP/1.1" 200 0 "-" "Botslist Botfinder (+http://www.botslist.ca)" "www.peaceyoga.com"
204.15.39.12 - - [15/Dec/2009:05:13:55 -0800] "GET /logs/access_090531.log HTTP/1.1" 200 63535 "-" "Botslist Botfinder (+http://www.botslist.ca)" "www.peaceyoga.com"
204.15.39.12 - - [15/Dec/2009:05:13:55 -0800] "GET /logs/access_090601.log HTTP/1.1" 200 1166 "-" "Botslist Botfinder (+http://www.botslist.ca)" "www.peaceyoga.com"
204.15.39.12 - - [15/Dec/2009:05:13:55 -0800] "GET /logs/access_090701.log HTTP/1.1" 200 45555 "-" "Botslist Botfinder (+http://www.botslist.ca)" "www.peaceyoga.com"
204.15.39.12 - - [15/Dec/2009:05:13:55 -0800] "GET /logs/access_090731.log HTTP/1.1" 200 64906 "-" "Botslist Botfinder (+http://www.botslist.ca)" "www.peaceyoga.com"
204.15.39.12 - - [15/Dec/2009:05:13:55 -0800] "GET /logs/access_090801.log HTTP/1.1" 200 5021 "-" "Botslist Botfinder (+http://www.botslist.ca)" "www.peaceyoga.com"
204.15.39.12 - - [15/Dec/2009:05:13:55 -0800] "GET /logs/access_090901.log HTTP/1.1" 200 42289 "-" "Botslist Botfinder (+http://www.botslist.ca)" "www.peaceyoga.com"
204.15.39.12 - - [15/Dec/2009:05:13:56 -0800] "GET /logs/access_091001.log HTTP/1.1" 200 54267 "-" "Botslist Botfinder (+http://www.botslist.ca)" "www.peaceyoga.com"
204.15.39.12 - - [15/Dec/2009:05:13:56 -0800] "GET /logs/access_091031.log HTTP/1.1" 200 52295 "-" "Botslist Botfinder (+http://www.botslist.ca)" "www.peaceyoga.com"
204.15.39.12 - - [15/Dec/2009:05:13:56 -0800] "GET /logs/access_091101.log HTTP/1.1" 200 3641 "-" "Botslist Botfinder (+http://www.botslist.ca)" "www.peaceyoga.com"
204.15.39.12 - - [15/Dec/2009:05:13:56 -0800] "GET /logs/access_091201.log HTTP/1.1" 200 0 "-" "Botslist Botfinder (+http://www.botslist.ca)" "www.peaceyoga.com"
67.195.111.39 - - [15/Dec/2009:19:31:42 -0800] "GET /robots.txt HTTP/1.0" 404 - "-" "Mozilla/5.0 (compatible; Yahoo! Slurp; http://help.yahoo.com/help/us/ysearch/slurp)" "www.peaceyoga.com"
67.195.111.39 - - [15/Dec/2009:19:31:42 -0800] "GET /?N=A HTTP/1.0" 200 900 "-" "Mozilla/5.0 (compatible; Yahoo! Slurp/3.0; http://help.yahoo.com/help/us/ysearch/slurp)" "www.peaceyoga.com"
67.195.113.236 - - [16/Dec/2009:05:51:06 -0800] "GET /robots.txt HTTP/1.0" 404 - "-" "Mozilla/5.0 (compatible; Yahoo! Slurp; http://help.yahoo.com/help/us/ysearch/slurp)" "peaceyoga.com"
67.195.113.236 - - [16/Dec/2009:05:51:06 -0800] "GET /?D=A HTTP/1.0" 200 900 "-" "Mozilla/5.0 (compatible; Yahoo! Slurp/3.0; http://help.yahoo.com/help/us/ysearch/slurp)" "peaceyoga.com"
75.101.243.36 - - [16/Dec/2009:12:08:38 -0800] "GET / HTTP/1.0" 200 900 "-" "SheenBot/SheenBot-1.0.2 (Sheen web crawler)" "www.peaceyoga.com"
77.88.29.247 - - [16/Dec/2009:12:21:55 -0800] "GET /robots.txt HTTP/1.1" 404 - "-" "Yandex/1.01.001 (compatible; Win16; I)" "www.peaceyoga.com"
77.88.29.247 - - [16/Dec/2009:15:47:19 -0800] "GET / HTTP/1.1" 200 916 "-" "Yandex/1.01.001 (compatible; Win16; I)" "www.peaceyoga.com"
77.88.29.247 - - [16/Dec/2009:16:52:27 -0800] "GET /logs/access_090531.log HTTP/1.1" 200 63535 "-" "Yandex/1.01.001 (compatible; Win16; I)" "www.peaceyoga.com"
77.88.29.247 - - [16/Dec/2009:17:57:55 -0800] "GET /logs/access_081031.log HTTP/1.1" 200 0 "-" "Yandex/1.01.001 (compatible; Win16; I)" "www.peaceyoga.com"
77.88.29.247 - - [16/Dec/2009:19:05:30 -0800] "GET /logs/access_090301.log HTTP/1.1" 200 0 "-" "Yandex/1.01.001 (compatible; Win16; I)" "www.peaceyoga.com"
77.88.29.247 - - [16/Dec/2009:20:27:21 -0800] "GET /_private/ HTTP/1.1" 403 - "-" "Yandex/1.01.001 (compatible; Win16; I)" "www.peaceyoga.com"
58.68.55.196 - - [16/Dec/2009:21:15:50 -0800] "GET / HTTP/1.0" 200 900 "-" "Mozilla/4.0 (compatible; MSIE 6.0; Windows NT 5.1; SV1; GTB6; .NET CLR 1.1.4322; .NET CLR 2.0.50727; InfoPath.2)" "www.peaceyoga.com"
150.70.84.44 - - [16/Dec/2009:21:18:46 -0800] "GET / HTTP/1.0" 200 900 "-" "Mozilla/4.0 (compatible; MSIE 6.0; Windows NT 5.1)" "www.peaceyoga.com"
77.88.29.247 - - [16/Dec/2009:21:46:04 -0800] "GET /logs/access_081101.log HTTP/1.1" 200 4529 "-" "Yandex/1.01.001 (compatible; Win16; I)" "www.peaceyoga.com"
77.88.29.247 - - [16/Dec/2009:23:01:34 -0800] "GET /logs/access_091031.log HTTP/1.1" 200 52295 "-" "Yandex/1.01.001 (compatible; Win16; I)" "www.peaceyoga.com"
75.30.146.85 - - [16/Dec/2009:23:45:41 -0800] "GET / HTTP/1.1" 200 916 "-" "Mozilla/5.0 (iPod; U; CPU iPhone OS 3_1_2 like Mac OS X; en-us) AppleWebKit/528.18 (KHTML, like Gecko) Version/4.0 Mobile/7D11 Safari/528.16" "peaceyoga.com"
77.88.29.247 - - [17/Dec/2009:00:19:24 -0800] "GET /logs/access_090601.log HTTP/1.1" 200 1166 "-" "Yandex/1.01.001 (compatible; Win16; I)" "www.peaceyoga.com"
77.88.29.247 - - [17/Dec/2009:01:38:08 -0800] "GET /logs/access_090731.log HTTP/1.1" 200 64906 "-" "Yandex/1.01.001 (compatible; Win16; I)" "www.peaceyoga.com"
77.88.29.247 - - [17/Dec/2009:02:53:12 -0800] "GET /logs/access_091201.log HTTP/1.1" 200 0 "-" "Yandex/1.01.001 (compatible; Win16; I)" "www.peaceyoga.com"
77.88.29.247 - - [17/Dec/2009:04:08:24 -0800] "GET /logs/access_090330.log HTTP/1.1" 200 3322 "-" "Yandex/1.01.001 (compatible; Win16; I)" "www.peaceyoga.com"
77.88.29.247 - - [17/Dec/2009:05:24:29 -0800] "GET /logs/access.log HTTP/1.1" 200 59449 "-" "Yandex/1.01.001 (compatible; Win16; I)" "www.peaceyoga.com"
77.88.29.247 - - [17/Dec/2009:06:41:38 -0800] "GET /logs/ HTTP/1.1" 200 3804 "-" "Yandex/1.01.001 (compatible; Win16; I)" "www.peaceyoga.com"
77.88.29.247 - - [17/Dec/2009:07:56:58 -0800] "GET /logs/access_090901.log HTTP/1.1" 200 42289 "-" "Yandex/1.01.001 (compatible; Win16; I)" "www.peaceyoga.com"
67.195.111.39 - - [17/Dec/2009:07:57:46 -0800] "GET /robots.txt HTTP/1.0" 404 - "-" "Mozilla/5.0 (compatible; Yahoo! Slurp; http://help.yahoo.com/help/us/ysearch/slurp)" "www.peaceyoga.com"
67.195.111.39 - - [17/Dec/2009:07:57:47 -0800] "GET / HTTP/1.0" 200 900 "-" "Mozilla/5.0 (compatible; Yahoo! Slurp/3.0; http://help.yahoo.com/help/us/ysearch/slurp)" "www.peaceyoga.com"
77.88.29.247 - - [17/Dec/2009:09:11:45 -0800] "GET /logs/access_091101.log HTTP/1.1" 200 3641 "-" "Yandex/1.01.001 (compatible; Win16; I)" "www.peaceyoga.com"
77.88.25.28 - - [17/Dec/2009:14:23:02 -0800] "GET /robots.txt HTTP/1.1" 404 - "-" "Yandex/1.01.001 (compatible; Win16; I)" "www.peaceyoga.com"
77.88.25.28 - - [17/Dec/2009:18:28:53 -0800] "GET /logs/access_081231.log HTTP/1.1" 200 0 "-" "Yandex/1.01.001 (compatible; Win16; I)" "www.peaceyoga.com"
66.249.65.77 - - [17/Dec/2009:19:32:54 -0800] "GET /robots.txt HTTP/1.1" 404 - "-" "Mozilla/5.0 (compatible; Googlebot/2.1; +http://www.google.com/bot.html)" "www.peaceyoga.com"
66.249.65.77 - - [17/Dec/2009:19:32:54 -0800] "GET /Material.html HTTP/1.1" 404 - "-" "Mozilla/5.0 (compatible; Googlebot/2.1; +http://www.google.com/bot.html)" "www.peaceyoga.com"
77.88.25.28 - - [17/Dec/2009:21:12:13 -0800] "GET /logs/access_090101.log HTTP/1.1" 200 3048 "-" "Yandex/1.01.001 (compatible; Win16; I)" "www.peaceyoga.com"
174.129.121.101 - - [17/Dec/2009:21:51:20 -0800] "GET /robots.txt HTTP/1.0" 404 - "-" "ia_archiver (+http://www.alexa.com/site/help/webmasters; crawler@alexa.com)" "www.peaceyoga.com"
174.129.121.101 - - [17/Dec/2009:21:51:20 -0800] "GET /logs/access_081101.log HTTP/1.0" 200 4529 "-" "ia_archiver (+http://www.alexa.com/site/help/webmasters; crawler@alexa.com)" "www.peaceyoga.com"
77.88.25.28 - - [17/Dec/2009:23:58:06 -0800] "GET /logs/access_090329.log HTTP/1.1" 200 57439 "-" "Yandex/1.01.001 (compatible; Win16; I)" "www.peaceyoga.com"
67.195.111.39 - - [18/Dec/2009:02:40:04 -0800] "GET /robots.txt HTTP/1.0" 404 - "-" "Mozilla/5.0 (compatible; Yahoo! Slurp; http://help.yahoo.com/help/us/ysearch/slurp)" "www.peaceyoga.com"
67.195.111.39 - - [18/Dec/2009:02:40:05 -0800] "GET /?N=D HTTP/1.0" 200 900 "-" "Mozilla/5.0 (compatible; Yahoo! Slurp/3.0; http://help.yahoo.com/help/us/ysearch/slurp)" "www.peaceyoga.com"
77.88.25.28 - - [18/Dec/2009:02:40:39 -0800] "GET /logs/access_081201.log HTTP/1.1" 200 0 "-" "Yandex/1.01.001 (compatible; Win16; I)" "www.peaceyoga.com"
77.88.25.28 - - [18/Dec/2009:05:22:51 -0800] "GET /tmp/ HTTP/1.1" 200 520 "-" "Yandex/1.01.001 (compatible; Win16; I)" "www.peaceyoga.com"
77.88.25.28 - - [18/Dec/2009:08:06:05 -0800] "GET /logs/access_090331.log HTTP/1.1" 200 1128 "-" "Yandex/1.01.001 (compatible; Win16; I)" "www.peaceyoga.com"
204.15.39.12 - - [18/Dec/2009:12:35:26 -0800] "GET /logs/ HTTP/1.1" 200 3804 "-" "Botslist Botfinder (+http://www.botslist.ca)" "www.peaceyoga.com"
204.15.39.12 - - [18/Dec/2009:12:35:38 -0800] "GET /logs/access.log HTTP/1.1" 200 62776 "-" "Botslist Botfinder (+http://www.botslist.ca)" "www.peaceyoga.com"
204.15.39.12 - - [18/Dec/2009:12:35:39 -0800] "GET /logs/access_081031.log HTTP/1.1" 200 0 "-" "Botslist Botfinder (+http://www.botslist.ca)" "www.peaceyoga.com"
204.15.39.12 - - [18/Dec/2009:12:35:39 -0800] "GET /logs/access_081101.log HTTP/1.1" 200 4529 "-" "Botslist Botfinder (+http://www.botslist.ca)" "www.peaceyoga.com"
204.15.39.12 - - [18/Dec/2009:12:35:39 -0800] "GET /logs/access_081201.log HTTP/1.1" 200 0 "-" "Botslist Botfinder (+http://www.botslist.ca)" "www.peaceyoga.com"
204.15.39.12 - - [18/Dec/2009:12:35:39 -0800] "GET /logs/access_081231.log HTTP/1.1" 200 0 "-" "Botslist Botfinder (+http://www.botslist.ca)" "www.peaceyoga.com"
204.15.39.12 - - [18/Dec/2009:12:35:39 -0800] "GET /logs/access_090101.log HTTP/1.0" 200 3048 "-" "Botslist Botfinder (+http://www.botslist.ca)" "www.peaceyoga.com"
204.15.39.12 - - [18/Dec/2009:12:35:40 -0800] "GET /logs/access_090201.log HTTP/1.0" 200 0 "-" "Botslist Botfinder (+http://www.botslist.ca)" "www.peaceyoga.com"
204.15.39.12 - - [18/Dec/2009:12:35:40 -0800] "GET /logs/access_090301.log HTTP/1.1" 200 0 "-" "Botslist Botfinder (+http://www.botslist.ca)" "www.peaceyoga.com"
204.15.39.12 - - [18/Dec/2009:12:35:40 -0800] "GET /logs/access_090329.log HTTP/1.1" 200 57439 "-" "Botslist Botfinder (+http://www.botslist.ca)" "www.peaceyoga.com"
204.15.39.12 - - [18/Dec/2009:12:35:40 -0800] "GET /logs/access_090330.log HTTP/1.1" 200 3322 "-" "Botslist Botfinder (+http://www.botslist.ca)" "www.peaceyoga.com"
204.15.39.12 - - [18/Dec/2009:12:35:40 -0800] "GET /logs/access_090331.log HTTP/1.1" 200 1128 "-" "Botslist Botfinder (+http://www.botslist.ca)" "www.peaceyoga.com"
204.15.39.12 - - [18/Dec/2009:12:35:40 -0800] "GET /logs/access_090401.log HTTP/1.1" 200 929 "-" "Botslist Botfinder (+http://www.botslist.ca)" "www.peaceyoga.com"
204.15.39.12 - - [18/Dec/2009:12:35:41 -0800] "GET /logs/access_090501.log HTTP/1.1" 200 0 "-" "Botslist Botfinder (+http://www.botslist.ca)" "www.peaceyoga.com"
204.15.39.12 - - [18/Dec/2009:12:35:41 -0800] "GET /logs/access_090531.log HTTP/1.1" 200 63535 "-" "Botslist Botfinder (+http://www.botslist.ca)" "www.peaceyoga.com"
204.15.39.12 - - [18/Dec/2009:12:35:41 -0800] "GET /logs/access_090601.log HTTP/1.1" 200 1166 "-" "Botslist Botfinder (+http://www.botslist.ca)" "www.peaceyoga.com"
204.15.39.12 - - [18/Dec/2009:12:35:41 -0800] "GET /logs/access_090701.log HTTP/1.1" 200 45555 "-" "Botslist Botfinder (+http://www.botslist.ca)" "www.peaceyoga.com"
204.15.39.12 - - [18/Dec/2009:12:35:41 -0800] "GET /logs/access_090731.log HTTP/1.1" 200 64906 "-" "Botslist Botfinder (+http://www.botslist.ca)" "www.peaceyoga.com"
204.15.39.12 - - [18/Dec/2009:12:35:41 -0800] "GET /logs/access_090801.log HTTP/1.1" 200 5021 "-" "Botslist Botfinder (+http://www.botslist.ca)" "www.peaceyoga.com"
204.15.39.12 - - [18/Dec/2009:12:35:42 -0800] "GET /logs/access_090901.log HTTP/1.1" 200 42289 "-" "Botslist Botfinder (+http://www.botslist.ca)" "www.peaceyoga.com"
204.15.39.12 - - [18/Dec/2009:12:35:42 -0800] "GET /logs/access_091001.log HTTP/1.1" 200 54267 "-" "Botslist Botfinder (+http://www.botslist.ca)" "www.peaceyoga.com"
204.15.39.12 - - [18/Dec/2009:12:35:42 -0800] "GET /logs/access_091031.log HTTP/1.1" 200 52295 "-" "Botslist Botfinder (+http://www.botslist.ca)" "www.peaceyoga.com"
204.15.39.12 - - [18/Dec/2009:12:35:42 -0800] "GET /logs/access_091101.log HTTP/1.1" 200 3641 "-" "Botslist Botfinder (+http://www.botslist.ca)" "www.peaceyoga.com"
204.15.39.12 - - [18/Dec/2009:12:35:42 -0800] "GET /logs/access_091201.log HTTP/1.1" 200 0 "-" "Botslist Botfinder (+http://www.botslist.ca)" "www.peaceyoga.com"
77.88.25.28 - - [18/Dec/2009:14:14:39 -0800] "GET /robots.txt HTTP/1.1" 404 - "-" "Yandex/1.01.001 (compatible; Win16; I)" "www.peaceyoga.com"
77.88.25.28 - - [18/Dec/2009:18:34:14 -0800] "GET /logs/access_091001.log HTTP/1.0" 200 54267 "-" "Yandex/1.01.001 (compatible; Win16; I)" "www.peaceyoga.com"
77.88.25.28 - - [18/Dec/2009:22:55:51 -0800] "GET /logs/access_090201.log HTTP/1.1" 200 0 "-" "Yandex/1.01.001 (compatible; Win16; I)" "www.peaceyoga.com"
67.195.111.39 - - [19/Dec/2009:00:04:09 -0800] "GET /robots.txt HTTP/1.0" 404 - "-" "Mozilla/5.0 (compatible; Yahoo! Slurp; http://help.yahoo.com/help/us/ysearch/slurp)" "www.peaceyoga.com"
67.195.111.39 - - [19/Dec/2009:00:04:10 -0800] "GET /logs/?S=D HTTP/1.0" 200 3788 "-" "Mozilla/5.0 (compatible; Yahoo! Slurp/3.0; http://help.yahoo.com/help/us/ysearch/slurp)" "www.peaceyoga.com"
77.88.25.28 - - [19/Dec/2009:03:13:13 -0800] "GET /logs/access_090701.log HTTP/1.1" 200 45555 "-" "Yandex/1.01.001 (compatible; Win16; I)" "www.peaceyoga.com"
67.195.113.236 - - [19/Dec/2009:06:06:24 -0800] "GET /robots.txt HTTP/1.0" 404 - "-" "Mozilla/5.0 (compatible; Yahoo! Slurp; http://help.yahoo.com/help/us/ysearch/slurp)" "peaceyoga.com"
67.195.113.236 - - [19/Dec/2009:06:06:24 -0800] "GET / HTTP/1.0" 200 900 "-" "Mozilla/5.0 (compatible; Yahoo! Slurp/3.0; http://help.yahoo.com/help/us/ysearch/slurp)" "peaceyoga.com"
213.160.62.36 - - [19/Dec/2009:08:59:18 -0800] "GET /favicon.ico HTTP/1.0" 404 - "http://www.google.ch/search?source=ig&hl=de&rlz=&=&q=75.101.242.106&btnG=Google-Suche&meta=lr%3D&aq=&oq=" "Mozilla/5.0 (Windows; U; Windows NT 5.1; de; rv:1.9.1.6) Gecko/20091201 Firefox/3.5.6" "www.peaceyoga.com"
77.88.25.28 - - [19/Dec/2009:10:17:46 -0800] "GET /logs/access_090401.log HTTP/1.1" 200 929 "-" "Yandex/1.01.001 (compatible; Win16; I)" "www.peaceyoga.com"
67.195.111.39 - - [19/Dec/2009:10:51:45 -0800] "GET /robots.txt HTTP/1.0" 404 - "-" "Mozilla/5.0 (compatible; Yahoo! Slurp; http://help.yahoo.com/help/us/ysearch/slurp)" "www.peaceyoga.com"
67.195.111.39 - - [19/Dec/2009:10:51:46 -0800] "GET /tmp/?D=D HTTP/1.0" 200 504 "-" "Mozilla/5.0 (compatible; Yahoo! Slurp/3.0; http://help.yahoo.com/help/us/ysearch/slurp)" "www.peaceyoga.com"
67.195.111.39 - - [19/Dec/2009:10:58:15 -0800] "GET /tmp/?S=A HTTP/1.0" 200 504 "-" "Mozilla/5.0 (compatible; Yahoo! Slurp/3.0; http://help.yahoo.com/help/us/ysearch/slurp)" "www.peaceyoga.com"
67.195.111.39 - - [19/Dec/2009:11:41:04 -0800] "GET /logs/access_070531.log HTTP/1.0" 404 - "-" "Mozilla/5.0 (compatible; Yahoo! Slurp/3.0; http://help.yahoo.com/help/us/ysearch/slurp)" "www.peaceyoga.com"
77.88.25.28 - - [19/Dec/2009:15:21:53 -0800] "GET /robots.txt HTTP/1.1" 404 - "-" "Yandex/1.01.001 (compatible; Win16; I)" "www.peaceyoga.com"
77.88.25.28 - - [19/Dec/2009:16:42:06 -0800] "GET /logs/access_090330.log HTTP/1.1" 200 3322 "-" "Yandex/1.01.001 (compatible; Win16; I)" "www.peaceyoga.com"
77.88.25.28 - - [19/Dec/2009:18:10:40 -0800] "GET /logs/access_090901.log HTTP/1.1" 200 42289 "-" "Yandex/1.01.001 (compatible; Win16; I)" "www.peaceyoga.com"
77.88.25.28 - - [19/Dec/2009:19:45:48 -0800] "GET /logs/access.log HTTP/1.1" 200 69619 "-" "Yandex/1.01.001 (compatible; Win16; I)" "www.peaceyoga.com"
65.55.106.110 - - [19/Dec/2009:20:16:57 -0800] "GET /robots.txt HTTP/1.1" 404 - "-" "msnbot/2.0b (+http://search.msn.com/msnbot.htm)" "peaceyoga.com"
67.195.111.39 - - [19/Dec/2009:20:24:41 -0800] "GET /robots.txt HTTP/1.0" 404 - "-" "Mozilla/5.0 (compatible; Yahoo! Slurp; http://help.yahoo.com/help/us/ysearch/slurp)" "www.peaceyoga.com"
67.195.111.39 - - [19/Dec/2009:20:24:41 -0800] "GET /logs/access_070801.log HTTP/1.0" 404 - "-" "Mozilla/5.0 (compatible; Yahoo! Slurp/3.0; http://help.yahoo.com/help/us/ysearch/slurp)" "www.peaceyoga.com"
65.55.106.110 - - [19/Dec/2009:20:37:30 -0800] "GET / HTTP/1.1" 200 916 "-" "msnbot/2.0b (+http://search.msn.com/msnbot.htm)" "peaceyoga.com"
77.88.25.28 - - [19/Dec/2009:21:24:08 -0800] "GET /logs/access_091201.log HTTP/1.1" 200 0 "-" "Yandex/1.01.001 (compatible; Win16; I)" "www.peaceyoga.com"
77.88.25.28 - - [19/Dec/2009:23:24:44 -0800] "GET /logs/access_081031.log HTTP/1.1" 200 0 "-" "Yandex/1.01.001 (compatible; Win16; I)" "www.peaceyoga.com"
77.88.25.28 - - [20/Dec/2009:01:14:03 -0800] "GET /logs/access_081101.log HTTP/1.1" 200 4529 "-" "Yandex/1.01.001 (compatible; Win16; I)" "www.peaceyoga.com"
77.88.25.28 - - [20/Dec/2009:03:02:20 -0800] "GET /logs/access_090801.log HTTP/1.1" 200 5021 "-" "Yandex/1.01.001 (compatible; Win16; I)" "www.peaceyoga.com"
77.88.25.28 - - [20/Dec/2009:04:50:41 -0800] "GET /logs/access_090731.log HTTP/1.1" 200 64906 "-" "Yandex/1.01.001 (compatible; Win16; I)" "www.peaceyoga.com"
77.88.25.28 - - [20/Dec/2009:06:39:36 -0800] "GET /_private/ HTTP/1.1" 403 - "-" "Yandex/1.01.001 (compatible; Win16; I)" "www.peaceyoga.com"
149.5.168.19 - - [20/Dec/2009:07:01:03 -0800] "GET /logs/access_090101.log HTTP/1.1" 206 3048 "-" "Mozilla/5.0 (Windows; U; Windows NT 6.0; en-US; rv:1.9b5) Gecko/2008032620 Firefox/3.0b5" "www.peaceyoga.com"
77.88.25.28 - - [20/Dec/2009:08:33:39 -0800] "GET /logs/access_091031.log HTTP/1.1" 200 52295 "-" "Yandex/1.01.001 (compatible; Win16; I)" "www.peaceyoga.com"
67.195.111.39 - - [20/Dec/2009:09:28:12 -0800] "GET /robots.txt HTTP/1.0" 404 - "-" "Mozilla/5.0 (compatible; Yahoo! Slurp; http://help.yahoo.com/help/us/ysearch/slurp)" "www.peaceyoga.com"
67.195.111.39 - - [20/Dec/2009:09:28:13 -0800] "GET /logs/access_090901.log HTTP/1.0" 200 42289 "-" "Mozilla/5.0 (compatible; Yahoo! Slurp/3.0; http://help.yahoo.com/help/us/ysearch/slurp)" "www.peaceyoga.com"
67.195.111.39 - - [20/Dec/2009:10:00:52 -0800] "GET /logs/?N=A HTTP/1.0" 200 3788 "-" "Mozilla/5.0 (compatible; Yahoo! Slurp/3.0; http://help.yahoo.com/help/us/ysearch/slurp)" "www.peaceyoga.com"
67.195.111.39 - - [20/Dec/2009:12:52:13 -0800] "GET /?M=A HTTP/1.0" 200 900 "-" "Mozilla/5.0 (compatible; Yahoo! Slurp/3.0; http://help.yahoo.com/help/us/ysearch/slurp)" "www.peaceyoga.com"
67.195.113.236 - - [20/Dec/2009:12:58:54 -0800] "GET /robots.txt HTTP/1.0" 404 - "-" "Mozilla/5.0 (compatible; Yahoo! Slurp; http://help.yahoo.com/help/us/ysearch/slurp)" "peaceyoga.com"
67.195.113.236 - - [20/Dec/2009:12:58:55 -0800] "GET /logs/access_081201.log HTTP/1.0" 200 100743 "-" "Mozilla/5.0 (compatible; Yahoo! Slurp/3.0; http://help.yahoo.com/help/us/ysearch/slurp)" "peaceyoga.com"
77.88.25.28 - - [20/Dec/2009:13:22:15 -0800] "GET /logs/access_090531.log HTTP/1.1" 200 63535 "-" "Yandex/1.01.001 (compatible; Win16; I)" "www.peaceyoga.com"
67.195.111.39 - - [20/Dec/2009:14:37:18 -0800] "GET /logs/access_080801.log HTTP/1.0" 404 - "-" "Mozilla/5.0 (compatible; Yahoo! Slurp/3.0; http://help.yahoo.com/help/us/ysearch/slurp)" "www.peaceyoga.com"
67.195.111.39 - - [20/Dec/2009:15:12:48 -0800] "GET /logs/access_090501.log HTTP/1.0" 200 66905 "-" "Mozilla/5.0 (compatible; Yahoo! Slurp/3.0; http://help.yahoo.com/help/us/ysearch/slurp)" "www.peaceyoga.com"
67.195.111.39 - - [20/Dec/2009:17:30:27 -0800] "GET /logs/access_070329.log HTTP/1.0" 404 - "-" "Mozilla/5.0 (compatible; Yahoo! Slurp/3.0; http://help.yahoo.com/help/us/ysearch/slurp)" "www.peaceyoga.com"
67.195.111.39 - - [21/Dec/2009:00:16:41 -0800] "GET /robots.txt HTTP/1.0" 404 - "-" "Mozilla/5.0 (compatible; Yahoo! Slurp; http://help.yahoo.com/help/us/ysearch/slurp)" "www.peaceyoga.com"
67.195.111.39 - - [21/Dec/2009:00:16:42 -0800] "GET /tmp/?M=A HTTP/1.0" 200 504 "-" "Mozilla/5.0 (compatible; Yahoo! Slurp/3.0; http://help.yahoo.com/help/us/ysearch/slurp)" "www.peaceyoga.com"
67.195.111.39 - - [21/Dec/2009:02:52:10 -0800] "GET /tmp/?N=A HTTP/1.0" 200 504 "-" "Mozilla/5.0 (compatible; Yahoo! Slurp/3.0; http://help.yahoo.com/help/us/ysearch/slurp)" "www.peaceyoga.com"
38.100.41.66 - - [21/Dec/2009:02:55:17 -0800] "GET / HTTP/1.1" 200 916 "-" "Mozilla/4.0 (compatible; MSIE 7.0; Windows NT 5.2)" "www.peaceyoga.com"
38.100.41.66 - - [21/Dec/2009:02:55:40 -0800] "GET /_private/ HTTP/1.1" 403 - "http://www.peaceyoga.com/" "Mozilla/4.0 (compatible; MSIE 7.0; Windows NT 5.2)" "www.peaceyoga.com"
38.100.41.66 - - [21/Dec/2009:02:55:41 -0800] "GET /tmp/ HTTP/1.1" 200 520 "http://www.peaceyoga.com/" "Mozilla/4.0 (compatible; MSIE 7.0; Windows NT 5.2)" "www.peaceyoga.com"
38.100.41.66 - - [21/Dec/2009:02:55:44 -0800] "GET /logs/ HTTP/1.1" 200 3804 "http://www.peaceyoga.com/" "Mozilla/4.0 (compatible; MSIE 7.0; Windows NT 5.2)" "www.peaceyoga.com"
38.100.41.66 - - [21/Dec/2009:02:56:33 -0800] "GET /logs/access_090501.log HTTP/1.1" 200 66905 "http://www.peaceyoga.com/logs/" "Mozilla/4.0 (compatible; MSIE 7.0; Windows NT 5.2)" "www.peaceyoga.com"
38.100.41.66 - - [21/Dec/2009:02:56:35 -0800] "GET /logs/access_090901.log HTTP/1.1" 200 42289 "http://www.peaceyoga.com/logs/" "Mozilla/4.0 (compatible; MSIE 7.0; Windows NT 5.2)" "www.peaceyoga.com"
38.100.41.66 - - [21/Dec/2009:02:56:38 -0800] "GET /logs/access_090531.log HTTP/1.1" 200 63535 "http://www.peaceyoga.com/logs/" "Mozilla/4.0 (compatible; MSIE 7.0; Windows NT 5.2)" "www.peaceyoga.com"
38.100.41.66 - - [21/Dec/2009:02:56:40 -0800] "GET /logs/access_090330.log HTTP/1.1" 200 3322 "http://www.peaceyoga.com/logs/" "Mozilla/4.0 (compatible; MSIE 7.0; Windows NT 5.2)" "www.peaceyoga.com"
38.100.41.66 - - [21/Dec/2009:02:56:42 -0800] "GET /logs/access_090301.log HTTP/1.1" 200 73030 "http://www.peaceyoga.com/logs/" "Mozilla/4.0 (compatible; MSIE 7.0; Windows NT 5.2)" "www.peaceyoga.com"
38.100.41.66 - - [21/Dec/2009:02:56:43 -0800] "GET /logs/access_081101.log HTTP/1.1" 200 4529 "http://www.peaceyoga.com/logs/" "Mozilla/4.0 (compatible; MSIE 7.0; Windows NT 5.2)" "www.peaceyoga.com"
38.100.41.66 - - [21/Dec/2009:02:56:44 -0800] "GET /logs/access_090201.log HTTP/1.1" 200 117565 "http://www.peaceyoga.com/logs/" "Mozilla/4.0 (compatible; MSIE 7.0; Windows NT 5.2)" "www.peaceyoga.com"
38.100.41.66 - - [21/Dec/2009:02:56:46 -0800] "GET /logs/access_081031.log HTTP/1.1" 200 84619 "http://www.peaceyoga.com/logs/" "Mozilla/4.0 (compatible; MSIE 7.0; Windows NT 5.2)" "www.peaceyoga.com"
38.100.41.66 - - [21/Dec/2009:02:56:48 -0800] "GET /logs/access_081201.log HTTP/1.1" 200 100743 "http://www.peaceyoga.com/logs/" "Mozilla/4.0 (compatible; MSIE 7.0; Windows NT 5.2)" "www.peaceyoga.com"
38.100.41.66 - - [21/Dec/2009:02:56:49 -0800] "GET /logs/access_090329.log HTTP/1.1" 200 57439 "http://www.peaceyoga.com/logs/" "Mozilla/4.0 (compatible; MSIE 7.0; Windows NT 5.2)" "www.peaceyoga.com"
38.100.41.66 - - [21/Dec/2009:02:56:49 -0800] "GET /logs/access_091201.log HTTP/1.1" 200 83387 "http://www.peaceyoga.com/logs/" "Mozilla/4.0 (compatible; MSIE 7.0; Windows NT 5.2)" "www.peaceyoga.com"
38.100.41.66 - - [21/Dec/2009:02:56:50 -0800] "GET /logs/access_090331.log HTTP/1.1" 200 1128 "http://www.peaceyoga.com/logs/" "Mozilla/4.0 (compatible; MSIE 7.0; Windows NT 5.2)" "www.peaceyoga.com"
38.100.41.66 - - [21/Dec/2009:02:56:51 -0800] "GET /logs/access_091031.log HTTP/1.1" 200 52295 "http://www.peaceyoga.com/logs/" "Mozilla/4.0 (compatible; MSIE 7.0; Windows NT 5.2)" "www.peaceyoga.com"
38.100.41.66 - - [21/Dec/2009:02:56:54 -0800] "GET /logs/access_090601.log HTTP/1.1" 200 1166 "http://www.peaceyoga.com/logs/" "Mozilla/4.0 (compatible; MSIE 7.0; Windows NT 5.2)" "www.peaceyoga.com"
38.100.41.66 - - [21/Dec/2009:02:56:56 -0800] "GET /logs/access_090101.log HTTP/1.1" 200 3048 "http://www.peaceyoga.com/logs/" "Mozilla/4.0 (compatible; MSIE 7.0; Windows NT 5.2)" "www.peaceyoga.com"
38.100.41.66 - - [21/Dec/2009:02:56:58 -0800] "GET /logs/access_090801.log HTTP/1.1" 200 5021 "http://www.peaceyoga.com/logs/" "Mozilla/4.0 (compatible; MSIE 7.0; Windows NT 5.2)" "www.peaceyoga.com"
38.100.41.66 - - [21/Dec/2009:02:56:59 -0800] "GET /logs/access_091001.log HTTP/1.1" 200 54267 "http://www.peaceyoga.com/logs/" "Mozilla/4.0 (compatible; MSIE 7.0; Windows NT 5.2)" "www.peaceyoga.com"
38.100.41.66 - - [21/Dec/2009:02:57:00 -0800] "GET /logs/access.log HTTP/1.1" 200 78006 "http://www.peaceyoga.com/logs/" "Mozilla/4.0 (compatible; MSIE 7.0; Windows NT 5.2)" "www.peaceyoga.com"
38.100.41.66 - - [21/Dec/2009:02:57:02 -0800] "GET /logs/access_090731.log HTTP/1.1" 200 64906 "http://www.peaceyoga.com/logs/" "Mozilla/4.0 (compatible; MSIE 7.0; Windows NT 5.2)" "www.peaceyoga.com"
38.100.41.66 - - [21/Dec/2009:02:57:03 -0800] "GET /logs/access_090701.log HTTP/1.1" 200 45555 "http://www.peaceyoga.com/logs/" "Mozilla/4.0 (compatible; MSIE 7.0; Windows NT 5.2)" "www.peaceyoga.com"
38.100.41.66 - - [21/Dec/2009:02:57:04 -0800] "GET /logs/access_081231.log HTTP/1.1" 200 85700 "http://www.peaceyoga.com/logs/" "Mozilla/4.0 (compatible; MSIE 7.0; Windows NT 5.2)" "www.peaceyoga.com"
38.100.41.66 - - [21/Dec/2009:02:57:05 -0800] "GET /logs/access_090401.log HTTP/1.1" 200 929 "http://www.peaceyoga.com/logs/" "Mozilla/4.0 (compatible; MSIE 7.0; Windows NT 5.2)" "www.peaceyoga.com"
38.100.41.66 - - [21/Dec/2009:02:57:05 -0800] "GET /logs/access_091101.log HTTP/1.1" 200 3641 "http://www.peaceyoga.com/logs/" "Mozilla/4.0 (compatible; MSIE 7.0; Windows NT 5.2)" "www.peaceyoga.com"
67.195.111.39 - - [21/Dec/2009:04:02:05 -0800] "GET /?S=A HTTP/1.0" 200 900 "-" "Mozilla/5.0 (compatible; Yahoo! Slurp/3.0; http://help.yahoo.com/help/us/ysearch/slurp)" "www.peaceyoga.com"
204.15.39.12 - - [21/Dec/2009:06:31:41 -0800] "GET /logs/ HTTP/1.1" 200 3804 "-" "Botslist Botfinder (+http://www.botslist.ca)" "www.peaceyoga.com"
204.15.39.12 - - [21/Dec/2009:06:31:54 -0800] "GET /logs/access.log HTTP/1.1" 200 79949 "-" "Botslist Botfinder (+http://www.botslist.ca)" "www.peaceyoga.com"
204.15.39.12 - - [21/Dec/2009:06:31:54 -0800] "GET /logs/access_081031.log HTTP/1.1" 200 0 "-" "Botslist Botfinder (+http://www.botslist.ca)" "www.peaceyoga.com"
204.15.39.12 - - [21/Dec/2009:06:31:55 -0800] "GET /logs/access_081101.log HTTP/1.1" 200 4529 "-" "Botslist Botfinder (+http://www.botslist.ca)" "www.peaceyoga.com"
204.15.39.12 - - [21/Dec/2009:06:31:55 -0800] "GET /logs/access_081201.log HTTP/1.1" 200 0 "-" "Botslist Botfinder (+http://www.botslist.ca)" "www.peaceyoga.com"
204.15.39.12 - - [21/Dec/2009:06:31:55 -0800] "GET /logs/access_081231.log HTTP/1.1" 200 0 "-" "Botslist Botfinder (+http://www.botslist.ca)" "www.peaceyoga.com"
204.15.39.12 - - [21/Dec/2009:06:31:55 -0800] "GET /logs/access_090101.log HTTP/1.1" 200 3048 "-" "Botslist Botfinder (+http://www.botslist.ca)" "www.peaceyoga.com"
204.15.39.12 - - [21/Dec/2009:06:31:55 -0800] "GET /logs/access_090201.log HTTP/1.1" 200 0 "-" "Botslist Botfinder (+http://www.botslist.ca)" "www.peaceyoga.com"
204.15.39.12 - - [21/Dec/2009:06:31:55 -0800] "GET /logs/access_090301.log HTTP/1.1" 200 0 "-" "Botslist Botfinder (+http://www.botslist.ca)" "www.peaceyoga.com"
204.15.39.12 - - [21/Dec/2009:06:31:56 -0800] "GET /logs/access_090329.log HTTP/1.1" 200 57439 "-" "Botslist Botfinder (+http://www.botslist.ca)" "www.peaceyoga.com"
204.15.39.12 - - [21/Dec/2009:06:31:56 -0800] "GET /logs/access_090330.log HTTP/1.1" 200 3322 "-" "Botslist Botfinder (+http://www.botslist.ca)" "www.peaceyoga.com"
204.15.39.12 - - [21/Dec/2009:06:31:56 -0800] "GET /logs/access_090331.log HTTP/1.1" 200 1128 "-" "Botslist Botfinder (+http://www.botslist.ca)" "www.peaceyoga.com"
204.15.39.12 - - [21/Dec/2009:06:31:56 -0800] "GET /logs/access_090401.log HTTP/1.1" 200 929 "-" "Botslist Botfinder (+http://www.botslist.ca)" "www.peaceyoga.com"
204.15.39.12 - - [21/Dec/2009:06:31:56 -0800] "GET /logs/access_090501.log HTTP/1.1" 200 0 "-" "Botslist Botfinder (+http://www.botslist.ca)" "www.peaceyoga.com"
204.15.39.12 - - [21/Dec/2009:06:31:56 -0800] "GET /logs/access_090531.log HTTP/1.1" 200 63535 "-" "Botslist Botfinder (+http://www.botslist.ca)" "www.peaceyoga.com"
204.15.39.12 - - [21/Dec/2009:06:31:56 -0800] "GET /logs/access_090601.log HTTP/1.1" 200 1166 "-" "Botslist Botfinder (+http://www.botslist.ca)" "www.peaceyoga.com"
204.15.39.12 - - [21/Dec/2009:06:31:57 -0800] "GET /logs/access_090701.log HTTP/1.1" 200 45555 "-" "Botslist Botfinder (+http://www.botslist.ca)" "www.peaceyoga.com"
204.15.39.12 - - [21/Dec/2009:06:31:57 -0800] "GET /logs/access_090731.log HTTP/1.1" 200 64906 "-" "Botslist Botfinder (+http://www.botslist.ca)" "www.peaceyoga.com"
204.15.39.12 - - [21/Dec/2009:06:31:57 -0800] "GET /logs/access_090801.log HTTP/1.1" 200 5021 "-" "Botslist Botfinder (+http://www.botslist.ca)" "www.peaceyoga.com"
204.15.39.12 - - [21/Dec/2009:06:31:57 -0800] "GET /logs/access_090901.log HTTP/1.1" 200 42289 "-" "Botslist Botfinder (+http://www.botslist.ca)" "www.peaceyoga.com"
204.15.39.12 - - [21/Dec/2009:06:31:57 -0800] "GET /logs/access_091001.log HTTP/1.1" 200 54267 "-" "Botslist Botfinder (+http://www.botslist.ca)" "www.peaceyoga.com"
204.15.39.12 - - [21/Dec/2009:06:31:57 -0800] "GET /logs/access_091031.log HTTP/1.1" 200 52295 "-" "Botslist Botfinder (+http://www.botslist.ca)" "www.peaceyoga.com"
204.15.39.12 - - [21/Dec/2009:06:31:58 -0800] "GET /logs/access_091101.log HTTP/1.1" 200 3641 "-" "Botslist Botfinder (+http://www.botslist.ca)" "www.peaceyoga.com"
204.15.39.12 - - [21/Dec/2009:06:31:58 -0800] "GET /logs/access_091201.log HTTP/1.1" 200 0 "-" "Botslist Botfinder (+http://www.botslist.ca)" "www.peaceyoga.com"
67.195.111.39 - - [21/Dec/2009:10:33:20 -0800] "GET /logs/access_061201.log HTTP/1.0" 404 - "-" "Mozilla/5.0 (compatible; Yahoo! Slurp/3.0; http://help.yahoo.com/help/us/ysearch/slurp)" "www.peaceyoga.com"
67.195.111.39 - - [21/Dec/2009:10:44:02 -0800] "GET /logs/access_090101.log HTTP/1.0" 200 3048 "-" "Mozilla/5.0 (compatible; Yahoo! Slurp/3.0; http://help.yahoo.com/help/us/ysearch/slurp)" "www.peaceyoga.com"
77.88.25.28 - - [21/Dec/2009:12:06:40 -0800] "GET /robots.txt HTTP/1.1" 404 - "-" "Yandex/1.01.001 (compatible; Win16; I)" "www.peaceyoga.com"
77.88.25.28 - - [21/Dec/2009:15:43:26 -0800] "GET / HTTP/1.1" 200 916 "-" "Yandex/1.01.001 (compatible; Win16; I)" "www.peaceyoga.com"
77.88.25.28 - - [21/Dec/2009:18:05:28 -0800] "GET /logs/access_091001.log HTTP/1.1" 200 54267 "-" "Yandex/1.01.001 (compatible; Win16; I)" "www.peaceyoga.com"
77.88.25.28 - - [21/Dec/2009:20:24:49 -0800] "GET /logs/access_090201.log HTTP/1.1" 200 0 "-" "Yandex/1.01.001 (compatible; Win16; I)" "www.peaceyoga.com"
119.63.198.31 - - [21/Dec/2009:20:57:09 -0800] "GET /robots.txt HTTP/1.1" 404 - "-" "Baiduspider+(+http://www.baidu.com/search/spider.htm)" "www.peaceyoga.com"
77.88.25.28 - - [21/Dec/2009:22:42:51 -0800] "GET /logs/access_081201.log HTTP/1.1" 200 0 "-" "Yandex/1.01.001 (compatible; Win16; I)" "www.peaceyoga.com"
66.249.65.108 - - [21/Dec/2009:23:53:13 -0800] "GET /robots.txt HTTP/1.1" 404 - "-" "Mozilla/5.0 (compatible; Googlebot/2.1; +http://www.google.com/bot.html)" "www.peaceyoga.com"
66.249.65.76 - - [21/Dec/2009:23:53:13 -0800] "GET /Paraphernalia.html HTTP/1.1" 404 - "-" "Mozilla/5.0 (compatible; Googlebot/2.1; +http://www.google.com/bot.html)" "www.peaceyoga.com"
77.88.25.28 - - [22/Dec/2009:01:04:30 -0800] "GET /logs/access_090101.log HTTP/1.0" 200 3048 "-" "Yandex/1.01.001 (compatible; Win16; I)" "www.peaceyoga.com"
77.88.25.28 - - [22/Dec/2009:03:22:36 -0800] "GET /logs/access_091101.log HTTP/1.1" 200 3641 "-" "Yandex/1.01.001 (compatible; Win16; I)" "www.peaceyoga.com"
77.88.25.28 - - [22/Dec/2009:05:39:29 -0800] "GET /logs/access_090329.log HTTP/1.1" 200 57439 "-" "Yandex/1.01.001 (compatible; Win16; I)" "www.peaceyoga.com"
77.88.25.28 - - [22/Dec/2009:08:00:16 -0800] "GET /logs/access_090331.log HTTP/1.1" 200 1128 "-" "Yandex/1.01.001 (compatible; Win16; I)" "www.peaceyoga.com"
77.88.25.28 - - [22/Dec/2009:10:15:17 -0800] "GET /logs/access_081231.log HTTP/1.1" 200 0 "-" "Yandex/1.01.001 (compatible; Win16; I)" "www.peaceyoga.com"
67.195.111.39 - - [22/Dec/2009:13:44:57 -0800] "GET /robots.txt HTTP/1.0" 404 - "-" "Mozilla/5.0 (compatible; Yahoo! Slurp; http://help.yahoo.com/help/us/ysearch/slurp)" "www.peaceyoga.com"
67.195.111.39 - - [22/Dec/2009:13:44:57 -0800] "GET /tmp/?N=D HTTP/1.0" 200 504 "-" "Mozilla/5.0 (compatible; Yahoo! Slurp/3.0; http://help.yahoo.com/help/us/ysearch/slurp)" "www.peaceyoga.com"
77.88.25.28 - - [22/Dec/2009:13:51:18 -0800] "GET /robots.txt HTTP/1.1" 404 - "-" "Yandex/1.01.001 (compatible; Win16; I)" "www.peaceyoga.com"
77.88.25.28 - - [22/Dec/2009:16:07:23 -0800] "GET /tmp/ HTTP/1.1" 200 520 "-" "Yandex/1.01.001 (compatible; Win16; I)" "www.peaceyoga.com"
207.114.215.142 - - [22/Dec/2009:16:10:53 -0800] "GET / HTTP/1.1" 200 916 "-" "Mozilla/5.0 (Windows; U; Windows NT 6.0; en-US) AppleWebKit/532.0 (KHTML, like Gecko) Chrome/3.0.195.38 Safari/532.0" "peaceyoga.com"
207.114.215.142 - - [22/Dec/2009:16:10:53 -0800] "GET /favicon.ico HTTP/1.1" 404 - "-" "Mozilla/5.0 (Windows; U; Windows NT 6.0; en-US) AppleWebKit/532.0 (KHTML, like Gecko) Chrome/3.0.195.38 Safari/532.0" "peaceyoga.com"
77.88.25.28 - - [22/Dec/2009:18:25:01 -0800] "GET /logs/access_090601.log HTTP/1.1" 200 1166 "-" "Yandex/1.01.001 (compatible; Win16; I)" "www.peaceyoga.com"
67.195.111.39 - - [22/Dec/2009:19:23:56 -0800] "GET /logs/access_090330.log HTTP/1.0" 200 3322 "-" "Mozilla/5.0 (compatible; Yahoo! Slurp/3.0; http://help.yahoo.com/help/us/ysearch/slurp)" "www.peaceyoga.com"
77.88.25.28 - - [22/Dec/2009:20:36:07 -0800] "GET /logs/access_090301.log HTTP/1.1" 200 0 "-" "Yandex/1.01.001 (compatible; Win16; I)" "www.peaceyoga.com"
77.88.25.28 - - [22/Dec/2009:22:47:43 -0800] "GET /logs/access_090901.log HTTP/1.1" 200 42289 "-" "Yandex/1.01.001 (compatible; Win16; I)" "www.peaceyoga.com"
77.88.25.28 - - [23/Dec/2009:01:05:15 -0800] "GET /logs/access_090701.log HTTP/1.1" 200 45555 "-" "Yandex/1.01.001 (compatible; Win16; I)" "www.peaceyoga.com"
67.195.111.39 - - [23/Dec/2009:01:09:02 -0800] "GET /robots.txt HTTP/1.0" 404 - "-" "Mozilla/5.0 (compatible; Yahoo! Slurp; http://help.yahoo.com/help/us/ysearch/slurp)" "www.peaceyoga.com"
67.195.111.39 - - [23/Dec/2009:01:09:02 -0800] "GET /_private/ HTTP/1.0" 403 - "-" "Mozilla/5.0 (compatible; Yahoo! Slurp/3.0; http://help.yahoo.com/help/us/ysearch/slurp)" "www.peaceyoga.com"
67.195.113.236 - - [23/Dec/2009:02:29:55 -0800] "GET /robots.txt HTTP/1.0" 404 - "-" "Mozilla/5.0 (compatible; Yahoo! Slurp; http://help.yahoo.com/help/us/ysearch/slurp)" "peaceyoga.com"
67.195.113.236 - - [23/Dec/2009:02:29:55 -0800] "GET /?D=D HTTP/1.0" 200 900 "-" "Mozilla/5.0 (compatible; Yahoo! Slurp/3.0; http://help.yahoo.com/help/us/ysearch/slurp)" "peaceyoga.com"
77.88.25.28 - - [23/Dec/2009:03:13:57 -0800] "GET /logs/access_090330.log HTTP/1.1" 200 3322 "-" "Yandex/1.01.001 (compatible; Win16; I)" "www.peaceyoga.com"
67.195.111.39 - - [23/Dec/2009:12:26:36 -0800] "GET /robots.txt HTTP/1.0" 404 - "-" "Mozilla/5.0 (compatible; Yahoo! Slurp; http://help.yahoo.com/help/us/ysearch/slurp)" "www.peaceyoga.com"
67.195.111.39 - - [23/Dec/2009:12:26:36 -0800] "GET /logs/access_070201.log HTTP/1.0" 404 - "-" "Mozilla/5.0 (compatible; Yahoo! Slurp/3.0; http://help.yahoo.com/help/us/ysearch/slurp)" "www.peaceyoga.com"
77.88.25.28 - - [23/Dec/2009:15:06:32 -0800] "GET /robots.txt HTTP/1.0" 404 - "-" "Yandex/1.01.001 (compatible; Win16; I)" "www.peaceyoga.com"
77.88.25.28 - - [23/Dec/2009:17:09:07 -0800] "GET /logs/ HTTP/1.1" 200 3804 "-" "Yandex/1.01.001 (compatible; Win16; I)" "www.peaceyoga.com"
77.88.25.28 - - [23/Dec/2009:19:35:08 -0800] "GET /_private/ HTTP/1.1" 403 - "-" "Yandex/1.01.001 (compatible; Win16; I)" "www.peaceyoga.com"
77.88.25.28 - - [23/Dec/2009:22:09:08 -0800] "GET /logs/access_090531.log HTTP/1.1" 200 63535 "-" "Yandex/1.01.001 (compatible; Win16; I)" "www.peaceyoga.com"
66.249.65.76 - - [23/Dec/2009:22:37:53 -0800] "GET /robots.txt HTTP/1.1" 404 - "-" "Mozilla/5.0 (compatible; Googlebot/2.1; +http://www.google.com/bot.html)" "www.peaceyoga.com"
66.249.65.88 - - [23/Dec/2009:22:37:53 -0800] "GET /logs/access_081001.log HTTP/1.1" 404 - "-" "Mozilla/5.0 (compatible; Googlebot/2.1; +http://www.google.com/bot.html)" "www.peaceyoga.com"
77.88.25.28 - - [24/Dec/2009:00:32:13 -0800] "GET /logs/access_081101.log HTTP/1.1" 200 4529 "-" "Yandex/1.01.001 (compatible; Win16; I)" "www.peaceyoga.com"
77.88.25.28 - - [24/Dec/2009:02:55:51 -0800] "GET /logs/access_090731.log HTTP/1.1" 200 64906 "-" "Yandex/1.01.001 (compatible; Win16; I)" "www.peaceyoga.com"
77.88.25.28 - - [24/Dec/2009:05:20:44 -0800] "GET /logs/access_090801.log HTTP/1.1" 200 5021 "-" "Yandex/1.01.001 (compatible; Win16; I)" "www.peaceyoga.com"
140.239.170.102 - - [24/Dec/2009:08:12:00 -0800] "GET / HTTP/1.1" 200 916 "-" "Mozilla/5.0 (Macintosh; U; Intel Mac OS X 10_5_8; en-us) AppleWebKit/530.19.2 (KHTML, like Gecko) Version/4.0.2 Safari/530.19" "www.peaceyoga.com"
140.239.170.102 - - [24/Dec/2009:08:12:01 -0800] "GET /favicon.ico HTTP/1.1" 404 - "http://www.peaceyoga.com/" "Mozilla/5.0 (Macintosh; U; Intel Mac OS X 10_5_8; en-us) AppleWebKit/530.19.2 (KHTML, like Gecko) Version/4.0.2 Safari/530.19" "www.peaceyoga.com"
77.88.25.28 - - [24/Dec/2009:08:27:35 -0800] "GET /logs/access_090501.log HTTP/1.1" 200 0 "-" "Yandex/1.01.001 (compatible; Win16; I)" "www.peaceyoga.com"
77.88.25.28 - - [24/Dec/2009:10:31:39 -0800] "GET /logs/access_081031.log HTTP/1.1" 200 0 "-" "Yandex/1.01.001 (compatible; Win16; I)" "www.peaceyoga.com"
77.88.25.28 - - [24/Dec/2009:16:34:30 -0800] "GET /robots.txt HTTP/1.1" 404 - "-" "Yandex/1.01.001 (compatible; Win16; I)" "www.peaceyoga.com"
67.195.111.39 - - [24/Dec/2009:20:08:00 -0800] "GET /robots.txt HTTP/1.0" 404 - "-" "Mozilla/5.0 (compatible; Yahoo! Slurp; http://help.yahoo.com/help/us/ysearch/slurp)" "www.peaceyoga.com"
67.195.111.39 - - [24/Dec/2009:20:08:00 -0800] "GET /logs/access_080401.log HTTP/1.0" 404 - "-" "Mozilla/5.0 (compatible; Yahoo! Slurp/3.0; http://help.yahoo.com/help/us/ysearch/slurp)" "www.peaceyoga.com"
77.88.25.28 - - [24/Dec/2009:20:18:06 -0800] "GET /logs/access_090201.log HTTP/1.1" 200 0 "-" "Yandex/1.01.001 (compatible; Win16; I)" "www.peaceyoga.com"
77.88.25.28 - - [25/Dec/2009:00:02:12 -0800] "GET /logs/access_081201.log HTTP/1.1" 200 0 "-" "Yandex/1.01.001 (compatible; Win16; I)" "www.peaceyoga.com"
77.88.25.28 - - [25/Dec/2009:03:45:27 -0800] "GET /logs/access_091001.log HTTP/1.1" 200 54267 "-" "Yandex/1.01.001 (compatible; Win16; I)" "www.peaceyoga.com"
207.114.187.198 - - [25/Dec/2009:04:25:21 -0800] "GET /robots.txt HTTP/1.0" 404 - "-" "Eric Osgood/Nutch-1.0 (Nutch spiderman; http://www.calpoly.edu/~eosgood ; MyEmail)" "www.peaceyoga.com"
207.114.187.198 - - [25/Dec/2009:04:25:22 -0800] "GET / HTTP/1.0" 200 900 "-" "Eric Osgood/Nutch-1.0 (Nutch spiderman; http://www.calpoly.edu/~eosgood ; MyEmail)" "www.peaceyoga.com"
77.88.25.28 - - [25/Dec/2009:10:34:59 -0800] "GET /logs/access_090401.log HTTP/1.1" 200 929 "-" "Yandex/1.01.001 (compatible; Win16; I)" "www.peaceyoga.com"
67.195.111.39 - - [25/Dec/2009:10:56:12 -0800] "GET /robots.txt HTTP/1.0" 404 - "-" "Mozilla/5.0 (compatible; Yahoo! Slurp; http://help.yahoo.com/help/us/ysearch/slurp)" "www.peaceyoga.com"
67.195.111.39 - - [25/Dec/2009:10:56:13 -0800] "GET /tmp/?S=D HTTP/1.0" 200 504 "-" "Mozilla/5.0 (compatible; Yahoo! Slurp/3.0; http://help.yahoo.com/help/us/ysearch/slurp)" "www.peaceyoga.com"
67.195.113.236 - - [25/Dec/2009:11:09:57 -0800] "GET /robots.txt HTTP/1.0" 404 - "-" "Mozilla/5.0 (compatible; Yahoo! Slurp; http://help.yahoo.com/help/us/ysearch/slurp)" "peaceyoga.com"
67.195.113.236 - - [25/Dec/2009:11:09:57 -0800] "GET /?M=D HTTP/1.0" 200 900 "-" "Mozilla/5.0 (compatible; Yahoo! Slurp/3.0; http://help.yahoo.com/help/us/ysearch/slurp)" "peaceyoga.com"
77.88.25.28 - - [25/Dec/2009:13:46:24 -0800] "GET / HTTP/1.1" 200 916 "-" "Yandex/1.01.001 (compatible; Win16; I)" "www.peaceyoga.com"
77.88.25.28 - - [25/Dec/2009:15:23:42 -0800] "GET /logs/access_090101.log HTTP/1.1" 200 3048 "-" "Yandex/1.01.001 (compatible; Win16; I)" "www.peaceyoga.com"
77.88.25.28 - - [25/Dec/2009:17:00:29 -0800] "GET /robots.txt HTTP/1.1" 404 - "-" "Yandex/1.01.001 (compatible; Win16; I)" "www.peaceyoga.com"
77.88.25.28 - - [25/Dec/2009:18:43:06 -0800] "GET /logs/access_090901.log HTTP/1.1" 200 42289 "-" "Yandex/1.01.001 (compatible; Win16; I)" "www.peaceyoga.com"
77.88.25.28 - - [25/Dec/2009:20:25:05 -0800] "GET /logs/access_091031.log HTTP/1.1" 200 52295 "-" "Yandex/1.01.001 (compatible; Win16; I)" "www.peaceyoga.com"
77.88.25.28 - - [25/Dec/2009:22:08:45 -0800] "GET /logs/access_091101.log HTTP/1.1" 200 3641 "-" "Yandex/1.01.001 (compatible; Win16; I)" "www.peaceyoga.com"
77.88.25.28 - - [25/Dec/2009:23:51:19 -0800] "GET /logs/access.log HTTP/1.1" 200 94882 "-" "Yandex/1.01.001 (compatible; Win16; I)" "www.peaceyoga.com"
77.88.25.28 - - [26/Dec/2009:01:34:17 -0800] "GET /logs/access_091201.log HTTP/1.1" 200 0 "-" "Yandex/1.01.001 (compatible; Win16; I)" "www.peaceyoga.com"
77.88.25.28 - - [26/Dec/2009:03:17:17 -0800] "GET /logs/access_090701.log HTTP/1.1" 200 45555 "-" "Yandex/1.01.001 (compatible; Win16; I)" "www.peaceyoga.com"
77.88.25.28 - - [26/Dec/2009:04:59:39 -0800] "GET /logs/access_081231.log HTTP/1.1" 200 0 "-" "Yandex/1.01.001 (compatible; Win16; I)" "www.peaceyoga.com"
70.102.63.195 - - [26/Dec/2009:06:32:42 -0800] "GET / HTTP/1.1" 200 916 "-" "Mozilla/5.0 (X11; U; Linux i686 (x86_64); en-US; rv:1.8.0.1) Gecko/20060124 Firefox/1.5.0.1" "peaceyoga.com"
119.63.198.15 - - [26/Dec/2009:06:38:21 -0800] "GET /robots.txt HTTP/1.1" 404 - "-" "Baiduspider+(+http://www.baidu.com/search/spider.htm)" "www.peaceyoga.com"
77.88.25.28 - - [26/Dec/2009:06:42:26 -0800] "GET /logs/access_090301.log HTTP/1.1" 200 0 "-" "Yandex/1.01.001 (compatible; Win16; I)" "www.peaceyoga.com"
77.88.25.28 - - [26/Dec/2009:08:25:45 -0800] "GET /logs/access_090331.log HTTP/1.1" 200 1128 "-" "Yandex/1.01.001 (compatible; Win16; I)" "www.peaceyoga.com"
77.88.25.28 - - [26/Dec/2009:10:08:07 -0800] "GET /logs/access_090330.log HTTP/1.1" 200 3322 "-" "Yandex/1.01.001 (compatible; Win16; I)" "www.peaceyoga.com"
67.195.111.39 - - [26/Dec/2009:10:32:09 -0800] "GET /robots.txt HTTP/1.0" 404 - "-" "Mozilla/5.0 (compatible; Yahoo! Slurp; http://help.yahoo.com/help/us/ysearch/slurp)" "www.peaceyoga.com"
67.195.111.39 - - [26/Dec/2009:10:32:10 -0800] "GET /logs/access_090301.log HTTP/1.0" 200 73030 "-" "Mozilla/5.0 (compatible; Yahoo! Slurp/3.0; http://help.yahoo.com/help/us/ysearch/slurp)" "www.peaceyoga.com"
67.195.111.39 - - [26/Dec/2009:11:26:21 -0800] "GET /robots.txt HTTP/1.0" 404 - "-" "Mozilla/5.0 (compatible; Yahoo! Slurp; http://help.yahoo.com/help/us/ysearch/slurp)" "www.peaceyoga.com"
67.195.111.39 - - [26/Dec/2009:11:26:22 -0800] "GET / HTTP/1.0" 200 900 "-" "Mozilla/5.0 (compatible; Yahoo! Slurp/3.0; http://help.yahoo.com/help/us/ysearch/slurp)" "www.peaceyoga.com"
77.88.25.28 - - [26/Dec/2009:12:08:40 -0800] "GET /logs/access_090601.log HTTP/1.1" 200 1166 "-" "Yandex/1.01.001 (compatible; Win16; I)" "www.peaceyoga.com"
77.88.25.28 - - [26/Dec/2009:16:00:06 -0800] "GET /_private/ HTTP/1.1" 403 - "-" "Yandex/1.01.001 (compatible; Win16; I)" "www.peaceyoga.com"
67.195.113.236 - - [26/Dec/2009:17:21:18 -0800] "GET /robots.txt HTTP/1.0" 404 - "-" "Mozilla/5.0 (compatible; Yahoo! Slurp; http://help.yahoo.com/help/us/ysearch/slurp)" "peaceyoga.com"
67.195.113.236 - - [26/Dec/2009:17:21:19 -0800] "GET / HTTP/1.0" 200 900 "-" "Mozilla/5.0 (compatible; Yahoo! Slurp/3.0; http://help.yahoo.com/help/us/ysearch/slurp)" "peaceyoga.com"
67.195.113.236 - - [26/Dec/2009:17:47:19 -0800] "GET /logs/ HTTP/1.0" 200 3788 "-" "Mozilla/5.0 (compatible; Yahoo! Slurp/3.0; http://help.yahoo.com/help/us/ysearch/slurp)" "peaceyoga.com"
77.88.25.28 - - [26/Dec/2009:20:01:30 -0800] "GET /robots.txt HTTP/1.1" 404 - "-" "Yandex/1.01.001 (compatible; Win16; I)" "www.peaceyoga.com"
65.55.107.211 - - [26/Dec/2009:22:39:10 -0800] "GET / HTTP/1.1" 200 916 "-" "Mozilla/4.0 (compatible; MSIE 6.0; Windows NT 5.1; SLCC1; .NET CLR 1.1.4322; .NET CLR 2.0.50727; .NET CLR 3.0.30729; .NET CLR 3.5.30707; MS-RTC LM 8)" "peaceyoga.com"
77.88.25.28 - - [26/Dec/2009:23:11:28 -0800] "GET /logs/access_090801.log HTTP/1.1" 200 5021 "-" "Yandex/1.01.001 (compatible; Win16; I)" "www.peaceyoga.com"
77.88.25.28 - - [27/Dec/2009:02:15:50 -0800] "GET /tmp/ HTTP/1.1" 200 520 "-" "Yandex/1.01.001 (compatible; Win16; I)" "www.peaceyoga.com"
77.88.25.28 - - [27/Dec/2009:05:19:46 -0800] "GET /logs/access_090531.log HTTP/1.1" 200 63535 "-" "Yandex/1.01.001 (compatible; Win16; I)" "www.peaceyoga.com"
77.88.25.28 - - [27/Dec/2009:08:22:29 -0800] "GET /logs/access_081101.log HTTP/1.1" 200 4529 "-" "Yandex/1.01.001 (compatible; Win16; I)" "www.peaceyoga.com"
24.6.97.196 - - [27/Dec/2009:12:52:39 -0800] "GET / HTTP/1.1" 200 916 "-" "Mozilla/4.0 (compatible; MSIE 8.0; Windows NT 5.1; Trident/4.0; GTB6.3; .NET CLR 2.0.50727; .NET CLR 3.0.04506.30; .NET CLR 3.0.04506.648; InfoPath.2; .NET CLR 1.1.4322; yie8)" "www.peaceyoga.com"
24.6.97.196 - - [27/Dec/2009:12:52:40 -0800] "GET /favicon.ico HTTP/1.1" 404 - "-" "Mozilla/4.0 (compatible; MSIE 8.0; Windows NT 5.1; Trident/4.0; GTB6.3; .NET CLR 2.0.50727; .NET CLR 3.0.04506.30; .NET CLR 3.0.04506.648; InfoPath.2; .NET CLR 1.1.4322; yie8)" "www.peaceyoga.com"
67.195.113.236 - - [27/Dec/2009:14:34:41 -0800] "GET /robots.txt HTTP/1.0" 404 - "-" "Mozilla/5.0 (compatible; Yahoo! Slurp; http://help.yahoo.com/help/us/ysearch/slurp)" "peaceyoga.com"
67.195.113.236 - - [27/Dec/2009:14:34:42 -0800] "GET /logs/access_090401.log HTTP/1.0" 200 929 "-" "Mozilla/5.0 (compatible; Yahoo! Slurp/3.0; http://help.yahoo.com/help/us/ysearch/slurp)" "peaceyoga.com"
