204.15.39.12 - - [14/Jan/2010:07:08:44 -0800] "GET /logs/access_090101.log HTTP/1.1" 200 3048 "-" "Botslist Botfinder (+http://www.botslist.ca)" "www.peaceyoga.com"
204.15.39.12 - - [14/Jan/2010:07:08:44 -0800] "GET /logs/access_090201.log HTTP/1.1" 200 0 "-" "Botslist Botfinder (+http://www.botslist.ca)" "www.peaceyoga.com"
204.15.39.12 - - [14/Jan/2010:07:08:44 -0800] "GET /logs/access_090301.log HTTP/1.1" 200 0 "-" "Botslist Botfinder (+http://www.botslist.ca)" "www.peaceyoga.com"
204.15.39.12 - - [14/Jan/2010:07:08:44 -0800] "GET /logs/access_090329.log HTTP/1.1" 200 57439 "-" "Botslist Botfinder (+http://www.botslist.ca)" "www.peaceyoga.com"
204.15.39.12 - - [14/Jan/2010:07:08:44 -0800] "GET /logs/access_090330.log HTTP/1.1" 200 3322 "-" "Botslist Botfinder (+http://www.botslist.ca)" "www.peaceyoga.com"
204.15.39.12 - - [14/Jan/2010:07:08:45 -0800] "GET /logs/access_090331.log HTTP/1.1" 200 1128 "-" "Botslist Botfinder (+http://www.botslist.ca)" "www.peaceyoga.com"
204.15.39.12 - - [14/Jan/2010:07:08:45 -0800] "GET /logs/access_090401.log HTTP/1.1" 200 929 "-" "Botslist Botfinder (+http://www.botslist.ca)" "www.peaceyoga.com"
204.15.39.12 - - [14/Jan/2010:07:08:45 -0800] "GET /logs/access_090501.log HTTP/1.1" 200 0 "-" "Botslist Botfinder (+http://www.botslist.ca)" "www.peaceyoga.com"
204.15.39.12 - - [14/Jan/2010:07:08:45 -0800] "GET /logs/access_090531.log HTTP/1.1" 200 63535 "-" "Botslist Botfinder (+http://www.botslist.ca)" "www.peaceyoga.com"
204.15.39.12 - - [14/Jan/2010:07:08:45 -0800] "GET /logs/access_090601.log HTTP/1.1" 200 1166 "-" "Botslist Botfinder (+http://www.botslist.ca)" "www.peaceyoga.com"
204.15.39.12 - - [14/Jan/2010:07:08:46 -0800] "GET /logs/access_090701.log HTTP/1.1" 200 45555 "-" "Botslist Botfinder (+http://www.botslist.ca)" "www.peaceyoga.com"
204.15.39.12 - - [14/Jan/2010:07:08:46 -0800] "GET /logs/access_090731.log HTTP/1.1" 200 64906 "-" "Botslist Botfinder (+http://www.botslist.ca)" "www.peaceyoga.com"
204.15.39.12 - - [14/Jan/2010:07:08:46 -0800] "GET /logs/access_090801.log HTTP/1.1" 200 5021 "-" "Botslist Botfinder (+http://www.botslist.ca)" "www.peaceyoga.com"
204.15.39.12 - - [14/Jan/2010:07:08:47 -0800] "GET /logs/access_090901.log HTTP/1.1" 200 42289 "-" "Botslist Botfinder (+http://www.botslist.ca)" "www.peaceyoga.com"
204.15.39.12 - - [14/Jan/2010:07:08:47 -0800] "GET /logs/access_091001.log HTTP/1.1" 200 54267 "-" "Botslist Botfinder (+http://www.botslist.ca)" "www.peaceyoga.com"
204.15.39.12 - - [14/Jan/2010:07:08:47 -0800] "GET /logs/access_091031.log HTTP/1.1" 200 52295 "-" "Botslist Botfinder (+http://www.botslist.ca)" "www.peaceyoga.com"
204.15.39.12 - - [14/Jan/2010:07:08:47 -0800] "GET /logs/access_091101.log HTTP/1.1" 200 3641 "-" "Botslist Botfinder (+http://www.botslist.ca)" "www.peaceyoga.com"
204.15.39.12 - - [14/Jan/2010:07:08:47 -0800] "GET /logs/access_091201.log HTTP/1.1" 200 0 "-" "Botslist Botfinder (+http://www.botslist.ca)" "www.peaceyoga.com"
204.15.39.12 - - [14/Jan/2010:07:08:48 -0800] "GET /logs/access_091231.log HTTP/1.1" 200 0 "-" "Botslist Botfinder (+http://www.botslist.ca)" "www.peaceyoga.com"
204.15.39.12 - - [14/Jan/2010:07:08:48 -0800] "GET /logs/access_100101.log HTTP/1.1" 200 6316 "-" "Botslist Botfinder (+http://www.botslist.ca)" "www.peaceyoga.com"
67.195.111.39 - - [14/Jan/2010:10:59:00 -0800] "GET /robots.txt HTTP/1.0" 404 - "-" "Mozilla/5.0 (compatible; Yahoo! Slurp; http://help.yahoo.com/help/us/ysearch/slurp)" "www.peaceyoga.com"
67.195.111.39 - - [14/Jan/2010:10:59:00 -0800] "GET /logs/access_071031.log HTTP/1.0" 404 - "-" "Mozilla/5.0 (compatible; Yahoo! Slurp/3.0; http://help.yahoo.com/help/us/ysearch/slurp)" "www.peaceyoga.com"
77.88.25.28 - - [14/Jan/2010:14:11:03 -0800] "GET /robots.txt HTTP/1.1" 404 - "-" "Yandex/1.01.001 (compatible; Win16; I)" "www.peaceyoga.com"
77.88.25.28 - - [14/Jan/2010:18:19:54 -0800] "GET /logs/access.log HTTP/1.1" 200 53796 "-" "Yandex/1.01.001 (compatible; Win16; I)" "www.peaceyoga.com"
77.88.25.28 - - [14/Jan/2010:19:38:56 -0800] "GET /logs/access_081201.log HTTP/1.1" 200 0 "-" "Yandex/1.01.001 (compatible; Win16; I)" "www.peaceyoga.com"
77.88.25.28 - - [14/Jan/2010:21:03:43 -0800] "GET /logs/access_090601.log HTTP/1.1" 200 1166 "-" "Yandex/1.01.001 (compatible; Win16; I)" "www.peaceyoga.com"
77.88.25.28 - - [14/Jan/2010:22:27:49 -0800] "GET /logs/access_090531.log HTTP/1.1" 200 63535 "-" "Yandex/1.01.001 (compatible; Win16; I)" "www.peaceyoga.com"
77.88.25.28 - - [14/Jan/2010:23:51:03 -0800] "GET /logs/access_090731.log HTTP/1.1" 200 64906 "-" "Yandex/1.01.001 (compatible; Win16; I)" "www.peaceyoga.com"
77.88.25.28 - - [15/Jan/2010:01:09:58 -0800] "GET /logs/access_091031.log HTTP/1.1" 200 52295 "-" "Yandex/1.01.001 (compatible; Win16; I)" "www.peaceyoga.com"
77.88.25.28 - - [15/Jan/2010:02:34:19 -0800] "GET /logs/access_090330.log HTTP/1.1" 200 3322 "-" "Yandex/1.01.001 (compatible; Win16; I)" "www.peaceyoga.com"
77.88.25.28 - - [15/Jan/2010:03:57:16 -0800] "GET /logs/access_090401.log HTTP/1.1" 200 929 "-" "Yandex/1.01.001 (compatible; Win16; I)" "www.peaceyoga.com"
77.88.25.28 - - [15/Jan/2010:05:14:41 -0800] "GET /logs/access_091101.log HTTP/1.1" 200 3641 "-" "Yandex/1.01.001 (compatible; Win16; I)" "www.peaceyoga.com"
77.88.25.28 - - [15/Jan/2010:06:35:15 -0800] "GET /logs/ HTTP/1.1" 200 3804 "-" "Yandex/1.01.001 (compatible; Win16; I)" "www.peaceyoga.com"
77.88.25.28 - - [15/Jan/2010:07:50:36 -0800] "GET /logs/access_091201.log HTTP/1.1" 200 0 "-" "Yandex/1.01.001 (compatible; Win16; I)" "www.peaceyoga.com"
77.88.25.28 - - [15/Jan/2010:09:05:32 -0800] "GET /_private/ HTTP/1.1" 403 - "-" "Yandex/1.01.001 (compatible; Win16; I)" "www.peaceyoga.com"
77.88.25.28 - - [15/Jan/2010:10:20:39 -0800] "GET /logs/access_081231.log HTTP/1.1" 200 0 "-" "Yandex/1.01.001 (compatible; Win16; I)" "www.peaceyoga.com"
24.137.89.103 - - [15/Jan/2010:12:48:18 -0800] "GET / HTTP/1.1" 200 916 "www.designerlove.com/photoalbums.php?action=album&id=4014" "Mozilla/4.0 (compatible; MSIE 6.0; Windows NT 5.1)" "www.peaceyoga.com"
77.88.25.28 - - [15/Jan/2010:13:01:51 -0800] "GET /robots.txt HTTP/1.1" 404 - "-" "Yandex/1.01.001 (compatible; Win16; I)" "www.peaceyoga.com"
204.15.39.12 - - [15/Jan/2010:23:26:52 -0800] "GET /logs/ HTTP/1.1" 200 3804 "-" "Botslist Botfinder (+http://www.botslist.ca)" "www.peaceyoga.com"
204.15.39.12 - - [15/Jan/2010:23:27:05 -0800] "GET /logs/access.log HTTP/1.1" 200 56300 "-" "Botslist Botfinder (+http://www.botslist.ca)" "www.peaceyoga.com"
204.15.39.12 - - [15/Jan/2010:23:27:06 -0800] "GET /logs/access_081201.log HTTP/1.1" 200 0 "-" "Botslist Botfinder (+http://www.botslist.ca)" "www.peaceyoga.com"
204.15.39.12 - - [15/Jan/2010:23:27:06 -0800] "GET /logs/access_081231.log HTTP/1.1" 200 0 "-" "Botslist Botfinder (+http://www.botslist.ca)" "www.peaceyoga.com"
204.15.39.12 - - [15/Jan/2010:23:27:06 -0800] "GET /logs/access_090101.log HTTP/1.1" 200 3048 "-" "Botslist Botfinder (+http://www.botslist.ca)" "www.peaceyoga.com"
204.15.39.12 - - [15/Jan/2010:23:27:06 -0800] "GET /logs/access_090201.log HTTP/1.1" 200 0 "-" "Botslist Botfinder (+http://www.botslist.ca)" "www.peaceyoga.com"
204.15.39.12 - - [15/Jan/2010:23:27:06 -0800] "GET /logs/access_090301.log HTTP/1.1" 200 0 "-" "Botslist Botfinder (+http://www.botslist.ca)" "www.peaceyoga.com"
204.15.39.12 - - [15/Jan/2010:23:27:07 -0800] "GET /logs/access_090329.log HTTP/1.1" 200 57439 "-" "Botslist Botfinder (+http://www.botslist.ca)" "www.peaceyoga.com"
204.15.39.12 - - [15/Jan/2010:23:27:07 -0800] "GET /logs/access_090330.log HTTP/1.1" 200 3322 "-" "Botslist Botfinder (+http://www.botslist.ca)" "www.peaceyoga.com"
204.15.39.12 - - [15/Jan/2010:23:27:07 -0800] "GET /logs/access_090331.log HTTP/1.1" 200 1128 "-" "Botslist Botfinder (+http://www.botslist.ca)" "www.peaceyoga.com"
204.15.39.12 - - [15/Jan/2010:23:27:07 -0800] "GET /logs/access_090401.log HTTP/1.1" 200 929 "-" "Botslist Botfinder (+http://www.botslist.ca)" "www.peaceyoga.com"
204.15.39.12 - - [15/Jan/2010:23:27:07 -0800] "GET /logs/access_090501.log HTTP/1.1" 200 0 "-" "Botslist Botfinder (+http://www.botslist.ca)" "www.peaceyoga.com"
204.15.39.12 - - [15/Jan/2010:23:27:07 -0800] "GET /logs/access_090531.log HTTP/1.1" 200 63535 "-" "Botslist Botfinder (+http://www.botslist.ca)" "www.peaceyoga.com"
204.15.39.12 - - [15/Jan/2010:23:27:08 -0800] "GET /logs/access_090601.log HTTP/1.1" 200 1166 "-" "Botslist Botfinder (+http://www.botslist.ca)" "www.peaceyoga.com"
204.15.39.12 - - [15/Jan/2010:23:27:08 -0800] "GET /logs/access_090701.log HTTP/1.1" 200 45555 "-" "Botslist Botfinder (+http://www.botslist.ca)" "www.peaceyoga.com"
204.15.39.12 - - [15/Jan/2010:23:27:08 -0800] "GET /logs/access_090731.log HTTP/1.1" 200 64906 "-" "Botslist Botfinder (+http://www.botslist.ca)" "www.peaceyoga.com"
204.15.39.12 - - [15/Jan/2010:23:27:08 -0800] "GET /logs/access_090801.log HTTP/1.1" 200 5021 "-" "Botslist Botfinder (+http://www.botslist.ca)" "www.peaceyoga.com"
204.15.39.12 - - [15/Jan/2010:23:27:08 -0800] "GET /logs/access_090901.log HTTP/1.1" 200 42289 "-" "Botslist Botfinder (+http://www.botslist.ca)" "www.peaceyoga.com"
204.15.39.12 - - [15/Jan/2010:23:27:08 -0800] "GET /logs/access_091001.log HTTP/1.1" 200 54267 "-" "Botslist Botfinder (+http://www.botslist.ca)" "www.peaceyoga.com"
204.15.39.12 - - [15/Jan/2010:23:27:09 -0800] "GET /logs/access_091031.log HTTP/1.1" 200 52295 "-" "Botslist Botfinder (+http://www.botslist.ca)" "www.peaceyoga.com"
204.15.39.12 - - [15/Jan/2010:23:27:09 -0800] "GET /logs/access_091101.log HTTP/1.1" 200 3641 "-" "Botslist Botfinder (+http://www.botslist.ca)" "www.peaceyoga.com"
204.15.39.12 - - [15/Jan/2010:23:27:09 -0800] "GET /logs/access_091201.log HTTP/1.1" 200 0 "-" "Botslist Botfinder (+http://www.botslist.ca)" "www.peaceyoga.com"
204.15.39.12 - - [15/Jan/2010:23:27:09 -0800] "GET /logs/access_091231.log HTTP/1.1" 200 0 "-" "Botslist Botfinder (+http://www.botslist.ca)" "www.peaceyoga.com"
204.15.39.12 - - [15/Jan/2010:23:27:09 -0800] "GET /logs/access_100101.log HTTP/1.1" 200 6316 "-" "Botslist Botfinder (+http://www.botslist.ca)" "www.peaceyoga.com"
67.195.113.236 - - [16/Jan/2010:04:51:53 -0800] "GET /robots.txt HTTP/1.0" 404 - "-" "Mozilla/5.0 (compatible; Yahoo! Slurp; http://help.yahoo.com/help/us/ysearch/slurp)" "peaceyoga.com"
67.195.113.236 - - [16/Jan/2010:04:51:53 -0800] "GET /logs/access.log HTTP/1.0" 200 60074 "-" "Mozilla/5.0 (compatible; Yahoo! Slurp/3.0; http://help.yahoo.com/help/us/ysearch/slurp)" "peaceyoga.com"
66.249.65.155 - - [16/Jan/2010:06:32:56 -0800] "GET /robots.txt HTTP/1.1" 404 - "-" "Mozilla/5.0 (compatible; Googlebot/2.1; +http://www.google.com/bot.html)" "www.peaceyoga.com"
195.128.18.19 - - [16/Jan/2010:06:35:11 -0800] "GET /robots.txt HTTP/1.0" 404 - "-" "Mozilla/5.0 (compatible; aiHitBot/1.0; +http://www.aihit.com/)" "www.peaceyoga.com"
195.128.18.19 - - [16/Jan/2010:06:35:11 -0800] "GET / HTTP/1.0" 200 900 "-" "Mozilla/5.0 (compatible; aiHitBot/1.0; +http://www.aihit.com/)" "www.peaceyoga.com"
77.88.25.28 - - [16/Jan/2010:11:16:33 -0800] "GET /robots.txt HTTP/1.1" 404 - "-" "Yandex/1.01.001 (compatible; Win16; I)" "www.peaceyoga.com"
77.88.25.28 - - [16/Jan/2010:14:50:21 -0800] "GET / HTTP/1.1" 200 916 "-" "Yandex/1.01.001 (compatible; Win16; I)" "www.peaceyoga.com"
77.88.25.28 - - [16/Jan/2010:18:11:22 -0800] "GET /logs/access_090201.log HTTP/1.1" 200 0 "-" "Yandex/1.01.001 (compatible; Win16; I)" "www.peaceyoga.com"
67.195.111.39 - - [16/Jan/2010:18:27:21 -0800] "GET /robots.txt HTTP/1.0" 404 - "-" "Mozilla/5.0 (compatible; Yahoo! Slurp; http://help.yahoo.com/help/us/ysearch/slurp)" "www.peaceyoga.com"
67.195.111.39 - - [16/Jan/2010:18:27:21 -0800] "GET / HTTP/1.0" 200 900 "-" "Mozilla/5.0 (compatible; Yahoo! Slurp/3.0; http://help.yahoo.com/help/us/ysearch/slurp)" "www.peaceyoga.com"
77.88.25.28 - - [16/Jan/2010:21:32:35 -0800] "GET /logs/access_090331.log HTTP/1.1" 200 1128 "-" "Yandex/1.01.001 (compatible; Win16; I)" "www.peaceyoga.com"
77.88.25.28 - - [17/Jan/2010:00:53:05 -0800] "GET /logs/access_090701.log HTTP/1.1" 200 45555 "-" "Yandex/1.01.001 (compatible; Win16; I)" "www.peaceyoga.com"
38.105.83.11 - - [17/Jan/2010:02:58:23 -0800] "GET / HTTP/1.1" 200 916 "-" "Mozilla/4.0 (compatible; MSIE 7.0; Windows NT 5.2)" "www.peaceyoga.com"
38.105.83.11 - - [17/Jan/2010:02:59:10 -0800] "GET /_private/ HTTP/1.1" 403 - "http://www.peaceyoga.com/" "Mozilla/4.0 (compatible; MSIE 7.0; Windows NT 5.2)" "www.peaceyoga.com"
38.105.83.11 - - [17/Jan/2010:02:59:11 -0800] "GET /logs/ HTTP/1.1" 200 3804 "http://www.peaceyoga.com/" "Mozilla/4.0 (compatible; MSIE 7.0; Windows NT 5.2)" "www.peaceyoga.com"
38.105.83.11 - - [17/Jan/2010:02:59:13 -0800] "GET /tmp/ HTTP/1.1" 200 520 "http://www.peaceyoga.com/" "Mozilla/4.0 (compatible; MSIE 7.0; Windows NT 5.2)" "www.peaceyoga.com"
38.105.83.11 - - [17/Jan/2010:02:59:58 -0800] "GET /logs/access_090601.log HTTP/1.1" 200 1166 "http://www.peaceyoga.com/logs/" "Mozilla/4.0 (compatible; MSIE 7.0; Windows NT 5.2)" "www.peaceyoga.com"
38.105.83.11 - - [17/Jan/2010:02:59:58 -0800] "GET /logs/access_090301.log HTTP/1.1" 200 73030 "http://www.peaceyoga.com/logs/" "Mozilla/4.0 (compatible; MSIE 7.0; Windows NT 5.2)" "www.peaceyoga.com"
38.105.83.11 - - [17/Jan/2010:03:00:01 -0800] "GET /logs/access_090330.log HTTP/1.1" 200 3322 "http://www.peaceyoga.com/logs/" "Mozilla/4.0 (compatible; MSIE 7.0; Windows NT 5.2)" "www.peaceyoga.com"
38.105.83.11 - - [17/Jan/2010:03:00:03 -0800] "GET /logs/access_091031.log HTTP/1.1" 200 52295 "http://www.peaceyoga.com/logs/" "Mozilla/4.0 (compatible; MSIE 7.0; Windows NT 5.2)" "www.peaceyoga.com"
38.105.83.11 - - [17/Jan/2010:03:00:06 -0800] "GET /logs/access_091231.log HTTP/1.1" 200 115738 "http://www.peaceyoga.com/logs/" "Mozilla/4.0 (compatible; MSIE 7.0; Windows NT 5.2)" "www.peaceyoga.com"
38.105.83.11 - - [17/Jan/2010:03:00:06 -0800] "GET /logs/access_090801.log HTTP/1.1" 200 5021 "http://www.peaceyoga.com/logs/" "Mozilla/4.0 (compatible; MSIE 7.0; Windows NT 5.2)" "www.peaceyoga.com"
38.105.83.11 - - [17/Jan/2010:03:00:11 -0800] "GET /logs/access_090201.log HTTP/1.1" 200 117565 "http://www.peaceyoga.com/logs/" "Mozilla/4.0 (compatible; MSIE 7.0; Windows NT 5.2)" "www.peaceyoga.com"
38.105.83.11 - - [17/Jan/2010:03:00:15 -0800] "GET /logs/access_090731.log HTTP/1.1" 200 64906 "http://www.peaceyoga.com/logs/" "Mozilla/4.0 (compatible; MSIE 7.0; Windows NT 5.2)" "www.peaceyoga.com"
38.105.83.11 - - [17/Jan/2010:03:00:16 -0800] "GET /logs/access_090401.log HTTP/1.1" 200 929 "http://www.peaceyoga.com/logs/" "Mozilla/4.0 (compatible; MSIE 7.0; Windows NT 5.2)" "www.peaceyoga.com"
38.105.83.11 - - [17/Jan/2010:03:00:18 -0800] "GET /logs/access_090501.log HTTP/1.1" 200 66905 "http://www.peaceyoga.com/logs/" "Mozilla/4.0 (compatible; MSIE 7.0; Windows NT 5.2)" "www.peaceyoga.com"
38.105.83.11 - - [17/Jan/2010:03:00:20 -0800] "GET /logs/access_081201.log HTTP/1.1" 200 100743 "http://www.peaceyoga.com/logs/" "Mozilla/4.0 (compatible; MSIE 7.0; Windows NT 5.2)" "www.peaceyoga.com"
38.105.83.11 - - [17/Jan/2010:03:00:25 -0800] "GET /logs/access_091101.log HTTP/1.1" 200 3641 "http://www.peaceyoga.com/logs/" "Mozilla/4.0 (compatible; MSIE 7.0; Windows NT 5.2)" "www.peaceyoga.com"
38.105.83.11 - - [17/Jan/2010:03:00:27 -0800] "GET /logs/access_090531.log HTTP/1.1" 200 63535 "http://www.peaceyoga.com/logs/" "Mozilla/4.0 (compatible; MSIE 7.0; Windows NT 5.2)" "www.peaceyoga.com"
38.105.83.11 - - [17/Jan/2010:03:00:29 -0800] "GET /logs/access_100101.log HTTP/1.1" 200 6316 "http://www.peaceyoga.com/logs/" "Mozilla/4.0 (compatible; MSIE 7.0; Windows NT 5.2)" "www.peaceyoga.com"
38.105.83.11 - - [17/Jan/2010:03:00:30 -0800] "GET /logs/access_090701.log HTTP/1.1" 200 45555 "http://www.peaceyoga.com/logs/" "Mozilla/4.0 (compatible; MSIE 7.0; Windows NT 5.2)" "www.peaceyoga.com"
38.105.83.11 - - [17/Jan/2010:03:00:32 -0800] "GET /logs/access_090329.log HTTP/1.1" 200 57439 "http://www.peaceyoga.com/logs/" "Mozilla/4.0 (compatible; MSIE 7.0; Windows NT 5.2)" "www.peaceyoga.com"
38.105.83.11 - - [17/Jan/2010:03:00:33 -0800] "GET /logs/access_090901.log HTTP/1.1" 200 42289 "http://www.peaceyoga.com/logs/" "Mozilla/4.0 (compatible; MSIE 7.0; Windows NT 5.2)" "www.peaceyoga.com"
38.105.83.11 - - [17/Jan/2010:03:00:35 -0800] "GET /logs/access_090331.log HTTP/1.1" 200 1128 "http://www.peaceyoga.com/logs/" "Mozilla/4.0 (compatible; MSIE 7.0; Windows NT 5.2)" "www.peaceyoga.com"
38.105.83.11 - - [17/Jan/2010:03:00:37 -0800] "GET /logs/access_090101.log HTTP/1.1" 200 3048 "http://www.peaceyoga.com/logs/" "Mozilla/4.0 (compatible; MSIE 7.0; Windows NT 5.2)" "www.peaceyoga.com"
38.105.83.11 - - [17/Jan/2010:03:00:40 -0800] "GET /logs/access_091201.log HTTP/1.1" 200 83387 "http://www.peaceyoga.com/logs/" "Mozilla/4.0 (compatible; MSIE 7.0; Windows NT 5.2)" "www.peaceyoga.com"
38.105.83.11 - - [17/Jan/2010:03:00:42 -0800] "GET /logs/access_091001.log HTTP/1.1" 200 54267 "http://www.peaceyoga.com/logs/" "Mozilla/4.0 (compatible; MSIE 7.0; Windows NT 5.2)" "www.peaceyoga.com"
38.105.83.11 - - [17/Jan/2010:03:00:43 -0800] "GET /logs/access.log HTTP/1.1" 200 67017 "http://www.peaceyoga.com/logs/" "Mozilla/4.0 (compatible; MSIE 7.0; Windows NT 5.2)" "www.peaceyoga.com"
38.105.83.11 - - [17/Jan/2010:03:00:44 -0800] "GET /logs/access_081231.log HTTP/1.1" 200 85700 "http://www.peaceyoga.com/logs/" "Mozilla/4.0 (compatible; MSIE 7.0; Windows NT 5.2)" "www.peaceyoga.com"
77.88.25.28 - - [17/Jan/2010:04:11:59 -0800] "GET /logs/access_091001.log HTTP/1.1" 200 54267 "-" "Yandex/1.01.001 (compatible; Win16; I)" "www.peaceyoga.com"
67.195.113.236 - - [17/Jan/2010:08:29:13 -0800] "GET /robots.txt HTTP/1.0" 404 - "-" "Mozilla/5.0 (compatible; Yahoo! Slurp; http://help.yahoo.com/help/us/ysearch/slurp)" "peaceyoga.com"
67.195.113.236 - - [17/Jan/2010:08:29:13 -0800] "GET /?D=A HTTP/1.0" 200 900 "-" "Mozilla/5.0 (compatible; Yahoo! Slurp/3.0; http://help.yahoo.com/help/us/ysearch/slurp)" "peaceyoga.com"
77.88.25.28 - - [17/Jan/2010:08:43:06 -0800] "GET /logs/access_081031.log HTTP/1.1" 404 - "-" "Yandex/1.01.001 (compatible; Win16; I)" "www.peaceyoga.com"
77.88.25.28 - - [17/Jan/2010:13:11:13 -0800] "GET /robots.txt HTTP/1.1" 404 - "-" "Yandex/1.01.001 (compatible; Win16; I)" "www.peaceyoga.com"
77.88.25.28 - - [17/Jan/2010:14:40:31 -0800] "GET /logs/access_081201.log HTTP/1.1" 200 0 "-" "Yandex/1.01.001 (compatible; Win16; I)" "www.peaceyoga.com"
174.129.121.101 - - [17/Jan/2010:15:25:22 -0800] "GET /robots.txt HTTP/1.0" 404 - "-" "ia_archiver (+http://www.alexa.com/site/help/webmasters; crawler@alexa.com)" "www.peaceyoga.com"
174.129.121.101 - - [17/Jan/2010:15:25:23 -0800] "GET /logs/access_081101.log HTTP/1.0" 404 - "-" "ia_archiver (+http://www.alexa.com/site/help/webmasters; crawler@alexa.com)" "www.peaceyoga.com"
77.88.25.28 - - [17/Jan/2010:16:11:36 -0800] "GET /logs/access_090601.log HTTP/1.1" 200 1166 "-" "Yandex/1.01.001 (compatible; Win16; I)" "www.peaceyoga.com"
77.88.25.28 - - [17/Jan/2010:17:47:10 -0800] "GET /logs/access_090329.log HTTP/1.1" 200 57439 "-" "Yandex/1.01.001 (compatible; Win16; I)" "www.peaceyoga.com"
77.88.25.28 - - [17/Jan/2010:19:18:31 -0800] "GET /logs/access_090101.log HTTP/1.1" 200 3048 "-" "Yandex/1.01.001 (compatible; Win16; I)" "www.peaceyoga.com"
77.88.25.28 - - [17/Jan/2010:20:49:50 -0800] "GET /logs/access_090301.log HTTP/1.1" 200 0 "-" "Yandex/1.01.001 (compatible; Win16; I)" "www.peaceyoga.com"
77.88.25.28 - - [17/Jan/2010:23:46:27 -0800] "GET /logs/access_090801.log HTTP/1.1" 200 5021 "-" "Yandex/1.01.001 (compatible; Win16; I)" "www.peaceyoga.com"
67.218.116.164 - - [18/Jan/2010:06:00:37 -0800] "GET / HTTP/1.0" 200 900 "-" "Mozilla/5.0 (Twiceler-0.9 http://www.cuil.com/twiceler/robot.html)" "peaceyoga.com"
70.33.254.71 - - [18/Jan/2010:07:43:55 -0800] "GET / HTTP/1.0" 200 900 "-" "PHP/5.2.8" "www.peaceyoga.com"
75.101.167.57 - - [18/Jan/2010:07:43:55 -0800] "GET / HTTP/1.1" 200 916 "-" "Mozilla/5.0 (compatible; Firefox Addon; Windows XP 5.1)" "www.peaceyoga.com"
77.88.25.28 - - [18/Jan/2010:08:59:53 -0800] "GET /logs/access_090330.log HTTP/1.1" 200 3322 "-" "Yandex/1.01.001 (compatible; Win16; I)" "www.peaceyoga.com"
71.105.86.78 - - [18/Jan/2010:09:33:08 -0800] "GET / HTTP/1.1" 200 916 "-" "Mozilla/5.0 (Macintosh; U; Intel Mac OS X 10_4_11; en) AppleWebKit/525.18 (KHTML, like Gecko) Version/3.1.2 Safari/525.22" "peaceyoga.com"
71.105.86.78 - - [18/Jan/2010:09:33:09 -0800] "GET /favicon.ico HTTP/1.1" 404 - "http://peaceyoga.com/" "Mozilla/5.0 (Macintosh; U; Intel Mac OS X 10_4_11; en) AppleWebKit/525.18 (KHTML, like Gecko) Version/3.1.2 Safari/525.22" "peaceyoga.com"
71.105.86.78 - - [18/Jan/2010:09:33:16 -0800] "GET / HTTP/1.1" 200 916 "-" "Mozilla/5.0 (Macintosh; U; Intel Mac OS X 10_4_11; en) AppleWebKit/525.18 (KHTML, like Gecko) Version/3.1.2 Safari/525.22" "peaceyoga.com"
71.105.86.78 - - [18/Jan/2010:09:33:22 -0800] "GET / HTTP/1.1" 200 916 "-" "Mozilla/5.0 (Macintosh; U; Intel Mac OS X 10_4_11; en) AppleWebKit/525.18 (KHTML, like Gecko) Version/3.1.2 Safari/525.22" "www.peaceyoga.com"
71.105.86.78 - - [18/Jan/2010:09:33:22 -0800] "GET /favicon.ico HTTP/1.1" 404 - "http://www.peaceyoga.com/" "Mozilla/5.0 (Macintosh; U; Intel Mac OS X 10_4_11; en) AppleWebKit/525.18 (KHTML, like Gecko) Version/3.1.2 Safari/525.22" "www.peaceyoga.com"
67.195.110.174 - - [18/Jan/2010:11:13:59 -0800] "GET /robots.txt HTTP/1.0" 404 - "-" "Mozilla/5.0 (compatible; Yahoo! Slurp; http://help.yahoo.com/help/us/ysearch/slurp)" "www.peaceyoga.com"
67.195.110.174 - - [18/Jan/2010:11:13:59 -0800] "GET /tmp/?S=A HTTP/1.0" 200 504 "-" "Mozilla/5.0 (compatible; Yahoo! Slurp/3.0; http://help.yahoo.com/help/us/ysearch/slurp)" "www.peaceyoga.com"
77.88.25.28 - - [18/Jan/2010:12:55:03 -0800] "GET /logs/access_081231.log HTTP/1.1" 200 0 "-" "Yandex/1.01.001 (compatible; Win16; I)" "www.peaceyoga.com"
77.88.25.28 - - [18/Jan/2010:17:52:15 -0800] "GET /robots.txt HTTP/1.1" 404 - "-" "Yandex/1.01.001 (compatible; Win16; I)" "www.peaceyoga.com"
67.218.116.164 - - [18/Jan/2010:19:28:17 -0800] "GET /?S=A HTTP/1.0" 200 900 "-" "Mozilla/5.0 (Twiceler-0.9 http://www.cuil.com/twiceler/robot.html)" "peaceyoga.com"
77.88.25.28 - - [18/Jan/2010:21:33:01 -0800] "GET /logs/access_091101.log HTTP/1.1" 200 3641 "-" "Yandex/1.01.001 (compatible; Win16; I)" "www.peaceyoga.com"
67.195.110.174 - - [18/Jan/2010:23:22:50 -0800] "GET /robots.txt HTTP/1.0" 404 - "-" "Mozilla/5.0 (compatible; Yahoo! Slurp; http://help.yahoo.com/help/us/ysearch/slurp)" "www.peaceyoga.com"
67.195.110.174 - - [18/Jan/2010:23:22:51 -0800] "GET /logs/?M=A HTTP/1.0" 200 3788 "-" "Mozilla/5.0 (compatible; Yahoo! Slurp/3.0; http://help.yahoo.com/help/us/ysearch/slurp)" "www.peaceyoga.com"
67.195.110.174 - - [18/Jan/2010:23:54:59 -0800] "GET /tmp/ HTTP/1.0" 200 504 "-" "Mozilla/5.0 (compatible; Yahoo! Slurp/3.0; http://help.yahoo.com/help/us/ysearch/slurp)" "www.peaceyoga.com"
77.88.25.28 - - [19/Jan/2010:00:53:24 -0800] "GET /_private/ HTTP/1.1" 403 - "-" "Yandex/1.01.001 (compatible; Win16; I)" "www.peaceyoga.com"
67.218.116.164 - - [19/Jan/2010:03:34:24 -0800] "GET /?N=D HTTP/1.0" 200 900 "-" "Mozilla/5.0 (Twiceler-0.9 http://www.cuil.com/twiceler/robot.html)" "peaceyoga.com"
77.88.25.28 - - [19/Jan/2010:04:11:50 -0800] "GET /logs/access_091201.log HTTP/1.1" 200 0 "-" "Yandex/1.01.001 (compatible; Win16; I)" "www.peaceyoga.com"
67.218.116.164 - - [19/Jan/2010:04:43:53 -0800] "GET /tmp/ HTTP/1.0" 200 504 "-" "Mozilla/5.0 (Twiceler-0.9 http://www.cuil.com/twiceler/robot.html)" "peaceyoga.com"
77.88.25.28 - - [19/Jan/2010:09:18:45 -0800] "GET /logs/access_090401.log HTTP/1.1" 200 929 "-" "Yandex/1.01.001 (compatible; Win16; I)" "www.peaceyoga.com"
77.88.25.28 - - [19/Jan/2010:16:32:42 -0800] "GET /robots.txt HTTP/1.1" 404 - "-" "Yandex/1.01.001 (compatible; Win16; I)" "www.peaceyoga.com"
67.218.116.164 - - [19/Jan/2010:17:09:32 -0800] "GET /?M=A HTTP/1.0" 200 900 "-" "Mozilla/5.0 (Twiceler-0.9 http://www.cuil.com/twiceler/robot.html)" "peaceyoga.com"
77.88.25.28 - - [19/Jan/2010:19:52:46 -0800] "GET /logs/access_090531.log HTTP/1.1" 200 63535 "-" "Yandex/1.01.001 (compatible; Win16; I)" "www.peaceyoga.com"
77.88.25.28 - - [19/Jan/2010:23:36:40 -0800] "GET /logs/access.log HTTP/1.1" 200 74135 "-" "Yandex/1.01.001 (compatible; Win16; I)" "www.peaceyoga.com"
77.88.25.28 - - [20/Jan/2010:03:21:12 -0800] "GET /logs/access_090901.log HTTP/1.1" 200 42289 "-" "Yandex/1.01.001 (compatible; Win16; I)" "www.peaceyoga.com"
77.88.25.28 - - [20/Jan/2010:07:04:46 -0800] "GET /logs/access_090501.log HTTP/1.1" 200 0 "-" "Yandex/1.01.001 (compatible; Win16; I)" "www.peaceyoga.com"
209.169.27.45 - - [20/Jan/2010:09:20:43 -0800] "GET /favicon.ico HTTP/1.1" 301 - "http://www.google.com/search?q=93.158.148.31&ie=utf-8&oe=utf-8&aq=t&rls=org.mozilla:en-US:official&client=firefox-a" "Mozilla/5.0 (Windows; U; Windows NT 6.0; en-US; rv:1.9.1.2) Gecko/20090729 Firefox/3.5.2 (.NET CLR 3.5.30729)" "www.peaceyoga.com"
65.55.107.180 - - [20/Jan/2010:11:28:47 -0800] "GET /robots.txt HTTP/1.1" 404 - "-" "msnbot/2.0b (+http://search.msn.com/msnbot.htm)" "peaceyoga.com"
65.55.107.180 - - [20/Jan/2010:11:34:09 -0800] "GET / HTTP/1.1" 200 916 "-" "msnbot/2.0b (+http://search.msn.com/msnbot.htm)" "peaceyoga.com"
69.109.125.73 - - [20/Jan/2010:11:34:10 -0800] "GET /logs/access.log HTTP/1.1" 200 75224 "http://search.yahoo.com/search?p=www.peaceyoga.com&toggle=1&cop=mss&ei=UTF-8&fr=yfp-t-701" "Mozilla/4.0 (compatible; MSIE 8.0; Windows NT 6.0; Trident/4.0; SLCC1; .NET CLR 2.0.50727; Media Center PC 5.0; .NET CLR 3.5.30729; .NET CLR 3.0.30618)" "www.peaceyoga.com"
69.109.125.73 - - [20/Jan/2010:11:35:54 -0800] "GET / HTTP/1.1" 200 916 "http://search.yahoo.com/search?p=www.peaceyoga.com&toggle=1&cop=mss&ei=UTF-8&fr=yfp-t-701" "Mozilla/4.0 (compatible; MSIE 8.0; Windows NT 6.0; Trident/4.0; SLCC1; .NET CLR 2.0.50727; Media Center PC 5.0; .NET CLR 3.5.30729; .NET CLR 3.0.30618)" "www.peaceyoga.com"
69.109.125.73 - - [20/Jan/2010:11:35:55 -0800] "GET /favicon.ico HTTP/1.1" 404 - "-" "Mozilla/4.0 (compatible; MSIE 8.0; Windows NT 6.0; Trident/4.0; SLCC1; .NET CLR 2.0.50727; Media Center PC 5.0; .NET CLR 3.5.30729; .NET CLR 3.0.30618)" "www.peaceyoga.com"
67.218.116.164 - - [20/Jan/2010:12:08:51 -0800] "GET /?S=D HTTP/1.0" 200 900 "-" "Mozilla/5.0 (Twiceler-0.9 http://www.cuil.com/twiceler/robot.html)" "peaceyoga.com"
67.195.110.174 - - [20/Jan/2010:12:32:49 -0800] "GET /robots.txt HTTP/1.0" 404 - "-" "Mozilla/5.0 (compatible; Yahoo! Slurp; http://help.yahoo.com/help/us/ysearch/slurp)" "www.peaceyoga.com"
67.195.110.174 - - [20/Jan/2010:12:32:49 -0800] "GET /?S=A HTTP/1.0" 200 900 "-" "Mozilla/5.0 (compatible; Yahoo! Slurp/3.0; http://help.yahoo.com/help/us/ysearch/slurp)" "www.peaceyoga.com"
77.88.25.28 - - [20/Jan/2010:14:01:59 -0800] "GET /robots.txt HTTP/1.1" 404 - "-" "Yandex/1.01.001 (compatible; Win16; I)" "www.peaceyoga.com"
38.100.8.50 - - [20/Jan/2010:14:39:59 -0800] "GET /robots.txt HTTP/1.1" 404 - "-" "panscient.com" "www.peaceyoga.com"
38.100.8.50 - - [20/Jan/2010:14:39:59 -0800] "GET / HTTP/1.1" 200 916 "-" "panscient.com" "www.peaceyoga.com"
38.100.8.50 - - [20/Jan/2010:14:40:00 -0800] "GET /?D=A HTTP/1.1" 200 916 "-" "panscient.com" "www.peaceyoga.com"
38.100.8.50 - - [20/Jan/2010:14:40:02 -0800] "GET /_private/ HTTP/1.1" 403 - "-" "panscient.com" "www.peaceyoga.com"
38.100.8.50 - - [20/Jan/2010:14:40:03 -0800] "GET /logs/ HTTP/1.1" 200 3804 "-" "panscient.com" "www.peaceyoga.com"
38.100.8.50 - - [20/Jan/2010:14:40:04 -0800] "GET /tmp/ HTTP/1.1" 200 520 "-" "panscient.com" "www.peaceyoga.com"
38.100.8.50 - - [20/Jan/2010:14:40:05 -0800] "GET /tmp/?N=D HTTP/1.1" 200 520 "-" "panscient.com" "www.peaceyoga.com"
38.100.8.50 - - [20/Jan/2010:14:40:06 -0800] "GET /?N=D HTTP/1.1" 200 916 "-" "panscient.com" "www.peaceyoga.com"
38.100.8.50 - - [20/Jan/2010:14:40:07 -0800] "GET /logs/?N=D HTTP/1.1" 200 3804 "-" "panscient.com" "www.peaceyoga.com"
38.100.8.50 - - [20/Jan/2010:14:40:08 -0800] "GET /tmp/?N=A HTTP/1.1" 200 520 "-" "panscient.com" "www.peaceyoga.com"
38.100.8.50 - - [20/Jan/2010:14:40:10 -0800] "GET /?D=D HTTP/1.1" 200 916 "-" "panscient.com" "www.peaceyoga.com"
38.100.8.50 - - [20/Jan/2010:14:40:11 -0800] "GET /?N=A HTTP/1.1" 200 916 "-" "panscient.com" "www.peaceyoga.com"
38.100.8.50 - - [20/Jan/2010:14:40:12 -0800] "GET /?M=A HTTP/1.1" 200 916 "-" "panscient.com" "www.peaceyoga.com"
38.100.8.50 - - [20/Jan/2010:14:40:13 -0800] "GET /?M=D HTTP/1.1" 200 916 "-" "panscient.com" "www.peaceyoga.com"
77.88.25.28 - - [20/Jan/2010:18:23:39 -0800] "GET / HTTP/1.1" 200 916 "-" "Yandex/1.01.001 (compatible; Win16; I)" "www.peaceyoga.com"
77.88.25.28 - - [20/Jan/2010:22:45:30 -0800] "GET /logs/access_090731.log HTTP/1.1" 200 64906 "-" "Yandex/1.01.001 (compatible; Win16; I)" "www.peaceyoga.com"
67.218.116.164 - - [21/Jan/2010:00:27:33 -0800] "GET /tmp/?M=A HTTP/1.0" 200 504 "-" "Mozilla/5.0 (Twiceler-0.9 http://www.cuil.com/twiceler/robot.html)" "peaceyoga.com"
77.88.25.28 - - [21/Jan/2010:03:07:00 -0800] "GET /logs/ HTTP/1.1" 200 3804 "-" "Yandex/1.01.001 (compatible; Win16; I)" "www.peaceyoga.com"
67.218.116.164 - - [21/Jan/2010:07:55:54 -0800] "GET /tmp/?N=D HTTP/1.0" 200 504 "-" "Mozilla/5.0 (Twiceler-0.9 http://www.cuil.com/twiceler/robot.html)" "peaceyoga.com"
77.88.25.28 - - [21/Jan/2010:08:55:52 -0800] "GET /logs/access_081031.log HTTP/1.1" 404 - "-" "Yandex/1.01.001 (compatible; Win16; I)" "www.peaceyoga.com"
95.108.142.150 - - [21/Jan/2010:12:47:39 -0800] "GET /robots.txt HTTP/1.1" 404 - "-" "Yandex/1.01.001 (compatible; Win16; H)" "www.peaceyoga.com"
95.108.142.150 - - [21/Jan/2010:12:47:41 -0800] "GET / HTTP/1.1" 200 916 "-" "Yandex/1.01.001 (compatible; Win16; H)" "www.peaceyoga.com"
95.108.142.150 - - [21/Jan/2010:12:47:45 -0800] "GET / HTTP/1.1" 200 916 "-" "Yandex/1.01.001 (compatible; Win16; H)" "www.peaceyoga.com"
77.88.25.28 - - [21/Jan/2010:13:41:12 -0800] "GET /logs/access.log HTTP/1.1" 200 79834 "-" "Yandex/1.01.001 (compatible; Win16; I)" "www.peaceyoga.com"
77.88.25.28 - - [21/Jan/2010:16:41:06 -0800] "GET /robots.txt HTTP/1.1" 404 - "-" "Yandex/1.01.001 (compatible; Win16; I)" "www.peaceyoga.com"
174.129.94.229 - - [21/Jan/2010:18:47:12 -0800] "GET /robots.txt HTTP/1.0" 404 - "-" "SheenBot/SheenBot-1.0.3 (Sheen web crawler)" "www.peaceyoga.com"
174.129.94.229 - - [21/Jan/2010:18:47:12 -0800] "GET / HTTP/1.0" 200 900 "-" "SheenBot/SheenBot-1.0.3 (Sheen web crawler)" "www.peaceyoga.com"
77.88.25.28 - - [21/Jan/2010:19:11:10 -0800] "GET /logs/access_090531.log HTTP/1.1" 200 63535 "-" "Yandex/1.01.001 (compatible; Win16; I)" "www.peaceyoga.com"
77.88.25.28 - - [21/Jan/2010:21:50:53 -0800] "GET /logs/access_090501.log HTTP/1.1" 200 0 "-" "Yandex/1.01.001 (compatible; Win16; I)" "www.peaceyoga.com"
77.88.25.28 - - [22/Jan/2010:00:18:54 -0800] "GET /logs/access_090901.log HTTP/1.1" 200 42289 "-" "Yandex/1.01.001 (compatible; Win16; I)" "www.peaceyoga.com"
77.88.25.28 - - [22/Jan/2010:02:47:23 -0800] "GET /logs/access_091031.log HTTP/1.1" 200 52295 "-" "Yandex/1.01.001 (compatible; Win16; I)" "www.peaceyoga.com"
66.235.124.54 - - [22/Jan/2010:03:13:44 -0800] "GET /robots.txt HTTP/1.1" 404 - "-" "Mozilla/5.0 (compatible; Ask Jeeves/Teoma; +http://about.ask.com/en/docs/about/webmasters.shtml)" "www.peaceyoga.com"
66.235.124.54 - - [22/Jan/2010:03:13:44 -0800] "GET /logs/access.log HTTP/1.1" 200 81055 "-" "Mozilla/5.0 (compatible; Ask Jeeves/Teoma; +http://about.ask.com/en/docs/about/webmasters.shtml)" "www.peaceyoga.com"
77.88.25.28 - - [22/Jan/2010:05:11:14 -0800] "GET /tmp/ HTTP/1.1" 200 520 "-" "Yandex/1.01.001 (compatible; Win16; I)" "www.peaceyoga.com"
91.209.196.76 - - [22/Jan/2010:05:58:40 -0800] "GET /robots.txt HTTP/1.1" 404 - "-" "Comodo-Certificates-Spider" "peaceyoga.com"
77.88.25.28 - - [22/Jan/2010:08:31:28 -0800] "GET /logs/access_081101.log HTTP/1.1" 404 - "-" "Yandex/1.01.001 (compatible; Win16; I)" "www.peaceyoga.com"
67.195.110.174 - - [22/Jan/2010:11:54:10 -0800] "GET /robots.txt HTTP/1.0" 404 - "-" "Mozilla/5.0 (compatible; Yahoo! Slurp; http://help.yahoo.com/help/us/ysearch/slurp)" "www.peaceyoga.com"
67.195.110.174 - - [22/Jan/2010:11:54:11 -0800] "GET /?M=A HTTP/1.0" 200 900 "-" "Mozilla/5.0 (compatible; Yahoo! Slurp/3.0; http://help.yahoo.com/help/us/ysearch/slurp)" "www.peaceyoga.com"
203.94.155.122 - - [22/Jan/2010:12:26:44 -0800] "GET /logs/access.log//MSOffice/cltreq.asp?UL=1&ACT=4&BUILD=6551&STRMVER=4&CAPREQ=http://www.focusi.net/bbs/data/board_free/satu.txt?? HTTP/1.1" 404 - "-" "Mozilla/5.0" "www.peaceyoga.com"
203.94.155.122 - - [22/Jan/2010:12:26:44 -0800] "GET /MSOffice/cltreq.asp?UL=1&ACT=4&BUILD=6551&STRMVER=4&CAPREQ=http://www.focusi.net/bbs/data/board_free/satu.txt?? HTTP/1.1" 404 - "-" "Mozilla/5.0" "www.peaceyoga.com"
203.94.155.122 - - [22/Jan/2010:12:26:44 -0800] "GET /logs//MSOffice/cltreq.asp?UL=1&ACT=4&BUILD=6551&STRMVER=4&CAPREQ=http://www.focusi.net/bbs/data/board_free/satu.txt?? HTTP/1.1" 404 - "-" "Mozilla/5.0" "www.peaceyoga.com"
203.94.155.122 - - [22/Jan/2010:12:28:29 -0800] "GET /logs/access_081001.log//MSOffice/cltreq.asp?UL=1&ACT=4&BUILD=6551&STRMVER=4&CAPREQ=http://www.focusi.net/bbs/data/board_free/satu.txt?? HTTP/1.1" 404 - "-" "Mozilla/5.0" "www.peaceyoga.com"
95.108.142.150 - - [22/Jan/2010:16:48:34 -0800] "GET /robots.txt HTTP/1.1" 404 - "-" "Yandex/1.01.001 (compatible; Win16; H)" "www.peaceyoga.com"
95.108.142.150 - - [22/Jan/2010:16:48:36 -0800] "GET / HTTP/1.1" 200 916 "-" "Yandex/1.01.001 (compatible; Win16; H)" "www.peaceyoga.com"
95.108.142.150 - - [22/Jan/2010:16:48:39 -0800] "GET / HTTP/1.1" 200 916 "-" "Yandex/1.01.001 (compatible; Win16; H)" "www.peaceyoga.com"
24.90.4.53 - - [22/Jan/2010:17:20:46 -0800] "GET / HTTP/1.1" 200 916 "http://search.yahoo.com/search?p=peace+yoga+center+ny&toggle=1&cop=mss&ei=UTF-8&fr=yfp-t-701" "Mozilla/4.0 (compatible; MSIE 8.0; Windows NT 6.0; Trident/4.0; SLCC1; .NET CLR 2.0.50727; MDDC; .NET CLR 3.5.30729; .NET CLR 3.0.30618)" "peaceyoga.com"
24.90.4.53 - - [22/Jan/2010:17:20:47 -0800] "GET /favicon.ico HTTP/1.1" 404 - "-" "Mozilla/4.0 (compatible; MSIE 8.0; Windows NT 6.0; Trident/4.0; SLCC1; .NET CLR 2.0.50727; MDDC; .NET CLR 3.5.30729; .NET CLR 3.0.30618)" "peaceyoga.com"
24.90.4.53 - - [22/Jan/2010:17:20:56 -0800] "GET /favicon.ico HTTP/1.1" 404 - "-" "Mozilla/4.0 (compatible; MSIE 8.0; Windows NT 6.0; Trident/4.0; SLCC1; .NET CLR 2.0.50727; MDDC; .NET CLR 3.5.30729; .NET CLR 3.0.30618)" "peaceyoga.com"
67.195.110.174 - - [23/Jan/2010:06:50:01 -0800] "GET /robots.txt HTTP/1.0" 404 - "-" "Mozilla/5.0 (compatible; Yahoo! Slurp; http://help.yahoo.com/help/us/ysearch/slurp)" "www.peaceyoga.com"
67.195.110.174 - - [23/Jan/2010:06:50:01 -0800] "GET /_private/ HTTP/1.0" 403 - "-" "Mozilla/5.0 (compatible; Yahoo! Slurp/3.0; http://help.yahoo.com/help/us/ysearch/slurp)" "www.peaceyoga.com"
77.88.25.28 - - [23/Jan/2010:11:46:01 -0800] "GET /robots.txt HTTP/1.1" 404 - "-" "Yandex/1.01.001 (compatible; Win16; I)" "www.peaceyoga.com"
198.95.226.230 - - [23/Jan/2010:12:43:23 -0800] "GET / HTTP/1.1" 200 916 "-" "Mozilla/4.0 (compatible; MSIE 8.0; Windows NT 5.1; Trident/4.0; GTB6.3; .NET CLR 2.0.50727; .NET CLR 3.0.04506.30; .NET CLR 3.0.04506.648; InfoPath.2; .NET CLR 1.1.4322; yie8)" "www.peaceyoga.com"
198.95.226.230 - - [23/Jan/2010:12:43:24 -0800] "GET /favicon.ico HTTP/1.1" 404 - "-" "Mozilla/4.0 (compatible; MSIE 8.0; Windows NT 5.1; Trident/4.0; GTB6.3; .NET CLR 2.0.50727; .NET CLR 3.0.04506.30; .NET CLR 3.0.04506.648; InfoPath.2; .NET CLR 1.1.4322; yie8)" "www.peaceyoga.com"
87.250.252.242 - - [23/Jan/2010:15:55:07 -0800] "GET /robots.txt HTTP/1.1" 404 - "-" "Yandex/1.01.001 (compatible; Win16; I)" "peaceyoga.com"
77.88.25.28 - - [23/Jan/2010:16:15:49 -0800] "GET / HTTP/1.1" 200 916 "-" "Yandex/1.01.001 (compatible; Win16; I)" "www.peaceyoga.com"
95.108.142.150 - - [23/Jan/2010:16:47:39 -0800] "GET /robots.txt HTTP/1.1" 404 - "-" "Yandex/1.01.001 (compatible; Win16; H)" "www.peaceyoga.com"
95.108.142.150 - - [23/Jan/2010:16:47:41 -0800] "GET / HTTP/1.1" 200 916 "-" "Yandex/1.01.001 (compatible; Win16; H)" "www.peaceyoga.com"
95.108.142.150 - - [23/Jan/2010:16:47:45 -0800] "GET / HTTP/1.1" 200 916 "-" "Yandex/1.01.001 (compatible; Win16; H)" "www.peaceyoga.com"
72.94.249.37 - - [23/Jan/2010:17:18:36 -0800] "GET / HTTP/1.1" 200 916 "-" "Mozilla/4.0 (compatible; MSIE 6.0; Windows NT 5.1; SV1; .NET CLR 1.1.4322)" "www.peaceyoga.com"
77.88.25.28 - - [23/Jan/2010:18:57:26 -0800] "GET /logs/access_090701.log HTTP/1.1" 200 45555 "-" "Yandex/1.01.001 (compatible; Win16; I)" "www.peaceyoga.com"
77.88.25.28 - - [23/Jan/2010:20:51:11 -0800] "GET /logs/access_090601.log HTTP/1.1" 200 1166 "-" "Yandex/1.01.001 (compatible; Win16; I)" "www.peaceyoga.com"
67.195.110.174 - - [23/Jan/2010:22:37:10 -0800] "GET /robots.txt HTTP/1.0" 404 - "-" "Mozilla/5.0 (compatible; Yahoo! Slurp; http://help.yahoo.com/help/us/ysearch/slurp)" "www.peaceyoga.com"
67.195.110.174 - - [23/Jan/2010:22:37:10 -0800] "GET /tmp/?N=A HTTP/1.0" 200 504 "-" "Mozilla/5.0 (compatible; Yahoo! Slurp/3.0; http://help.yahoo.com/help/us/ysearch/slurp)" "www.peaceyoga.com"
77.88.25.28 - - [23/Jan/2010:22:49:32 -0800] "GET /logs/access_090731.log HTTP/1.1" 200 64906 "-" "Yandex/1.01.001 (compatible; Win16; I)" "www.peaceyoga.com"
77.88.25.28 - - [24/Jan/2010:00:38:49 -0800] "GET /logs/access_090331.log HTTP/1.1" 200 1128 "-" "Yandex/1.01.001 (compatible; Win16; I)" "www.peaceyoga.com"
70.33.254.71 - - [24/Jan/2010:02:10:19 -0800] "GET / HTTP/1.1" 200 916 "-" "PHP/5.2.8" "www.peaceyoga.com"
77.88.25.28 - - [24/Jan/2010:02:41:40 -0800] "GET /_private/ HTTP/1.1" 403 - "-" "Yandex/1.01.001 (compatible; Win16; I)" "www.peaceyoga.com"
77.88.25.28 - - [24/Jan/2010:04:33:37 -0800] "GET /logs/ HTTP/1.1" 200 3804 "-" "Yandex/1.01.001 (compatible; Win16; I)" "www.peaceyoga.com"
66.249.65.155 - - [24/Jan/2010:05:52:30 -0800] "GET /robots.txt HTTP/1.1" 404 - "-" "Mozilla/5.0 (compatible; Googlebot/2.1; +http://www.google.com/bot.html)" "www.peaceyoga.com"
77.88.25.28 - - [24/Jan/2010:06:15:19 -0800] "GET /logs/access_081201.log HTTP/1.1" 200 0 "-" "Yandex/1.01.001 (compatible; Win16; I)" "www.peaceyoga.com"
67.195.110.174 - - [24/Jan/2010:08:12:08 -0800] "GET / HTTP/1.0" 200 900 "-" "Mozilla/5.0 (compatible; Yahoo! Slurp/3.0; http://help.yahoo.com/help/us/ysearch/slurp)" "www.peaceyoga.com"
77.88.25.28 - - [24/Jan/2010:09:19:21 -0800] "GET /logs/access_081031.log HTTP/1.1" 404 - "-" "Yandex/1.01.001 (compatible; Win16; I)" "www.peaceyoga.com"
77.88.25.28 - - [24/Jan/2010:15:01:16 -0800] "GET /robots.txt HTTP/1.1" 404 - "-" "Yandex/1.01.001 (compatible; Win16; I)" "www.peaceyoga.com"
87.250.252.242 - - [24/Jan/2010:16:02:52 -0800] "GET /robots.txt HTTP/1.1" 404 - "-" "Yandex/1.01.001 (compatible; Win16; I)" "peaceyoga.com"
77.88.25.28 - - [24/Jan/2010:16:47:21 -0800] "GET /logs/access_090901.log HTTP/1.1" 200 42289 "-" "Yandex/1.01.001 (compatible; Win16; I)" "www.peaceyoga.com"
67.195.110.174 - - [24/Jan/2010:17:10:36 -0800] "GET /robots.txt HTTP/1.0" 404 - "-" "Mozilla/5.0 (compatible; Yahoo! Slurp; http://help.yahoo.com/help/us/ysearch/slurp)" "www.peaceyoga.com"
67.195.110.174 - - [24/Jan/2010:17:10:36 -0800] "GET /tmp/?M=A HTTP/1.0" 200 504 "-" "Mozilla/5.0 (compatible; Yahoo! Slurp/3.0; http://help.yahoo.com/help/us/ysearch/slurp)" "www.peaceyoga.com"
77.88.25.28 - - [24/Jan/2010:18:33:39 -0800] "GET /logs/access_090501.log HTTP/1.1" 200 0 "-" "Yandex/1.01.001 (compatible; Win16; I)" "www.peaceyoga.com"
209.205.91.35 - - [24/Jan/2010:19:46:48 -0800] "GET / HTTP/1.1" 200 916 "http://www.healtheagle.com" "Mozilla/5.0 (compatible; EagleContentAnalysis/1.0; http://www.healtheagle.com)" "peaceyoga.com"
77.88.25.28 - - [24/Jan/2010:20:22:07 -0800] "GET /logs/access_090531.log HTTP/1.1" 200 63535 "-" "Yandex/1.01.001 (compatible; Win16; I)" "www.peaceyoga.com"
77.88.25.28 - - [24/Jan/2010:22:19:36 -0800] "GET /tmp/ HTTP/1.1" 200 520 "-" "Yandex/1.01.001 (compatible; Win16; I)" "www.peaceyoga.com"
77.88.25.28 - - [25/Jan/2010:00:05:40 -0800] "GET /logs/access_090330.log HTTP/1.1" 200 3322 "-" "Yandex/1.01.001 (compatible; Win16; I)" "www.peaceyoga.com"
207.114.187.196 - - [25/Jan/2010:01:05:09 -0800] "GET /robots.txt HTTP/1.0" 404 - "-" "Eric Osgood/Nutch-1.0 (Nutch spiderman; http://www.calpoly.edu/~eosgood ; MyEmail)" "www.peaceyoga.com"
207.114.187.196 - - [25/Jan/2010:01:05:09 -0800] "GET / HTTP/1.0" 200 900 "-" "Eric Osgood/Nutch-1.0 (Nutch spiderman; http://www.calpoly.edu/~eosgood ; MyEmail)" "www.peaceyoga.com"
77.88.25.28 - - [25/Jan/2010:01:51:12 -0800] "GET /logs/access_090201.log HTTP/1.1" 200 0 "-" "Yandex/1.01.001 (compatible; Win16; I)" "www.peaceyoga.com"
95.108.142.150 - - [25/Jan/2010:02:42:22 -0800] "GET /robots.txt HTTP/1.1" 404 - "-" "Yandex/1.01.001 (compatible; Win16; H)" "www.peaceyoga.com"
95.108.142.150 - - [25/Jan/2010:02:42:24 -0800] "GET / HTTP/1.1" 200 916 "-" "Yandex/1.01.001 (compatible; Win16; H)" "www.peaceyoga.com"
95.108.142.150 - - [25/Jan/2010:02:42:27 -0800] "GET / HTTP/1.1" 200 916 "-" "Yandex/1.01.001 (compatible; Win16; H)" "www.peaceyoga.com"
77.88.25.28 - - [25/Jan/2010:03:38:41 -0800] "GET /logs/access_091031.log HTTP/1.1" 200 52295 "-" "Yandex/1.01.001 (compatible; Win16; I)" "www.peaceyoga.com"
77.88.25.28 - - [25/Jan/2010:05:23:19 -0800] "GET /logs/access_081231.log HTTP/1.1" 200 0 "-" "Yandex/1.01.001 (compatible; Win16; I)" "www.peaceyoga.com"
72.32.116.148 - - [25/Jan/2010:06:07:11 -0800] "GET / HTTP/1.1" 200 916 "-" "-" "peaceyoga.com"
72.32.116.148 - - [25/Jan/2010:06:07:11 -0800] "GET /phpmyadmin/index.php HTTP/1.1" 404 - "-" "-" "peaceyoga.com"
72.32.116.148 - - [25/Jan/2010:06:07:11 -0800] "GET /phpMyAdmin/index.php HTTP/1.1" 404 - "-" "-" "peaceyoga.com"
72.32.116.148 - - [25/Jan/2010:06:07:11 -0800] "GET /PMA/index.php HTTP/1.1" 404 - "-" "-" "peaceyoga.com"
72.32.116.148 - - [25/Jan/2010:06:07:11 -0800] "GET /pma/index.php HTTP/1.1" 404 - "-" "-" "peaceyoga.com"
72.32.116.148 - - [25/Jan/2010:06:07:12 -0800] "GET /admin/index.php HTTP/1.1" 404 - "-" "-" "peaceyoga.com"
72.32.116.148 - - [25/Jan/2010:06:07:12 -0800] "GET /dbadmin/index.php HTTP/1.1" 404 - "-" "-" "peaceyoga.com"
72.32.116.148 - - [25/Jan/2010:06:07:12 -0800] "GET /mysql/index.php HTTP/1.1" 404 - "-" "-" "peaceyoga.com"
72.32.116.148 - - [25/Jan/2010:06:07:12 -0800] "GET /myadmin/index.php HTTP/1.1" 404 - "-" "-" "peaceyoga.com"
72.32.116.148 - - [25/Jan/2010:06:07:12 -0800] "GET /phpmyadmin2/index.php HTTP/1.1" 404 - "-" "-" "peaceyoga.com"
72.32.116.148 - - [25/Jan/2010:06:07:12 -0800] "GET /phpMyAdmin2/index.php HTTP/1.1" 404 - "-" "-" "peaceyoga.com"
72.32.116.148 - - [25/Jan/2010:06:07:12 -0800] "GET /phpMyAdmin-2/index.php HTTP/1.1" 404 - "-" "-" "peaceyoga.com"
72.32.116.148 - - [25/Jan/2010:06:07:12 -0800] "GET /php-my-admin/index.php HTTP/1.1" 404 - "-" "-" "peaceyoga.com"
72.32.116.148 - - [25/Jan/2010:06:07:13 -0800] "GET /sqlmanager/index.php HTTP/1.1" 404 - "-" "-" "peaceyoga.com"
72.32.116.148 - - [25/Jan/2010:06:07:13 -0800] "GET /mysqlmanager/index.php HTTP/1.1" 404 - "-" "-" "peaceyoga.com"
72.32.116.148 - - [25/Jan/2010:06:07:13 -0800] "GET /p/m/a/index.php HTTP/1.1" 404 - "-" "-" "peaceyoga.com"
72.32.116.148 - - [25/Jan/2010:06:07:13 -0800] "GET /PMA2005/index.php HTTP/1.1" 404 - "-" "-" "peaceyoga.com"
72.32.116.148 - - [25/Jan/2010:06:07:13 -0800] "GET /pma2005/index.php HTTP/1.1" 404 - "-" "-" "peaceyoga.com"
72.32.116.148 - - [25/Jan/2010:06:07:13 -0800] "GET /phpmanager/index.php HTTP/1.1" 404 - "-" "-" "peaceyoga.com"
72.32.116.148 - - [25/Jan/2010:06:07:13 -0800] "GET /php-myadmin/index.php HTTP/1.1" 404 - "-" "-" "peaceyoga.com"
72.32.116.148 - - [25/Jan/2010:06:07:13 -0800] "GET /phpmy-admin/index.php HTTP/1.1" 404 - "-" "-" "peaceyoga.com"
72.32.116.148 - - [25/Jan/2010:06:07:14 -0800] "GET /webadmin/index.php HTTP/1.1" 404 - "-" "-" "peaceyoga.com"
72.32.116.148 - - [25/Jan/2010:06:07:14 -0800] "GET /sqlweb/index.php HTTP/1.1" 404 - "-" "-" "peaceyoga.com"
72.32.116.148 - - [25/Jan/2010:06:07:14 -0800] "GET /websql/index.php HTTP/1.1" 404 - "-" "-" "peaceyoga.com"
72.32.116.148 - - [25/Jan/2010:06:07:14 -0800] "GET /webdb/index.php HTTP/1.1" 404 - "-" "-" "peaceyoga.com"
72.32.116.148 - - [25/Jan/2010:06:07:14 -0800] "GET /mysqladmin/index.php HTTP/1.1" 404 - "-" "-" "peaceyoga.com"
72.32.116.148 - - [25/Jan/2010:06:07:14 -0800] "GET /mysql-admin/index.php HTTP/1.1" 404 - "-" "-" "peaceyoga.com"
72.32.116.148 - - [25/Jan/2010:06:07:14 -0800] "GET /Tools/phpMyAdmin/index.php HTTP/1.1" 404 - "-" "-" "peaceyoga.com"
77.88.25.28 - - [25/Jan/2010:06:59:26 -0800] "GET /logs/access.log HTTP/1.1" 200 94500 "-" "Yandex/1.01.001 (compatible; Win16; I)" "www.peaceyoga.com"
77.88.25.28 - - [25/Jan/2010:10:10:19 -0800] "GET /logs/access_081101.log HTTP/1.1" 404 - "-" "Yandex/1.01.001 (compatible; Win16; I)" "www.peaceyoga.com"
67.218.116.164 - - [25/Jan/2010:17:46:47 -0800] "GET /?D=A HTTP/1.0" 200 900 "-" "Mozilla/5.0 (Twiceler-0.9 http://www.cuil.com/twiceler/robot.html)" "peaceyoga.com"
77.88.25.28 - - [25/Jan/2010:17:49:45 -0800] "GET /robots.txt HTTP/1.1" 404 - "-" "Yandex/1.01.001 (compatible; Win16; I)" "www.peaceyoga.com"
77.88.25.28 - - [25/Jan/2010:21:16:56 -0800] "GET / HTTP/1.1" 200 916 "-" "Yandex/1.01.001 (compatible; Win16; I)" "www.peaceyoga.com"
77.88.25.28 - - [25/Jan/2010:22:42:00 -0800] "GET /logs/access_090331.log HTTP/1.1" 200 1128 "-" "Yandex/1.01.001 (compatible; Win16; I)" "www.peaceyoga.com"
77.88.25.28 - - [26/Jan/2010:00:03:12 -0800] "GET /logs/ HTTP/1.1" 200 3804 "-" "Yandex/1.01.001 (compatible; Win16; I)" "www.peaceyoga.com"
77.88.25.28 - - [26/Jan/2010:01:24:50 -0800] "GET /logs/access_090731.log HTTP/1.1" 200 64906 "-" "Yandex/1.01.001 (compatible; Win16; I)" "www.peaceyoga.com"
77.88.25.28 - - [26/Jan/2010:02:47:00 -0800] "GET /logs/access_090701.log HTTP/1.1" 200 45555 "-" "Yandex/1.01.001 (compatible; Win16; I)" "www.peaceyoga.com"
67.218.116.164 - - [26/Jan/2010:03:46:11 -0800] "GET /?M=D HTTP/1.0" 200 900 "-" "Mozilla/5.0 (Twiceler-0.9 http://www.cuil.com/twiceler/robot.html)" "peaceyoga.com"
77.88.25.28 - - [26/Jan/2010:04:11:11 -0800] "GET /logs/access_090329.log HTTP/1.1" 200 57439 "-" "Yandex/1.01.001 (compatible; Win16; I)" "www.peaceyoga.com"
77.88.25.28 - - [26/Jan/2010:05:30:23 -0800] "GET /logs/access_081201.log HTTP/1.1" 200 0 "-" "Yandex/1.01.001 (compatible; Win16; I)" "www.peaceyoga.com"
67.195.110.174 - - [26/Jan/2010:06:48:20 -0800] "GET /robots.txt HTTP/1.0" 404 - "-" "Mozilla/5.0 (compatible; Yahoo! Slurp; http://help.yahoo.com/help/us/ysearch/slurp)" "www.peaceyoga.com"
67.195.110.174 - - [26/Jan/2010:06:48:21 -0800] "GET /logs/ HTTP/1.0" 200 3788 "-" "Mozilla/5.0 (compatible; Yahoo! Slurp/3.0; http://help.yahoo.com/help/us/ysearch/slurp)" "www.peaceyoga.com"
77.88.25.28 - - [26/Jan/2010:06:53:16 -0800] "GET /logs/access_090801.log HTTP/1.1" 200 5021 "-" "Yandex/1.01.001 (compatible; Win16; I)" "www.peaceyoga.com"
125.141.91.138 - - [26/Jan/2010:07:51:56 -0800] "GET /access.log%20%20///write_comment_update.php?board_skin_path=http://musicadelibreria.net/footer?? HTTP/1.1" 404 - "-" "Mozilla/5.0" "www.peaceyoga.com"
125.141.91.138 - - [26/Jan/2010:07:51:56 -0800] "GET /logs/access.log%20%20//access.log%20%20///write_comment_update.php?board_skin_path=http://musicadelibreria.net/footer?? HTTP/1.1" 404 - "-" "Mozilla/5.0" "www.peaceyoga.com"
125.141.91.138 - - [26/Jan/2010:07:51:56 -0800] "GET /logs//access.log%20%20///write_comment_update.php?board_skin_path=http://musicadelibreria.net/footer?? HTTP/1.1" 404 - "-" "Mozilla/5.0" "www.peaceyoga.com"
125.141.91.138 - - [26/Jan/2010:07:58:03 -0800] "GET /logs/access.log%20%20//access.log%20%20///write_comment_update.php?board_skin_path=http://med.buu.ac.th///components/com_mylink/son1.txt??? HTTP/1.1" 404 - "-" "Mozilla/5.0" "www.peaceyoga.com"
125.141.91.138 - - [26/Jan/2010:07:58:03 -0800] "GET /logs//access.log%20%20///write_comment_update.php?board_skin_path=http://med.buu.ac.th///components/com_mylink/son1.txt??? HTTP/1.1" 404 - "-" "Mozilla/5.0" "www.peaceyoga.com"
125.141.91.138 - - [26/Jan/2010:07:58:03 -0800] "GET /access.log%20%20///write_comment_update.php?board_skin_path=http://med.buu.ac.th///components/com_mylink/son1.txt??? HTTP/1.1" 404 - "-" "Mozilla/5.0" "www.peaceyoga.com"
125.141.91.138 - - [26/Jan/2010:07:59:11 -0800] "GET /logs/access.log//access.log%20%20///write_comment_update.php?board_skin_path=http://musicadelibreria.net/footer?? HTTP/1.1" 404 - "-" "Mozilla/5.0" "www.peaceyoga.com"
125.141.91.138 - - [26/Jan/2010:08:07:45 -0800] "GET /logs/access.log//access.log%20%20///write_comment_update.php?board_skin_path=http://med.buu.ac.th///components/com_mylink/son1.txt??? HTTP/1.1" 404 - "-" "Mozilla/5.0" "www.peaceyoga.com"
125.141.91.138 - - [26/Jan/2010:08:11:32 -0800] "GET /logs/access_081001.log//access.log%20%20///write_comment_update.php?board_skin_path=http://med.buu.ac.th///components/com_mylink/son1.txt??? HTTP/1.1" 404 - "-" "Mozilla/5.0" "www.peaceyoga.com"
77.88.25.28 - - [26/Jan/2010:08:13:33 -0800] "GET /logs/access_090101.log HTTP/1.1" 200 3048 "-" "Yandex/1.01.001 (compatible; Win16; I)" "www.peaceyoga.com"
67.218.116.164 - - [26/Jan/2010:09:38:19 -0800] "GET /tmp/?S=A HTTP/1.0" 200 504 "-" "Mozilla/5.0 (Twiceler-0.9 http://www.cuil.com/twiceler/robot.html)" "peaceyoga.com"
77.88.25.28 - - [26/Jan/2010:09:41:05 -0800] "GET /logs/access_091201.log HTTP/1.1" 200 0 "-" "Yandex/1.01.001 (compatible; Win16; I)" "www.peaceyoga.com"
77.88.25.28 - - [26/Jan/2010:11:58:33 -0800] "GET /logs/access_090601.log HTTP/1.1" 200 1166 "-" "Yandex/1.01.001 (compatible; Win16; I)" "www.peaceyoga.com"
77.88.25.28 - - [26/Jan/2010:13:41:59 -0800] "GET /logs/access_091101.log HTTP/1.1" 200 3641 "-" "Yandex/1.01.001 (compatible; Win16; I)" "www.peaceyoga.com"
87.250.252.242 - - [26/Jan/2010:14:48:06 -0800] "GET /robots.txt HTTP/1.1" 404 - "-" "Yandex/1.01.001 (compatible; Win16; I)" "peaceyoga.com"
