67.195.110.162 - - [12/Feb/2010:09:39:39 -0800] "GET /tmp/?D=A HTTP/1.0" 200 504 "-" "Mozilla/5.0 (compatible; Yahoo! Slurp/3.0; http://help.yahoo.com/help/us/ysearch/slurp)" "peaceyoga.com"
67.195.110.162 - - [12/Feb/2010:09:41:35 -0800] "GET / HTTP/1.0" 200 900 "-" "Mozilla/5.0 (compatible; Yahoo! Slurp/3.0; http://help.yahoo.com/help/us/ysearch/slurp)" "peaceyoga.com"
77.88.25.28 - - [12/Feb/2010:10:33:38 -0800] "GET /robots.txt HTTP/1.1" 404 - "-" "Yandex/1.01.001 (compatible; Win16; I)" "www.peaceyoga.com"
76.218.79.200 - - [12/Feb/2010:13:33:37 -0800] "GET / HTTP/1.1" 200 916 "-" "Mozilla/5.0 (Macintosh; U; PPC Mac OS X 10_5_8; en-us) AppleWebKit/531.21.8 (KHTML, like Gecko) Version/4.0.4 Safari/531.21.10" "www.peaceyoga.com"
76.218.79.200 - - [12/Feb/2010:13:33:37 -0800] "GET /favicon.ico HTTP/1.1" 404 - "http://www.peaceyoga.com/" "Mozilla/5.0 (Macintosh; U; PPC Mac OS X 10_5_8; en-us) AppleWebKit/531.21.8 (KHTML, like Gecko) Version/4.0.4 Safari/531.21.10" "www.peaceyoga.com"
209.169.110.90 - - [12/Feb/2010:15:45:04 -0800] "GET / HTTP/1.1" 200 916 "-" "Mozilla/4.0 (compatible; MSIE 8.0; Windows NT 6.0; Trident/4.0; SLCC1; .NET CLR 2.0.50727; Media Center PC 5.0; .NET CLR 3.5.30729; .NET CLR 3.0.30729)" "www.peaceyoga.com"
209.169.110.90 - - [12/Feb/2010:15:45:05 -0800] "GET /favicon.ico HTTP/1.1" 404 - "-" "Mozilla/4.0 (compatible; MSIE 8.0; Windows NT 6.0; Trident/4.0; SLCC1; .NET CLR 2.0.50727; Media Center PC 5.0; .NET CLR 3.5.30729; .NET CLR 3.0.30729)" "www.peaceyoga.com"
209.169.110.90 - - [12/Feb/2010:15:45:05 -0800] "GET /favicon.ico HTTP/1.1" 404 - "-" "Mozilla/5.0 (compatible; Google Desktop/5.9.909.30391; http://desktop.google.com/)" "www.peaceyoga.com"
77.88.25.28 - - [12/Feb/2010:15:49:00 -0800] "GET /logs/access_091031.log HTTP/1.1" 200 52295 "-" "Yandex/1.01.001 (compatible; Win16; I)" "www.peaceyoga.com"
67.195.110.162 - - [12/Feb/2010:17:21:05 -0800] "GET /tmp/ HTTP/1.0" 200 504 "-" "Mozilla/5.0 (compatible; Yahoo! Slurp/3.0; http://help.yahoo.com/help/us/ysearch/slurp)" "peaceyoga.com"
166.205.137.197 - - [12/Feb/2010:19:44:31 -0800] "GET / HTTP/1.1" 200 916 "-" "Mozilla/5.0 (iPhone; U; CPU iPhone OS 3_1_2 like Mac OS X; en-us) AppleWebKit/528.18 (KHTML, like Gecko) Version/4.0 Mobile/7D11 Safari/528.16" "peaceyoga.com"
67.195.37.174 - - [12/Feb/2010:23:36:22 -0800] "GET /robots.txt HTTP/1.0" 404 - "-" "Mozilla/5.0 (compatible; Yahoo! Slurp; http://help.yahoo.com/help/us/ysearch/slurp)" "www.peaceyoga.com"
67.195.37.174 - - [12/Feb/2010:23:36:23 -0800] "GET /logs/?N=D HTTP/1.0" 200 3788 "-" "Mozilla/5.0 (compatible; Yahoo! Slurp/3.0; http://help.yahoo.com/help/us/ysearch/slurp)" "www.peaceyoga.com"
77.88.25.28 - - [13/Feb/2010:00:29:08 -0800] "GET /logs/access.log HTTP/1.1" 200 52547 "-" "Yandex/1.01.001 (compatible; Win16; I)" "www.peaceyoga.com"
67.195.37.174 - - [13/Feb/2010:06:45:42 -0800] "GET /robots.txt HTTP/1.0" 404 - "-" "Mozilla/5.0 (compatible; Yahoo! Slurp; http://help.yahoo.com/help/us/ysearch/slurp)" "www.peaceyoga.com"
67.195.37.174 - - [13/Feb/2010:06:45:43 -0800] "GET /?D=D HTTP/1.0" 200 900 "-" "Mozilla/5.0 (compatible; Yahoo! Slurp/3.0; http://help.yahoo.com/help/us/ysearch/slurp)" "www.peaceyoga.com"
87.250.255.242 - - [13/Feb/2010:11:55:58 -0800] "GET /robots.txt HTTP/1.1" 404 - "-" "Yandex/1.01.001 (compatible; Win16; I)" "peaceyoga.com"
67.218.116.164 - - [13/Feb/2010:12:17:27 -0800] "GET /tmp/?S=D HTTP/1.1" 200 520 "-" "Mozilla/5.0 (Twiceler-0.9 http://www.cuil.com/twiceler/robot.html)" "peaceyoga.com"
77.88.25.28 - - [13/Feb/2010:15:25:33 -0800] "GET /robots.txt HTTP/1.1" 404 - "-" "Yandex/1.01.001 (compatible; Win16; I)" "www.peaceyoga.com"
67.195.110.162 - - [13/Feb/2010:16:37:17 -0800] "GET /robots.txt HTTP/1.0" 404 - "-" "Mozilla/5.0 (compatible; Yahoo! Slurp; http://help.yahoo.com/help/us/ysearch/slurp)" "peaceyoga.com"
67.195.110.162 - - [13/Feb/2010:16:37:17 -0800] "GET /?D=D HTTP/1.0" 200 900 "-" "Mozilla/5.0 (compatible; Yahoo! Slurp/3.0; http://help.yahoo.com/help/us/ysearch/slurp)" "peaceyoga.com"
77.88.25.28 - - [13/Feb/2010:20:48:45 -0800] "GET /logs/access_090401.log HTTP/1.1" 200 929 "-" "Yandex/1.01.001 (compatible; Win16; I)" "www.peaceyoga.com"
77.88.25.28 - - [14/Feb/2010:01:57:17 -0800] "GET /logs/ HTTP/1.1" 200 3804 "-" "Yandex/1.01.001 (compatible; Win16; I)" "www.peaceyoga.com"
96.31.166.228 - - [14/Feb/2010:03:18:42 -0800] "GET / HTTP/1.1" 200 916 "-" "Mozilla/4.0 (compatible; MSIE 7.0; Windows NT 5.1)" "peaceyoga.com"
67.195.110.162 - - [14/Feb/2010:07:10:19 -0800] "GET /robots.txt HTTP/1.0" 404 - "-" "Mozilla/5.0 (compatible; Yahoo! Slurp; http://help.yahoo.com/help/us/ysearch/slurp)" "peaceyoga.com"
67.195.110.162 - - [14/Feb/2010:07:10:19 -0800] "GET /?S=A HTTP/1.0" 200 900 "-" "Mozilla/5.0 (compatible; Yahoo! Slurp/3.0; http://help.yahoo.com/help/us/ysearch/slurp)" "peaceyoga.com"
77.88.25.28 - - [14/Feb/2010:09:35:33 -0800] "GET /logs/access_081101.log HTTP/1.1" 404 - "-" "Yandex/1.01.001 (compatible; Win16; I)" "www.peaceyoga.com"
87.250.255.242 - - [14/Feb/2010:11:20:56 -0800] "GET /robots.txt HTTP/1.1" 404 - "-" "Yandex/1.01.001 (compatible; Win16; I)" "peaceyoga.com"
77.88.25.28 - - [14/Feb/2010:15:32:17 -0800] "GET /robots.txt HTTP/1.1" 404 - "-" "Yandex/1.01.001 (compatible; Win16; I)" "www.peaceyoga.com"
77.88.25.28 - - [14/Feb/2010:23:21:13 -0800] "GET /tmp/ HTTP/1.1" 200 520 "-" "Yandex/1.01.001 (compatible; Win16; I)" "www.peaceyoga.com"
67.218.116.164 - - [15/Feb/2010:00:17:45 -0800] "GET /logs/access_090329.log HTTP/1.1" 200 57439 "-" "Mozilla/5.0 (Twiceler-0.9 http://www.cuil.com/twiceler/robot.html)" "peaceyoga.com"
77.88.25.28 - - [15/Feb/2010:03:15:03 -0800] "GET /logs/access_090301.log HTTP/1.1" 200 0 "-" "Yandex/1.01.001 (compatible; Win16; I)" "www.peaceyoga.com"
67.195.37.174 - - [15/Feb/2010:06:39:31 -0800] "GET /robots.txt HTTP/1.0" 404 - "-" "Mozilla/5.0 (compatible; Yahoo! Slurp; http://help.yahoo.com/help/us/ysearch/slurp)" "www.peaceyoga.com"
67.195.37.174 - - [15/Feb/2010:06:39:31 -0800] "GET / HTTP/1.0" 200 900 "-" "Mozilla/5.0 (compatible; Yahoo! Slurp/3.0; http://help.yahoo.com/help/us/ysearch/slurp)" "www.peaceyoga.com"
67.195.37.174 - - [15/Feb/2010:12:47:33 -0800] "GET /logs/access_080329.log HTTP/1.0" 404 - "-" "Mozilla/5.0 (compatible; Yahoo! Slurp/3.0; http://help.yahoo.com/help/us/ysearch/slurp)" "www.peaceyoga.com"
77.88.25.28 - - [15/Feb/2010:14:25:21 -0800] "GET /logs/access_090501.log HTTP/1.1" 200 0 "-" "Yandex/1.01.001 (compatible; Win16; I)" "www.peaceyoga.com"
67.195.37.174 - - [15/Feb/2010:17:17:38 -0800] "GET /robots.txt HTTP/1.0" 404 - "-" "Mozilla/5.0 (compatible; Yahoo! Slurp; http://help.yahoo.com/help/us/ysearch/slurp)" "www.peaceyoga.com"
67.195.37.174 - - [15/Feb/2010:17:17:39 -0800] "GET /logs/access_080801.log HTTP/1.0" 404 - "-" "Mozilla/5.0 (compatible; Yahoo! Slurp/3.0; http://help.yahoo.com/help/us/ysearch/slurp)" "www.peaceyoga.com"
87.250.255.242 - - [15/Feb/2010:17:20:19 -0800] "GET /robots.txt HTTP/1.1" 404 - "-" "Yandex/1.01.001 (compatible; Win16; I)" "peaceyoga.com"
67.195.37.174 - - [15/Feb/2010:19:55:38 -0800] "GET /?D=A HTTP/1.0" 200 900 "-" "Mozilla/5.0 (compatible; Yahoo! Slurp/3.0; http://help.yahoo.com/help/us/ysearch/slurp)" "www.peaceyoga.com"
77.88.25.28 - - [15/Feb/2010:21:43:06 -0800] "GET /robots.txt HTTP/1.1" 404 - "-" "Yandex/1.01.001 (compatible; Win16; I)" "www.peaceyoga.com"
77.88.25.28 - - [16/Feb/2010:02:13:48 -0800] "GET /logs/access.log HTTP/1.1" 200 57253 "-" "Yandex/1.01.001 (compatible; Win16; I)" "www.peaceyoga.com"
87.250.255.242 - - [16/Feb/2010:02:14:52 -0800] "GET /_private/ HTTP/1.1" 403 - "-" "Yandex/1.01.001 (compatible; Win16; I)" "peaceyoga.com"
70.33.254.71 - - [16/Feb/2010:04:10:54 -0800] "GET / HTTP/1.1" 200 916 "-" "PHP/5.2.8" "www.peaceyoga.com"
75.101.167.57 - - [16/Feb/2010:04:10:54 -0800] "GET / HTTP/1.1" 200 916 "-" "Mozilla/5.0 (compatible; Firefox Addon; Windows XP 5.1)" "www.peaceyoga.com"
195.128.18.19 - - [16/Feb/2010:06:21:12 -0800] "GET /robots.txt HTTP/1.0" 404 - "-" "Mozilla/5.0 (compatible; aiHitBot/1.0-DS; +http://www.aihit.com/)" "www.peaceyoga.com"
195.128.18.19 - - [16/Feb/2010:06:21:12 -0800] "GET / HTTP/1.0" 200 900 "-" "Mozilla/5.0 (compatible; aiHitBot/1.0-DS; +http://www.aihit.com/)" "www.peaceyoga.com"
195.128.18.19 - - [16/Feb/2010:06:21:12 -0800] "GET /?N=D HTTP/1.0" 200 900 "-" "Mozilla/5.0 (compatible; aiHitBot/1.0-DS; +http://www.aihit.com/)" "www.peaceyoga.com"
195.128.18.19 - - [16/Feb/2010:06:21:13 -0800] "GET /?M=A HTTP/1.0" 200 900 "-" "Mozilla/5.0 (compatible; aiHitBot/1.0-DS; +http://www.aihit.com/)" "www.peaceyoga.com"
195.128.18.19 - - [16/Feb/2010:06:21:13 -0800] "GET /?S=A HTTP/1.0" 200 900 "-" "Mozilla/5.0 (compatible; aiHitBot/1.0-DS; +http://www.aihit.com/)" "www.peaceyoga.com"
195.128.18.19 - - [16/Feb/2010:06:21:14 -0800] "GET /?D=A HTTP/1.0" 200 900 "-" "Mozilla/5.0 (compatible; aiHitBot/1.0-DS; +http://www.aihit.com/)" "www.peaceyoga.com"
77.88.25.28 - - [16/Feb/2010:06:40:25 -0800] "GET /logs/access_090201.log HTTP/1.1" 200 0 "-" "Yandex/1.01.001 (compatible; Win16; I)" "www.peaceyoga.com"
77.88.25.28 - - [16/Feb/2010:17:16:43 -0800] "GET /logs/access_091001.log HTTP/1.1" 200 54267 "-" "Yandex/1.01.001 (compatible; Win16; I)" "www.peaceyoga.com"
38.105.83.6 - - [16/Feb/2010:18:32:28 -0800] "GET / HTTP/1.1" 200 916 "-" "Mozilla/4.0 (compatible; MSIE 7.0; Windows NT 5.2)" "www.peaceyoga.com"
38.105.83.6 - - [16/Feb/2010:18:32:35 -0800] "GET /_private/ HTTP/1.1" 403 - "http://www.peaceyoga.com/" "Mozilla/4.0 (compatible; MSIE 7.0; Windows NT 5.2)" "www.peaceyoga.com"
38.105.83.6 - - [16/Feb/2010:18:32:36 -0800] "GET /tmp/ HTTP/1.1" 200 520 "http://www.peaceyoga.com/" "Mozilla/4.0 (compatible; MSIE 7.0; Windows NT 5.2)" "www.peaceyoga.com"
38.105.83.6 - - [16/Feb/2010:18:32:38 -0800] "GET /logs/ HTTP/1.1" 200 3804 "http://www.peaceyoga.com/" "Mozilla/4.0 (compatible; MSIE 7.0; Windows NT 5.2)" "www.peaceyoga.com"
38.105.83.6 - - [16/Feb/2010:18:32:54 -0800] "GET /logs/access_090701.log HTTP/1.1" 200 45555 "http://www.peaceyoga.com/logs/" "Mozilla/4.0 (compatible; MSIE 7.0; Windows NT 5.2)" "www.peaceyoga.com"
38.105.83.6 - - [16/Feb/2010:18:32:55 -0800] "GET /logs/access_091031.log HTTP/1.1" 200 52295 "http://www.peaceyoga.com/logs/" "Mozilla/4.0 (compatible; MSIE 7.0; Windows NT 5.2)" "www.peaceyoga.com"
38.105.83.6 - - [16/Feb/2010:18:32:59 -0800] "GET /logs/access_090731.log HTTP/1.1" 200 64906 "http://www.peaceyoga.com/logs/" "Mozilla/4.0 (compatible; MSIE 7.0; Windows NT 5.2)" "www.peaceyoga.com"
38.105.83.6 - - [16/Feb/2010:18:32:59 -0800] "GET /logs/access.log HTTP/1.1" 200 60212 "http://www.peaceyoga.com/logs/" "Mozilla/4.0 (compatible; MSIE 7.0; Windows NT 5.2)" "www.peaceyoga.com"
38.105.83.6 - - [16/Feb/2010:18:33:02 -0800] "GET /logs/access_090330.log HTTP/1.1" 200 3322 "http://www.peaceyoga.com/logs/" "Mozilla/4.0 (compatible; MSIE 7.0; Windows NT 5.2)" "www.peaceyoga.com"
38.105.83.6 - - [16/Feb/2010:18:33:02 -0800] "GET /logs/access_090501.log HTTP/1.1" 200 66905 "http://www.peaceyoga.com/logs/" "Mozilla/4.0 (compatible; MSIE 7.0; Windows NT 5.2)" "www.peaceyoga.com"
38.105.83.6 - - [16/Feb/2010:18:33:07 -0800] "GET /logs/access_091201.log HTTP/1.1" 200 83387 "http://www.peaceyoga.com/logs/" "Mozilla/4.0 (compatible; MSIE 7.0; Windows NT 5.2)" "www.peaceyoga.com"
38.105.83.6 - - [16/Feb/2010:18:33:08 -0800] "GET /logs/access_090329.log HTTP/1.1" 200 57439 "http://www.peaceyoga.com/logs/" "Mozilla/4.0 (compatible; MSIE 7.0; Windows NT 5.2)" "www.peaceyoga.com"
38.105.83.6 - - [16/Feb/2010:18:33:12 -0800] "GET /logs/access_090531.log HTTP/1.1" 200 63535 "http://www.peaceyoga.com/logs/" "Mozilla/4.0 (compatible; MSIE 7.0; Windows NT 5.2)" "www.peaceyoga.com"
38.105.83.6 - - [16/Feb/2010:18:33:15 -0800] "GET /logs/access_090601.log HTTP/1.1" 200 1166 "http://www.peaceyoga.com/logs/" "Mozilla/4.0 (compatible; MSIE 7.0; Windows NT 5.2)" "www.peaceyoga.com"
38.105.83.6 - - [16/Feb/2010:18:33:16 -0800] "GET /logs/access_081231.log HTTP/1.1" 200 85700 "http://www.peaceyoga.com/logs/" "Mozilla/4.0 (compatible; MSIE 7.0; Windows NT 5.2)" "www.peaceyoga.com"
38.105.83.6 - - [16/Feb/2010:18:33:20 -0800] "GET /logs/access_090801.log HTTP/1.1" 200 5021 "http://www.peaceyoga.com/logs/" "Mozilla/4.0 (compatible; MSIE 7.0; Windows NT 5.2)" "www.peaceyoga.com"
38.105.83.6 - - [16/Feb/2010:18:33:23 -0800] "GET /logs/access_090201.log HTTP/1.1" 200 117565 "http://www.peaceyoga.com/logs/" "Mozilla/4.0 (compatible; MSIE 7.0; Windows NT 5.2)" "www.peaceyoga.com"
38.105.83.6 - - [16/Feb/2010:18:33:25 -0800] "GET /logs/access_100101.log HTTP/1.1" 200 6316 "http://www.peaceyoga.com/logs/" "Mozilla/4.0 (compatible; MSIE 7.0; Windows NT 5.2)" "www.peaceyoga.com"
38.105.83.6 - - [16/Feb/2010:18:33:26 -0800] "GET /logs/access_090401.log HTTP/1.1" 200 929 "http://www.peaceyoga.com/logs/" "Mozilla/4.0 (compatible; MSIE 7.0; Windows NT 5.2)" "www.peaceyoga.com"
38.105.83.6 - - [16/Feb/2010:18:33:28 -0800] "GET /logs/access_090301.log HTTP/1.1" 200 73030 "http://www.peaceyoga.com/logs/" "Mozilla/4.0 (compatible; MSIE 7.0; Windows NT 5.2)" "www.peaceyoga.com"
38.105.83.6 - - [16/Feb/2010:18:33:29 -0800] "GET /logs/access_090331.log HTTP/1.1" 200 1128 "http://www.peaceyoga.com/logs/" "Mozilla/4.0 (compatible; MSIE 7.0; Windows NT 5.2)" "www.peaceyoga.com"
38.105.83.6 - - [16/Feb/2010:18:33:31 -0800] "GET /logs/access_100201.log HTTP/1.1" 200 120355 "http://www.peaceyoga.com/logs/" "Mozilla/4.0 (compatible; MSIE 7.0; Windows NT 5.2)" "www.peaceyoga.com"
38.105.83.6 - - [16/Feb/2010:18:33:33 -0800] "GET /logs/access_091001.log HTTP/1.1" 200 54267 "http://www.peaceyoga.com/logs/" "Mozilla/4.0 (compatible; MSIE 7.0; Windows NT 5.2)" "www.peaceyoga.com"
38.105.83.6 - - [16/Feb/2010:18:33:35 -0800] "GET /logs/access_091101.log HTTP/1.1" 200 3641 "http://www.peaceyoga.com/logs/" "Mozilla/4.0 (compatible; MSIE 7.0; Windows NT 5.2)" "www.peaceyoga.com"
38.105.83.6 - - [16/Feb/2010:18:33:35 -0800] "GET /logs/access_090901.log HTTP/1.1" 200 42289 "http://www.peaceyoga.com/logs/" "Mozilla/4.0 (compatible; MSIE 7.0; Windows NT 5.2)" "www.peaceyoga.com"
38.105.83.6 - - [16/Feb/2010:18:33:37 -0800] "GET /logs/access_091231.log HTTP/1.1" 200 115738 "http://www.peaceyoga.com/logs/" "Mozilla/4.0 (compatible; MSIE 7.0; Windows NT 5.2)" "www.peaceyoga.com"
38.105.83.6 - - [16/Feb/2010:18:33:38 -0800] "GET /logs/access_090101.log HTTP/1.1" 200 3048 "http://www.peaceyoga.com/logs/" "Mozilla/4.0 (compatible; MSIE 7.0; Windows NT 5.2)" "www.peaceyoga.com"
204.15.39.12 - - [16/Feb/2010:19:30:19 -0800] "HEAD /logs/ HTTP/1.1" 200 0 "-" "Botslist Botfinder (+http://www.botslist.ca)" "www.peaceyoga.com"
204.15.39.12 - - [16/Feb/2010:19:30:20 -0800] "GET /logs/ HTTP/1.1" 200 3804 "-" "Botslist Botfinder (+http://www.botslist.ca)" "www.peaceyoga.com"
204.15.39.12 - - [16/Feb/2010:19:30:32 -0800] "HEAD /logs/access.log HTTP/1.1" 206 0 "-" "Botslist Botfinder (+http://www.botslist.ca)" "www.peaceyoga.com"
204.15.39.12 - - [16/Feb/2010:19:30:33 -0800] "GET /logs/access.log HTTP/1.1" 206 64714 "-" "Botslist Botfinder (+http://www.botslist.ca)" "www.peaceyoga.com"
204.15.39.12 - - [16/Feb/2010:19:30:33 -0800] "HEAD /logs/access_081231.log HTTP/1.1" 304 - "-" "Botslist Botfinder (+http://www.botslist.ca)" "www.peaceyoga.com"
204.15.39.12 - - [16/Feb/2010:19:30:33 -0800] "HEAD /logs/access_090101.log HTTP/1.1" 304 - "-" "Botslist Botfinder (+http://www.botslist.ca)" "www.peaceyoga.com"
204.15.39.12 - - [16/Feb/2010:19:30:34 -0800] "HEAD /logs/access_090201.log HTTP/1.1" 304 - "-" "Botslist Botfinder (+http://www.botslist.ca)" "www.peaceyoga.com"
204.15.39.12 - - [16/Feb/2010:19:30:34 -0800] "HEAD /logs/access_090301.log HTTP/1.1" 304 - "-" "Botslist Botfinder (+http://www.botslist.ca)" "www.peaceyoga.com"
204.15.39.12 - - [16/Feb/2010:19:30:34 -0800] "HEAD /logs/access_090329.log HTTP/1.1" 304 - "-" "Botslist Botfinder (+http://www.botslist.ca)" "www.peaceyoga.com"
204.15.39.12 - - [16/Feb/2010:19:30:34 -0800] "HEAD /logs/access_090330.log HTTP/1.1" 304 - "-" "Botslist Botfinder (+http://www.botslist.ca)" "www.peaceyoga.com"
204.15.39.12 - - [16/Feb/2010:19:30:34 -0800] "HEAD /logs/access_090331.log HTTP/1.1" 304 - "-" "Botslist Botfinder (+http://www.botslist.ca)" "www.peaceyoga.com"
204.15.39.12 - - [16/Feb/2010:19:30:35 -0800] "HEAD /logs/access_090401.log HTTP/1.1" 304 - "-" "Botslist Botfinder (+http://www.botslist.ca)" "www.peaceyoga.com"
204.15.39.12 - - [16/Feb/2010:19:30:35 -0800] "HEAD /logs/access_090501.log HTTP/1.1" 304 - "-" "Botslist Botfinder (+http://www.botslist.ca)" "www.peaceyoga.com"
204.15.39.12 - - [16/Feb/2010:19:30:35 -0800] "HEAD /logs/access_090531.log HTTP/1.1" 304 - "-" "Botslist Botfinder (+http://www.botslist.ca)" "www.peaceyoga.com"
204.15.39.12 - - [16/Feb/2010:19:30:35 -0800] "HEAD /logs/access_090601.log HTTP/1.1" 304 - "-" "Botslist Botfinder (+http://www.botslist.ca)" "www.peaceyoga.com"
204.15.39.12 - - [16/Feb/2010:19:30:36 -0800] "HEAD /logs/access_090701.log HTTP/1.1" 304 - "-" "Botslist Botfinder (+http://www.botslist.ca)" "www.peaceyoga.com"
204.15.39.12 - - [16/Feb/2010:19:30:36 -0800] "HEAD /logs/access_090731.log HTTP/1.1" 304 - "-" "Botslist Botfinder (+http://www.botslist.ca)" "www.peaceyoga.com"
204.15.39.12 - - [16/Feb/2010:19:30:36 -0800] "HEAD /logs/access_090801.log HTTP/1.1" 304 - "-" "Botslist Botfinder (+http://www.botslist.ca)" "www.peaceyoga.com"
204.15.39.12 - - [16/Feb/2010:19:30:36 -0800] "HEAD /logs/access_090901.log HTTP/1.1" 304 - "-" "Botslist Botfinder (+http://www.botslist.ca)" "www.peaceyoga.com"
204.15.39.12 - - [16/Feb/2010:19:30:36 -0800] "HEAD /logs/access_091001.log HTTP/1.1" 304 - "-" "Botslist Botfinder (+http://www.botslist.ca)" "www.peaceyoga.com"
204.15.39.12 - - [16/Feb/2010:19:30:37 -0800] "HEAD /logs/access_091031.log HTTP/1.1" 304 - "-" "Botslist Botfinder (+http://www.botslist.ca)" "www.peaceyoga.com"
204.15.39.12 - - [16/Feb/2010:19:30:37 -0800] "HEAD /logs/access_091101.log HTTP/1.1" 304 - "-" "Botslist Botfinder (+http://www.botslist.ca)" "www.peaceyoga.com"
204.15.39.12 - - [16/Feb/2010:19:30:37 -0800] "HEAD /logs/access_091201.log HTTP/1.1" 304 - "-" "Botslist Botfinder (+http://www.botslist.ca)" "www.peaceyoga.com"
204.15.39.12 - - [16/Feb/2010:19:30:37 -0800] "HEAD /logs/access_091231.log HTTP/1.1" 304 - "-" "Botslist Botfinder (+http://www.botslist.ca)" "www.peaceyoga.com"
204.15.39.12 - - [16/Feb/2010:19:30:37 -0800] "HEAD /logs/access_100101.log HTTP/1.1" 304 - "-" "Botslist Botfinder (+http://www.botslist.ca)" "www.peaceyoga.com"
204.15.39.12 - - [16/Feb/2010:19:30:38 -0800] "HEAD /logs/access_100201.log HTTP/1.1" 304 - "-" "Botslist Botfinder (+http://www.botslist.ca)" "www.peaceyoga.com"
87.250.255.242 - - [16/Feb/2010:21:16:28 -0800] "GET /robots.txt HTTP/1.1" 404 - "-" "Yandex/1.01.001 (compatible; Win16; I)" "peaceyoga.com"
216.80.12.239 - - [16/Feb/2010:21:21:21 -0800] "GET / HTTP/1.1" 200 916 "-" "Mozilla/5.0 (Macintosh; U; Intel Mac OS X 10_5_6; en-us) AppleWebKit/525.18.1 (KHTML, like Gecko) Version/3.1.2 Safari/525.20.1" "www.peaceyoga.com"
216.80.12.239 - - [16/Feb/2010:21:21:22 -0800] "GET /favicon.ico HTTP/1.1" 404 - "http://www.peaceyoga.com/" "Mozilla/5.0 (Macintosh; U; Intel Mac OS X 10_5_6; en-us) AppleWebKit/525.18.1 (KHTML, like Gecko) Version/3.1.2 Safari/525.20.1" "www.peaceyoga.com"
87.250.255.242 - - [17/Feb/2010:09:28:18 -0800] "GET / HTTP/1.1" 200 916 "-" "Yandex/1.01.001 (compatible; Win16; I)" "peaceyoga.com"
77.88.25.28 - - [17/Feb/2010:10:25:54 -0800] "GET /robots.txt HTTP/1.1" 404 - "-" "Yandex/1.01.001 (compatible; Win16; I)" "www.peaceyoga.com"
71.111.63.124 - - [17/Feb/2010:21:35:10 -0800] "GET / HTTP/1.1" 200 916 "-" "Mozilla/4.0 (compatible; MSIE 7.0; Windows NT 6.0; SLCC1; .NET CLR 2.0.50727; Media Center PC 5.0; .NET CLR 3.5.30729; .NET CLR 3.0.30618)" "www.peaceyoga.com"
71.111.63.124 - - [17/Feb/2010:21:35:11 -0800] "GET /favicon.ico HTTP/1.1" 404 - "-" "Mozilla/4.0 (compatible; MSIE 7.0; Windows NT 6.0; SLCC1; .NET CLR 2.0.50727; Media Center PC 5.0; .NET CLR 3.5.30729; .NET CLR 3.0.30618)" "www.peaceyoga.com"
67.195.37.174 - - [18/Feb/2010:04:18:01 -0800] "GET /robots.txt HTTP/1.0" 404 - "-" "Mozilla/5.0 (compatible; Yahoo! Slurp; http://help.yahoo.com/help/us/ysearch/slurp)" "www.peaceyoga.com"
67.195.37.174 - - [18/Feb/2010:04:18:01 -0800] "GET /logs/access_080501.log HTTP/1.0" 404 - "-" "Mozilla/5.0 (compatible; Yahoo! Slurp/3.0; http://help.yahoo.com/help/us/ysearch/slurp)" "www.peaceyoga.com"
174.129.228.67 - - [18/Feb/2010:05:40:52 -0800] "GET /robots.txt HTTP/1.0" 404 - "-" "ia_archiver (+http://www.alexa.com/site/help/webmasters; crawler@alexa.com)" "www.peaceyoga.com"
174.129.228.67 - - [18/Feb/2010:05:40:52 -0800] "GET /logs/access_081101.log HTTP/1.0" 404 - "-" "ia_archiver (+http://www.alexa.com/site/help/webmasters; crawler@alexa.com)" "www.peaceyoga.com"
77.88.25.28 - - [18/Feb/2010:07:08:19 -0800] "GET /logs/access_081231.log HTTP/1.1" 200 0 "-" "Yandex/1.01.001 (compatible; Win16; I)" "www.peaceyoga.com"
87.250.255.242 - - [18/Feb/2010:07:36:02 -0800] "GET /robots.txt HTTP/1.1" 404 - "-" "Yandex/1.01.001 (compatible; Win16; I)" "peaceyoga.com"
67.195.37.174 - - [18/Feb/2010:10:06:17 -0800] "GET /robots.txt HTTP/1.0" 404 - "-" "Mozilla/5.0 (compatible; Yahoo! Slurp; http://help.yahoo.com/help/us/ysearch/slurp)" "www.peaceyoga.com"
67.195.37.174 - - [18/Feb/2010:10:06:17 -0800] "GET /logs/access_070701.log HTTP/1.0" 404 - "-" "Mozilla/5.0 (compatible; Yahoo! Slurp/3.0; http://help.yahoo.com/help/us/ysearch/slurp)" "www.peaceyoga.com"
77.88.25.28 - - [18/Feb/2010:11:40:36 -0800] "GET /robots.txt HTTP/1.1" 404 - "-" "Yandex/1.01.001 (compatible; Win16; I)" "www.peaceyoga.com"
67.195.37.174 - - [18/Feb/2010:16:45:50 -0800] "GET /robots.txt HTTP/1.0" 404 - "-" "Mozilla/5.0 (compatible; Yahoo! Slurp; http://help.yahoo.com/help/us/ysearch/slurp)" "www.peaceyoga.com"
67.195.37.174 - - [18/Feb/2010:16:45:50 -0800] "GET /tmp/ HTTP/1.0" 200 504 "-" "Mozilla/5.0 (compatible; Yahoo! Slurp/3.0; http://help.yahoo.com/help/us/ysearch/slurp)" "www.peaceyoga.com"
77.88.25.28 - - [18/Feb/2010:18:09:31 -0800] "GET / HTTP/1.1" 200 916 "-" "Yandex/1.01.001 (compatible; Win16; I)" "www.peaceyoga.com"
68.224.153.111 - - [18/Feb/2010:19:13:48 -0800] "GET /robots.txt HTTP/1.1" 404 - "-" "Mozilla/5.0 (compatible; 008/0.83; http://www.80legs.com/spider.html;) Gecko/2008032620" "peaceyoga.com"
68.224.153.111 - - [18/Feb/2010:19:13:49 -0800] "GET / HTTP/1.1" 200 916 "-" "Mozilla/5.0 (compatible; 008/0.83; http://www.80legs.com/spider.html;) Gecko/2008032620" "peaceyoga.com"
67.195.37.174 - - [18/Feb/2010:20:36:09 -0800] "GET /tmp/?S=A HTTP/1.0" 200 504 "-" "Mozilla/5.0 (compatible; Yahoo! Slurp/3.0; http://help.yahoo.com/help/us/ysearch/slurp)" "www.peaceyoga.com"
77.88.25.28 - - [19/Feb/2010:00:38:17 -0800] "GET /logs/access_090531.log HTTP/1.1" 200 63535 "-" "Yandex/1.01.001 (compatible; Win16; I)" "www.peaceyoga.com"
67.195.110.162 - - [19/Feb/2010:14:46:25 -0800] "GET /robots.txt HTTP/1.0" 404 - "-" "Mozilla/5.0 (compatible; Yahoo! Slurp; http://help.yahoo.com/help/us/ysearch/slurp)" "peaceyoga.com"
67.195.110.162 - - [19/Feb/2010:14:46:25 -0800] "GET / HTTP/1.0" 200 900 "-" "Mozilla/5.0 (compatible; Yahoo! Slurp/3.0; http://help.yahoo.com/help/us/ysearch/slurp)" "peaceyoga.com"
77.88.25.28 - - [19/Feb/2010:17:11:27 -0800] "GET /robots.txt HTTP/1.1" 404 - "-" "Yandex/1.01.001 (compatible; Win16; I)" "www.peaceyoga.com"
65.55.207.28 - - [19/Feb/2010:20:36:08 -0800] "GET /robots.txt HTTP/1.1" 404 - "-" "msnbot/2.0b (+http://search.msn.com/msnbot.htm)" "peaceyoga.com"
65.55.207.28 - - [19/Feb/2010:20:38:24 -0800] "GET / HTTP/1.1" 200 916 "-" "msnbot/2.0b (+http://search.msn.com/msnbot.htm)" "peaceyoga.com"
77.88.25.28 - - [20/Feb/2010:00:09:47 -0800] "GET /logs/access_100101.log HTTP/1.1" 200 6316 "-" "Yandex/1.01.001 (compatible; Win16; I)" "www.peaceyoga.com"
67.195.37.174 - - [20/Feb/2010:06:30:38 -0800] "GET /robots.txt HTTP/1.0" 404 - "-" "Mozilla/5.0 (compatible; Yahoo! Slurp; http://help.yahoo.com/help/us/ysearch/slurp)" "www.peaceyoga.com"
67.195.37.174 - - [20/Feb/2010:06:30:39 -0800] "GET /?S=A HTTP/1.0" 200 900 "-" "Mozilla/5.0 (compatible; Yahoo! Slurp/3.0; http://help.yahoo.com/help/us/ysearch/slurp)" "www.peaceyoga.com"
66.249.65.92 - - [20/Feb/2010:07:05:43 -0800] "GET /robots.txt HTTP/1.1" 404 - "-" "Mozilla/5.0 (compatible; Googlebot/2.1; +http://www.google.com/bot.html)" "peaceyoga.com"
77.88.25.28 - - [20/Feb/2010:08:08:53 -0800] "GET /logs/access_081002.log HTTP/1.1" 404 - "-" "Yandex/1.01.001 (compatible; Win16; I)" "www.peaceyoga.com"
67.195.37.174 - - [20/Feb/2010:08:21:37 -0800] "GET / HTTP/1.0" 200 900 "-" "Mozilla/5.0 (compatible; Yahoo! Slurp/3.0; http://help.yahoo.com/help/us/ysearch/slurp)" "www.peaceyoga.com"
67.218.116.164 - - [20/Feb/2010:12:59:01 -0800] "GET /logs/?D=D HTTP/1.1" 200 3804 "-" "Mozilla/5.0 (Twiceler-0.9 http://www.cuil.com/twiceler/robot.html)" "peaceyoga.com"
96.31.166.228 - - [20/Feb/2010:19:52:58 -0800] "GET / HTTP/1.1" 200 916 "-" "Mozilla/4.0 (compatible; MSIE 7.0; Windows NT 5.1)" "peaceyoga.com"
67.195.37.174 - - [20/Feb/2010:22:36:57 -0800] "GET /tmp/?N=D HTTP/1.0" 200 504 "-" "Mozilla/5.0 (compatible; Yahoo! Slurp/3.0; http://help.yahoo.com/help/us/ysearch/slurp)" "www.peaceyoga.com"
173.9.210.73 - - [21/Feb/2010:01:14:13 -0800] "GET /robots.txt HTTP/1.1" 404 - "-" "Mozilla/5.0 (compatible; 008/0.83; http://www.80legs.com/spider.html;) Gecko/2008032620" "peaceyoga.com"
173.9.210.73 - - [21/Feb/2010:01:14:13 -0800] "GET / HTTP/1.1" 200 916 "-" "Mozilla/5.0 (compatible; 008/0.83; http://www.80legs.com/spider.html;) Gecko/2008032620" "peaceyoga.com"
96.31.166.228 - - [21/Feb/2010:05:45:25 -0800] "GET / HTTP/1.1" 200 916 "-" "Mozilla/4.0 (compatible; MSIE 7.0; Windows NT 5.1)" "peaceyoga.com"
77.88.25.28 - - [21/Feb/2010:10:34:21 -0800] "GET /robots.txt HTTP/1.1" 404 - "-" "Yandex/1.01.001 (compatible; Win16; I)" "www.peaceyoga.com"
204.15.39.12 - - [21/Feb/2010:18:06:33 -0800] "HEAD /logs/ HTTP/1.1" 200 0 "-" "Botslist Botfinder (+http://www.botslist.ca)" "www.peaceyoga.com"
204.15.39.12 - - [21/Feb/2010:18:06:34 -0800] "GET /logs/ HTTP/1.1" 200 3804 "-" "Botslist Botfinder (+http://www.botslist.ca)" "www.peaceyoga.com"
204.15.39.12 - - [21/Feb/2010:18:06:47 -0800] "HEAD /logs/access.log HTTP/1.1" 206 0 "-" "Botslist Botfinder (+http://www.botslist.ca)" "www.peaceyoga.com"
204.15.39.12 - - [21/Feb/2010:18:06:47 -0800] "GET /logs/access.log HTTP/1.1" 206 76173 "-" "Botslist Botfinder (+http://www.botslist.ca)" "www.peaceyoga.com"
204.15.39.12 - - [21/Feb/2010:18:06:47 -0800] "HEAD /logs/access_081231.log HTTP/1.1" 304 - "-" "Botslist Botfinder (+http://www.botslist.ca)" "www.peaceyoga.com"
204.15.39.12 - - [21/Feb/2010:18:06:47 -0800] "HEAD /logs/access_090101.log HTTP/1.1" 304 - "-" "Botslist Botfinder (+http://www.botslist.ca)" "www.peaceyoga.com"
204.15.39.12 - - [21/Feb/2010:18:06:48 -0800] "HEAD /logs/access_090201.log HTTP/1.1" 304 - "-" "Botslist Botfinder (+http://www.botslist.ca)" "www.peaceyoga.com"
204.15.39.12 - - [21/Feb/2010:18:06:48 -0800] "HEAD /logs/access_090301.log HTTP/1.1" 304 - "-" "Botslist Botfinder (+http://www.botslist.ca)" "www.peaceyoga.com"
204.15.39.12 - - [21/Feb/2010:18:06:48 -0800] "HEAD /logs/access_090329.log HTTP/1.1" 304 - "-" "Botslist Botfinder (+http://www.botslist.ca)" "www.peaceyoga.com"
204.15.39.12 - - [21/Feb/2010:18:06:48 -0800] "HEAD /logs/access_090330.log HTTP/1.1" 304 - "-" "Botslist Botfinder (+http://www.botslist.ca)" "www.peaceyoga.com"
204.15.39.12 - - [21/Feb/2010:18:06:49 -0800] "HEAD /logs/access_090331.log HTTP/1.1" 304 - "-" "Botslist Botfinder (+http://www.botslist.ca)" "www.peaceyoga.com"
204.15.39.12 - - [21/Feb/2010:18:06:49 -0800] "HEAD /logs/access_090401.log HTTP/1.1" 304 - "-" "Botslist Botfinder (+http://www.botslist.ca)" "www.peaceyoga.com"
204.15.39.12 - - [21/Feb/2010:18:06:49 -0800] "HEAD /logs/access_090501.log HTTP/1.1" 304 - "-" "Botslist Botfinder (+http://www.botslist.ca)" "www.peaceyoga.com"
204.15.39.12 - - [21/Feb/2010:18:06:49 -0800] "HEAD /logs/access_090531.log HTTP/1.1" 304 - "-" "Botslist Botfinder (+http://www.botslist.ca)" "www.peaceyoga.com"
204.15.39.12 - - [21/Feb/2010:18:06:49 -0800] "HEAD /logs/access_090601.log HTTP/1.1" 304 - "-" "Botslist Botfinder (+http://www.botslist.ca)" "www.peaceyoga.com"
204.15.39.12 - - [21/Feb/2010:18:06:50 -0800] "HEAD /logs/access_090701.log HTTP/1.1" 304 - "-" "Botslist Botfinder (+http://www.botslist.ca)" "www.peaceyoga.com"
204.15.39.12 - - [21/Feb/2010:18:06:50 -0800] "HEAD /logs/access_090731.log HTTP/1.1" 304 - "-" "Botslist Botfinder (+http://www.botslist.ca)" "www.peaceyoga.com"
204.15.39.12 - - [21/Feb/2010:18:06:50 -0800] "HEAD /logs/access_090801.log HTTP/1.1" 304 - "-" "Botslist Botfinder (+http://www.botslist.ca)" "www.peaceyoga.com"
204.15.39.12 - - [21/Feb/2010:18:06:50 -0800] "HEAD /logs/access_090901.log HTTP/1.1" 304 - "-" "Botslist Botfinder (+http://www.botslist.ca)" "www.peaceyoga.com"
204.15.39.12 - - [21/Feb/2010:18:06:50 -0800] "HEAD /logs/access_091001.log HTTP/1.1" 304 - "-" "Botslist Botfinder (+http://www.botslist.ca)" "www.peaceyoga.com"
204.15.39.12 - - [21/Feb/2010:18:06:51 -0800] "HEAD /logs/access_091031.log HTTP/1.1" 304 - "-" "Botslist Botfinder (+http://www.botslist.ca)" "www.peaceyoga.com"
204.15.39.12 - - [21/Feb/2010:18:06:51 -0800] "HEAD /logs/access_091101.log HTTP/1.1" 304 - "-" "Botslist Botfinder (+http://www.botslist.ca)" "www.peaceyoga.com"
204.15.39.12 - - [21/Feb/2010:18:06:51 -0800] "HEAD /logs/access_091201.log HTTP/1.1" 304 - "-" "Botslist Botfinder (+http://www.botslist.ca)" "www.peaceyoga.com"
204.15.39.12 - - [21/Feb/2010:18:06:51 -0800] "HEAD /logs/access_091231.log HTTP/1.1" 304 - "-" "Botslist Botfinder (+http://www.botslist.ca)" "www.peaceyoga.com"
204.15.39.12 - - [21/Feb/2010:18:06:52 -0800] "HEAD /logs/access_100101.log HTTP/1.1" 304 - "-" "Botslist Botfinder (+http://www.botslist.ca)" "www.peaceyoga.com"
204.15.39.12 - - [21/Feb/2010:18:06:52 -0800] "HEAD /logs/access_100201.log HTTP/1.1" 304 - "-" "Botslist Botfinder (+http://www.botslist.ca)" "www.peaceyoga.com"
74.125.74.193 - - [22/Feb/2010:05:48:41 -0800] "GET /logs/access_080702.log HTTP/1.1" 404 - "-" "Mozilla/5.0 (en-us) AppleWebKit/525.13 (KHTML, like Gecko; Google Wireless Transcoder) Version/3.1 Safari/525.13" "www.peaceyoga.com"
67.195.37.174 - - [22/Feb/2010:07:18:16 -0800] "GET /robots.txt HTTP/1.0" 404 - "-" "Mozilla/5.0 (compatible; Yahoo! Slurp; http://help.yahoo.com/help/us/ysearch/slurp)" "www.peaceyoga.com"
67.195.37.174 - - [22/Feb/2010:07:18:16 -0800] "GET /_private/ HTTP/1.0" 403 - "-" "Mozilla/5.0 (compatible; Yahoo! Slurp/3.0; http://help.yahoo.com/help/us/ysearch/slurp)" "www.peaceyoga.com"
77.88.25.28 - - [22/Feb/2010:09:22:49 -0800] "GET /logs/access_100201.log HTTP/1.1" 200 120355 "-" "Yandex/1.01.001 (compatible; Win16; I)" "www.peaceyoga.com"
67.195.37.174 - - [22/Feb/2010:15:07:13 -0800] "GET /robots.txt HTTP/1.0" 404 - "-" "Mozilla/5.0 (compatible; Yahoo! Slurp; http://help.yahoo.com/help/us/ysearch/slurp)" "www.peaceyoga.com"
67.195.37.174 - - [22/Feb/2010:15:07:14 -0800] "GET /?M=A HTTP/1.0" 200 900 "-" "Mozilla/5.0 (compatible; Yahoo! Slurp/3.0; http://help.yahoo.com/help/us/ysearch/slurp)" "www.peaceyoga.com"
66.249.65.72 - - [22/Feb/2010:16:32:43 -0800] "GET /robots.txt HTTP/1.1" 404 - "-" "Mozilla/5.0 (compatible; Googlebot/2.1; +http://www.google.com/bot.html)" "www.peaceyoga.com"
66.249.65.124 - - [22/Feb/2010:16:32:43 -0800] "GET /logs/access_081001.log HTTP/1.0" 404 - "-" "Mozilla/5.0 (compatible; Googlebot/2.1; +http://www.google.com/bot.html)" "www.peaceyoga.com"
68.183.238.38 - - [22/Feb/2010:20:59:13 -0800] "GET / HTTP/1.1" 200 916 "-" "Mozilla/5.0 (Windows; U; Windows NT 6.1; en-US; rv:1.9.1.8) Gecko/20100202 Firefox/3.5.8" "peaceyoga.com"
68.183.238.38 - - [22/Feb/2010:20:59:16 -0800] "GET /favicon.ico HTTP/1.1" 404 - "-" "Mozilla/5.0 (Windows; U; Windows NT 6.1; en-US; rv:1.9.1.8) Gecko/20100202 Firefox/3.5.8" "peaceyoga.com"
67.195.115.233 - - [22/Feb/2010:22:21:59 -0800] "GET /robots.txt HTTP/1.0" 404 - "-" "Mozilla/5.0 (compatible; Yahoo! Slurp; http://help.yahoo.com/help/us/ysearch/slurp)" "www.peaceyoga.com"
67.195.115.233 - - [22/Feb/2010:22:21:59 -0800] "GET /logs/access_070201.log HTTP/1.0" 404 - "-" "Mozilla/5.0 (compatible; Yahoo! Slurp/3.0; http://help.yahoo.com/help/us/ysearch/slurp)" "www.peaceyoga.com"
77.88.25.28 - - [23/Feb/2010:07:20:14 -0800] "GET /robots.txt HTTP/1.1" 404 - "-" "Yandex/1.01.001 (compatible; Win16; I)" "www.peaceyoga.com"
70.33.254.71 - - [23/Feb/2010:08:54:17 -0800] "GET / HTTP/1.1" 200 916 "-" "PHP/5.2.8" "www.peaceyoga.com"
87.250.255.242 - - [23/Feb/2010:11:18:08 -0800] "GET /robots.txt HTTP/1.1" 404 - "-" "Yandex/1.01.001 (compatible; Win16; I)" "peaceyoga.com"
64.191.56.197 - - [23/Feb/2010:15:18:32 -0800] "GET / HTTP/1.1" 200 916 "-" "Mozilla/5.0 (Windows; U; Windows NT 5.1; en-US; rv:1.9.0.5) Gecko/2008120122 Firefox/3.0.5" "peaceyoga.com"
76.168.138.91 - - [23/Feb/2010:15:58:50 -0800] "GET / HTTP/1.1" 200 916 "-" "Mozilla/5.0 (Windows; U; Windows NT 6.0; en-US) AppleWebKit/532.5 (KHTML, like Gecko) Chrome/4.0.249.89 Safari/532.5" "www.peaceyoga.com"
76.168.138.91 - - [23/Feb/2010:15:58:50 -0800] "GET /favicon.ico HTTP/1.1" 404 - "-" "Mozilla/5.0 (Windows; U; Windows NT 6.0; en-US) AppleWebKit/532.5 (KHTML, like Gecko) Chrome/4.0.249.89 Safari/532.5" "www.peaceyoga.com"
58.170.40.11 - - [23/Feb/2010:23:42:21 -0800] "GET / HTTP/1.1" 200 916 "-" "Mozilla/5.0 (Macintosh; U; Intel Mac OS X 10_5_8; en-us) AppleWebKit/531.21.8 (KHTML, like Gecko) Version/4.0.4 Safari/531.21.10" "www.peaceyoga.com"
58.170.40.11 - - [23/Feb/2010:23:42:22 -0800] "GET /favicon.ico HTTP/1.1" 404 - "http://www.peaceyoga.com/" "Mozilla/5.0 (Macintosh; U; Intel Mac OS X 10_5_8; en-us) AppleWebKit/531.21.8 (KHTML, like Gecko) Version/4.0.4 Safari/531.21.10" "www.peaceyoga.com"
67.195.114.22 - - [24/Feb/2010:06:24:21 -0800] "GET /robots.txt HTTP/1.0" 404 - "-" "Mozilla/5.0 (compatible; Yahoo! Slurp; http://help.yahoo.com/help/us/ysearch/slurp)" "www.peaceyoga.com"
67.195.114.22 - - [24/Feb/2010:06:24:21 -0800] "GET /tmp/?N=A HTTP/1.0" 200 504 "-" "Mozilla/5.0 (compatible; Yahoo! Slurp/3.0; http://help.yahoo.com/help/us/ysearch/slurp)" "www.peaceyoga.com"
75.47.238.44 - - [24/Feb/2010:08:30:58 -0800] "GET / HTTP/1.1" 200 916 "-" "Mozilla/4.0 (compatible; MSIE 6.0; Windows NT 5.1; SV1; GTB6.4; .NET CLR 1.1.4322; InfoPath.1; .NET CLR 2.0.50727; .NET CLR 3.0.4506.2152; .NET CLR 3.5.30729)" "www.peaceyoga.com"
75.47.238.44 - - [24/Feb/2010:08:30:59 -0800] "GET /favicon.ico HTTP/1.1" 404 - "-" "Mozilla/4.0 (compatible; MSIE 6.0; Windows NT 5.1; SV1; GTB6.4; .NET CLR 1.1.4322; InfoPath.1; .NET CLR 2.0.50727; .NET CLR 3.0.4506.2152; .NET CLR 3.5.30729)" "www.peaceyoga.com"
67.195.114.22 - - [24/Feb/2010:13:14:57 -0800] "GET /robots.txt HTTP/1.0" 404 - "-" "Mozilla/5.0 (compatible; Yahoo! Slurp; http://help.yahoo.com/help/us/ysearch/slurp)" "www.peaceyoga.com"
67.195.114.22 - - [24/Feb/2010:13:14:57 -0800] "GET /tmp/?M=A HTTP/1.0" 200 504 "-" "Mozilla/5.0 (compatible; Yahoo! Slurp/3.0; http://help.yahoo.com/help/us/ysearch/slurp)" "www.peaceyoga.com"
67.195.114.22 - - [24/Feb/2010:14:12:34 -0800] "GET / HTTP/1.0" 200 900 "-" "Mozilla/5.0 (compatible; Yahoo! Slurp/3.0; http://help.yahoo.com/help/us/ysearch/slurp)" "www.peaceyoga.com"
8.21.4.254 - - [24/Feb/2010:14:55:39 -0800] "GET / HTTP/1.1" 200 916 "-" "Mozilla/4.0 (compatible; MSIE 7.0; Windows NT 5.1; InfoPath.1; .NET CLR 2.0.50727; .NET CLR 1.1.4322; MS-RTC LM 8; .NET CLR 3.0.4506.2152; .NET CLR 3.5.30729)" "www.peaceyoga.com"
165.79.13.192 - - [24/Feb/2010:14:55:39 -0800] "GET / HTTP/1.1" 200 916 "-" "Mozilla/4.0 (compatible; MSIE 7.0; Windows NT 5.1; GTB6; .NET CLR 1.1.4322; .NET CLR 2.0.50727; .NET CLR 3.0.04506.648; MS-RTC LM 8; InfoPath.2; .NET CLR 3.0.4506.2152; .NET CLR 3.5.30729)" "www.peaceyoga.com"
165.79.13.192 - - [24/Feb/2010:14:55:40 -0800] "GET /favicon.ico HTTP/1.1" 404 - "-" "Mozilla/4.0 (compatible; MSIE 7.0; Windows NT 5.1; GTB6; .NET CLR 1.1.4322; .NET CLR 2.0.50727; .NET CLR 3.0.04506.648; MS-RTC LM 8; InfoPath.2; .NET CLR 3.0.4506.2152; .NET CLR 3.5.30729)" "www.peaceyoga.com"
67.195.114.22 - - [24/Feb/2010:19:36:44 -0800] "GET /logs/access_080501.log HTTP/1.0" 404 - "-" "Mozilla/5.0 (compatible; Yahoo! Slurp/3.0; http://help.yahoo.com/help/us/ysearch/slurp)" "www.peaceyoga.com"
204.15.39.12 - - [25/Feb/2010:04:20:30 -0800] "HEAD /logs/ HTTP/1.1" 200 0 "-" "Botslist Botfinder (+http://www.botslist.ca)" "www.peaceyoga.com"
204.15.39.12 - - [25/Feb/2010:04:20:30 -0800] "GET /logs/ HTTP/1.1" 200 3804 "-" "Botslist Botfinder (+http://www.botslist.ca)" "www.peaceyoga.com"
204.15.39.12 - - [25/Feb/2010:04:20:43 -0800] "HEAD /logs/access.log HTTP/1.1" 206 0 "-" "Botslist Botfinder (+http://www.botslist.ca)" "www.peaceyoga.com"
204.15.39.12 - - [25/Feb/2010:04:20:43 -0800] "GET /logs/access.log HTTP/1.1" 206 86683 "-" "Botslist Botfinder (+http://www.botslist.ca)" "www.peaceyoga.com"
204.15.39.12 - - [25/Feb/2010:04:20:44 -0800] "HEAD /logs/access_081231.log HTTP/1.1" 304 - "-" "Botslist Botfinder (+http://www.botslist.ca)" "www.peaceyoga.com"
204.15.39.12 - - [25/Feb/2010:04:20:44 -0800] "HEAD /logs/access_090101.log HTTP/1.1" 304 - "-" "Botslist Botfinder (+http://www.botslist.ca)" "www.peaceyoga.com"
204.15.39.12 - - [25/Feb/2010:04:20:44 -0800] "HEAD /logs/access_090201.log HTTP/1.1" 304 - "-" "Botslist Botfinder (+http://www.botslist.ca)" "www.peaceyoga.com"
204.15.39.12 - - [25/Feb/2010:04:20:45 -0800] "HEAD /logs/access_090301.log HTTP/1.1" 304 - "-" "Botslist Botfinder (+http://www.botslist.ca)" "www.peaceyoga.com"
204.15.39.12 - - [25/Feb/2010:04:20:45 -0800] "HEAD /logs/access_090329.log HTTP/1.1" 304 - "-" "Botslist Botfinder (+http://www.botslist.ca)" "www.peaceyoga.com"
204.15.39.12 - - [25/Feb/2010:04:20:45 -0800] "HEAD /logs/access_090330.log HTTP/1.1" 304 - "-" "Botslist Botfinder (+http://www.botslist.ca)" "www.peaceyoga.com"
204.15.39.12 - - [25/Feb/2010:04:20:45 -0800] "HEAD /logs/access_090331.log HTTP/1.1" 304 - "-" "Botslist Botfinder (+http://www.botslist.ca)" "www.peaceyoga.com"
204.15.39.12 - - [25/Feb/2010:04:20:46 -0800] "HEAD /logs/access_090401.log HTTP/1.1" 304 - "-" "Botslist Botfinder (+http://www.botslist.ca)" "www.peaceyoga.com"
204.15.39.12 - - [25/Feb/2010:04:20:46 -0800] "HEAD /logs/access_090501.log HTTP/1.1" 304 - "-" "Botslist Botfinder (+http://www.botslist.ca)" "www.peaceyoga.com"
204.15.39.12 - - [25/Feb/2010:04:20:46 -0800] "HEAD /logs/access_090531.log HTTP/1.1" 304 - "-" "Botslist Botfinder (+http://www.botslist.ca)" "www.peaceyoga.com"
204.15.39.12 - - [25/Feb/2010:04:20:46 -0800] "HEAD /logs/access_090601.log HTTP/1.1" 304 - "-" "Botslist Botfinder (+http://www.botslist.ca)" "www.peaceyoga.com"
204.15.39.12 - - [25/Feb/2010:04:20:46 -0800] "HEAD /logs/access_090701.log HTTP/1.1" 304 - "-" "Botslist Botfinder (+http://www.botslist.ca)" "www.peaceyoga.com"
204.15.39.12 - - [25/Feb/2010:04:20:47 -0800] "HEAD /logs/access_090731.log HTTP/1.1" 304 - "-" "Botslist Botfinder (+http://www.botslist.ca)" "www.peaceyoga.com"
204.15.39.12 - - [25/Feb/2010:04:20:47 -0800] "HEAD /logs/access_090801.log HTTP/1.1" 304 - "-" "Botslist Botfinder (+http://www.botslist.ca)" "www.peaceyoga.com"
204.15.39.12 - - [25/Feb/2010:04:20:47 -0800] "HEAD /logs/access_090901.log HTTP/1.1" 304 - "-" "Botslist Botfinder (+http://www.botslist.ca)" "www.peaceyoga.com"
204.15.39.12 - - [25/Feb/2010:04:20:47 -0800] "HEAD /logs/access_091001.log HTTP/1.1" 304 - "-" "Botslist Botfinder (+http://www.botslist.ca)" "www.peaceyoga.com"
204.15.39.12 - - [25/Feb/2010:04:20:48 -0800] "HEAD /logs/access_091031.log HTTP/1.1" 304 - "-" "Botslist Botfinder (+http://www.botslist.ca)" "www.peaceyoga.com"
204.15.39.12 - - [25/Feb/2010:04:20:48 -0800] "HEAD /logs/access_091101.log HTTP/1.1" 304 - "-" "Botslist Botfinder (+http://www.botslist.ca)" "www.peaceyoga.com"
204.15.39.12 - - [25/Feb/2010:04:20:48 -0800] "HEAD /logs/access_091201.log HTTP/1.1" 304 - "-" "Botslist Botfinder (+http://www.botslist.ca)" "www.peaceyoga.com"
204.15.39.12 - - [25/Feb/2010:04:20:48 -0800] "HEAD /logs/access_091231.log HTTP/1.1" 304 - "-" "Botslist Botfinder (+http://www.botslist.ca)" "www.peaceyoga.com"
204.15.39.12 - - [25/Feb/2010:04:20:48 -0800] "HEAD /logs/access_100101.log HTTP/1.1" 304 - "-" "Botslist Botfinder (+http://www.botslist.ca)" "www.peaceyoga.com"
204.15.39.12 - - [25/Feb/2010:04:20:49 -0800] "HEAD /logs/access_100201.log HTTP/1.1" 304 - "-" "Botslist Botfinder (+http://www.botslist.ca)" "www.peaceyoga.com"
67.195.114.22 - - [25/Feb/2010:06:51:19 -0800] "GET /robots.txt HTTP/1.0" 404 - "-" "Mozilla/5.0 (compatible; Yahoo! Slurp; http://help.yahoo.com/help/us/ysearch/slurp)" "www.peaceyoga.com"
67.195.114.22 - - [25/Feb/2010:06:51:19 -0800] "GET /logs/ HTTP/1.0" 200 3788 "-" "Mozilla/5.0 (compatible; Yahoo! Slurp/3.0; http://help.yahoo.com/help/us/ysearch/slurp)" "www.peaceyoga.com"
77.88.25.28 - - [25/Feb/2010:07:17:13 -0800] "GET /robots.txt HTTP/1.1" 404 - "-" "Yandex/1.01.001 (compatible; Win16; I)" "www.peaceyoga.com"
67.195.114.22 - - [25/Feb/2010:08:22:34 -0800] "GET /logs/access_090101.log HTTP/1.0" 200 3048 "-" "Mozilla/5.0 (compatible; Yahoo! Slurp/3.0; http://help.yahoo.com/help/us/ysearch/slurp)" "www.peaceyoga.com"
77.88.25.28 - - [25/Feb/2010:08:54:10 -0800] "GET /logs/access_091231.log HTTP/1.1" 200 115738 "-" "Yandex/1.01.001 (compatible; Win16; I)" "www.peaceyoga.com"
72.87.168.171 - - [25/Feb/2010:12:59:09 -0800] "GET /favicon.ico HTTP/1.1" 404 - "-" "Mozilla/5.0 (Macintosh; U; Intel Mac OS X 10.5; en-US; rv:1.9.1.8) Gecko/20100202 Firefox/3.5.8" "peaceyoga.com"
72.87.168.171 - - [25/Feb/2010:12:59:12 -0800] "GET /favicon.ico HTTP/1.1" 404 - "-" "Mozilla/5.0 (Macintosh; U; Intel Mac OS X 10.5; en-US; rv:1.9.1.8) Gecko/20100202 Firefox/3.5.8" "peaceyoga.com"
67.195.114.22 - - [25/Feb/2010:13:17:02 -0800] "GET /robots.txt HTTP/1.0" 404 - "-" "Mozilla/5.0 (compatible; Yahoo! Slurp; http://help.yahoo.com/help/us/ysearch/slurp)" "www.peaceyoga.com"
67.195.114.22 - - [25/Feb/2010:13:17:03 -0800] "GET /logs/access_070301.log HTTP/1.0" 404 - "-" "Mozilla/5.0 (compatible; Yahoo! Slurp/3.0; http://help.yahoo.com/help/us/ysearch/slurp)" "www.peaceyoga.com"
99.186.195.231 - - [25/Feb/2010:15:11:20 -0800] "GET / HTTP/1.1" 200 916 "-" "Mozilla/4.0 (compatible; MSIE 8.0; Windows NT 6.0; Trident/4.0; FunWebProducts; SLCC1; .NET CLR 2.0.50727; Media Center PC 5.0; .NET CLR 3.5.30729; .NET CLR 3.0.30618)" "peaceyoga.com"
99.186.195.231 - - [25/Feb/2010:15:11:20 -0800] "GET /favicon.ico HTTP/1.1" 404 - "-" "Mozilla/4.0 (compatible; MSIE 8.0; Windows NT 6.0; Trident/4.0; FunWebProducts; SLCC1; .NET CLR 2.0.50727; Media Center PC 5.0; .NET CLR 3.5.30729; .NET CLR 3.0.30618)" "peaceyoga.com"
208.115.111.245 - - [25/Feb/2010:22:45:56 -0800] "GET /robots.txt HTTP/1.1" 404 - "-" "Mozilla/5.0 (compatible; DotBot/1.1; http://www.dotnetdotcom.org/, crawler@dotnetdotcom.org)" "peaceyoga.com"
67.195.114.22 - - [26/Feb/2010:01:04:00 -0800] "GET /robots.txt HTTP/1.0" 404 - "-" "Mozilla/5.0 (compatible; Yahoo! Slurp; http://help.yahoo.com/help/us/ysearch/slurp)" "www.peaceyoga.com"
67.195.114.22 - - [26/Feb/2010:01:04:00 -0800] "GET /logs/access_090501.log HTTP/1.0" 200 66905 "-" "Mozilla/5.0 (compatible; Yahoo! Slurp/3.0; http://help.yahoo.com/help/us/ysearch/slurp)" "www.peaceyoga.com"
208.115.111.245 - - [26/Feb/2010:02:53:42 -0800] "GET /robots.txt HTTP/1.1" 404 - "-" "Mozilla/5.0 (compatible; DotBot/1.1; http://www.dotnetdotcom.org/, crawler@dotnetdotcom.org)" "peaceyoga.com"
208.115.111.245 - - [26/Feb/2010:04:04:25 -0800] "GET /logs/?M=A HTTP/1.1" 200 3804 "-" "Mozilla/5.0 (compatible; DotBot/1.1; http://www.dotnetdotcom.org/, crawler@dotnetdotcom.org)" "peaceyoga.com"
208.115.111.245 - - [26/Feb/2010:04:04:25 -0800] "GET /logs/?N=D HTTP/1.1" 200 3804 "-" "Mozilla/5.0 (compatible; DotBot/1.1; http://www.dotnetdotcom.org/, crawler@dotnetdotcom.org)" "peaceyoga.com"
67.195.114.22 - - [26/Feb/2010:06:54:09 -0800] "GET /logs/access_071231.log HTTP/1.0" 404 - "-" "Mozilla/5.0 (compatible; Yahoo! Slurp/3.0; http://help.yahoo.com/help/us/ysearch/slurp)" "www.peaceyoga.com"
208.115.111.245 - - [26/Feb/2010:06:56:24 -0800] "GET /robots.txt HTTP/1.1" 404 - "-" "Mozilla/5.0 (compatible; DotBot/1.1; http://www.dotnetdotcom.org/, crawler@dotnetdotcom.org)" "peaceyoga.com"
208.115.111.245 - - [26/Feb/2010:07:50:32 -0800] "GET /?M=D HTTP/1.1" 200 916 "-" "Mozilla/5.0 (compatible; DotBot/1.1; http://www.dotnetdotcom.org/, crawler@dotnetdotcom.org)" "peaceyoga.com"
208.115.111.245 - - [26/Feb/2010:07:50:33 -0800] "GET /?N=A HTTP/1.1" 200 916 "-" "Mozilla/5.0 (compatible; DotBot/1.1; http://www.dotnetdotcom.org/, crawler@dotnetdotcom.org)" "peaceyoga.com"
208.115.111.245 - - [26/Feb/2010:07:50:33 -0800] "GET /?N=D HTTP/1.1" 200 916 "-" "Mozilla/5.0 (compatible; DotBot/1.1; http://www.dotnetdotcom.org/, crawler@dotnetdotcom.org)" "peaceyoga.com"
208.115.111.245 - - [26/Feb/2010:07:50:34 -0800] "GET /?S=D HTTP/1.1" 200 916 "-" "Mozilla/5.0 (compatible; DotBot/1.1; http://www.dotnetdotcom.org/, crawler@dotnetdotcom.org)" "peaceyoga.com"
208.115.111.245 - - [26/Feb/2010:07:50:34 -0800] "GET /logs/?S=A HTTP/1.1" 200 3804 "-" "Mozilla/5.0 (compatible; DotBot/1.1; http://www.dotnetdotcom.org/, crawler@dotnetdotcom.org)" "peaceyoga.com"
208.115.111.245 - - [26/Feb/2010:07:50:35 -0800] "GET /tmp/?D=A HTTP/1.0" 200 504 "-" "Mozilla/5.0 (compatible; DotBot/1.1; http://www.dotnetdotcom.org/, crawler@dotnetdotcom.org)" "peaceyoga.com"
208.115.111.245 - - [26/Feb/2010:07:50:35 -0800] "GET /tmp/?M=A HTTP/1.1" 200 520 "-" "Mozilla/5.0 (compatible; DotBot/1.1; http://www.dotnetdotcom.org/, crawler@dotnetdotcom.org)" "peaceyoga.com"
208.115.111.245 - - [26/Feb/2010:07:50:36 -0800] "GET /tmp/?N=D HTTP/1.1" 200 520 "-" "Mozilla/5.0 (compatible; DotBot/1.1; http://www.dotnetdotcom.org/, crawler@dotnetdotcom.org)" "peaceyoga.com"
208.115.111.245 - - [26/Feb/2010:07:50:37 -0800] "GET /tmp/?S=A HTTP/1.1" 200 520 "-" "Mozilla/5.0 (compatible; DotBot/1.1; http://www.dotnetdotcom.org/, crawler@dotnetdotcom.org)" "peaceyoga.com"
87.250.255.242 - - [26/Feb/2010:10:25:56 -0800] "GET /robots.txt HTTP/1.1" 404 - "-" "Yandex/1.01.001 (compatible; Win16; I)" "peaceyoga.com"
75.61.191.54 - - [26/Feb/2010:10:45:34 -0800] "GET / HTTP/1.1" 200 916 "-" "Mozilla/5.0 (Windows; U; Windows NT 5.1; en-US; rv:1.9.1.8) Gecko/20100202 Firefox/3.5.8" "peaceyoga.com"
75.61.191.54 - - [26/Feb/2010:10:45:35 -0800] "GET /favicon.ico HTTP/1.1" 404 - "-" "Mozilla/5.0 (Windows; U; Windows NT 5.1; en-US; rv:1.9.1.8) Gecko/20100202 Firefox/3.5.8" "peaceyoga.com"
75.61.191.54 - - [26/Feb/2010:10:45:38 -0800] "GET /favicon.ico HTTP/1.1" 404 - "-" "Mozilla/5.0 (Windows; U; Windows NT 5.1; en-US; rv:1.9.1.8) Gecko/20100202 Firefox/3.5.8" "peaceyoga.com"
68.126.150.2 - - [26/Feb/2010:11:23:02 -0800] "GET / HTTP/1.1" 200 916 "-" "Mozilla/4.0 (compatible; MSIE 7.0; Windows NT 5.1; YPC 3.0.1; .NET CLR 1.1.4322; .NET CLR 2.0.50727; .NET CLR 3.0.4506.2152; .NET CLR 3.5.30729; yplus 4.1.00b)" "peaceyoga.com"
208.115.111.245 - - [26/Feb/2010:12:05:57 -0800] "GET / HTTP/1.1" 200 916 "-" "Mozilla/5.0 (compatible; DotBot/1.1; http://www.dotnetdotcom.org/, crawler@dotnetdotcom.org)" "peaceyoga.com"
208.115.111.245 - - [26/Feb/2010:12:05:57 -0800] "GET /?D=A HTTP/1.1" 200 916 "-" "Mozilla/5.0 (compatible; DotBot/1.1; http://www.dotnetdotcom.org/, crawler@dotnetdotcom.org)" "peaceyoga.com"
208.115.111.245 - - [26/Feb/2010:12:05:58 -0800] "GET /?M=A HTTP/1.1" 200 916 "-" "Mozilla/5.0 (compatible; DotBot/1.1; http://www.dotnetdotcom.org/, crawler@dotnetdotcom.org)" "peaceyoga.com"
208.115.111.245 - - [26/Feb/2010:12:05:58 -0800] "GET /?S=A HTTP/1.1" 200 916 "-" "Mozilla/5.0 (compatible; DotBot/1.1; http://www.dotnetdotcom.org/, crawler@dotnetdotcom.org)" "peaceyoga.com"
208.115.111.245 - - [26/Feb/2010:12:05:59 -0800] "GET /_private/ HTTP/1.1" 403 - "-" "Mozilla/5.0 (compatible; DotBot/1.1; http://www.dotnetdotcom.org/, crawler@dotnetdotcom.org)" "peaceyoga.com"
208.115.111.245 - - [26/Feb/2010:12:05:59 -0800] "GET /logs/ HTTP/1.1" 200 3804 "-" "Mozilla/5.0 (compatible; DotBot/1.1; http://www.dotnetdotcom.org/, crawler@dotnetdotcom.org)" "peaceyoga.com"
208.115.111.245 - - [26/Feb/2010:12:05:59 -0800] "GET /tmp/ HTTP/1.1" 200 520 "-" "Mozilla/5.0 (compatible; DotBot/1.1; http://www.dotnetdotcom.org/, crawler@dotnetdotcom.org)" "peaceyoga.com"
67.195.115.42 - - [26/Feb/2010:15:34:19 -0800] "GET /robots.txt HTTP/1.0" 404 - "-" "Mozilla/5.0 (compatible; Yahoo! Slurp; http://help.yahoo.com/help/us/ysearch/slurp)" "peaceyoga.com"
67.195.115.42 - - [26/Feb/2010:16:47:17 -0800] "GET / HTTP/1.0" 200 900 "-" "Mozilla/5.0 (compatible; Yahoo! Slurp/3.0; http://help.yahoo.com/help/us/ysearch/slurp)" "peaceyoga.com"
24.127.214.105 - - [26/Feb/2010:18:04:32 -0800] "GET / HTTP/1.1" 200 916 "-" "Mozilla/4.0 (compatible; MSIE 7.0; Windows NT 6.0; SLCC1; .NET CLR 2.0.50727; Media Center PC 5.0; .NET CLR 3.0.04506)" "www.peaceyoga.com"
24.127.214.105 - - [26/Feb/2010:18:04:36 -0800] "GET /favicon.ico HTTP/1.1" 404 - "-" "Mozilla/4.0 (compatible; MSIE 7.0; Windows NT 6.0; SLCC1; .NET CLR 2.0.50727; Media Center PC 5.0; .NET CLR 3.0.04506)" "www.peaceyoga.com"
96.247.52.134 - - [26/Feb/2010:18:10:54 -0800] "GET / HTTP/1.1" 200 916 "-" "Mozilla/4.0 (compatible; MSIE 8.0; Windows NT 6.0; Trident/4.0; SLCC1; .NET CLR 2.0.50727; Media Center PC 5.0; .NET CLR 1.1.4322; .NET CLR 3.5.30729; .NET CLR 3.0.30618)" "www.peaceyoga.com"
96.247.52.134 - - [26/Feb/2010:18:10:55 -0800] "GET /favicon.ico HTTP/1.1" 404 - "-" "Mozilla/4.0 (compatible; MSIE 8.0; Windows NT 6.0; Trident/4.0; SLCC1; .NET CLR 2.0.50727; Media Center PC 5.0; .NET CLR 1.1.4322; .NET CLR 3.5.30729; .NET CLR 3.0.30618)" "www.peaceyoga.com"
